Raporty klimatyczne NOAA
Wybierz Rok lub Miesiąc raportu
Report for 2023 Aug
Monthly Climatological Summary for sie 2023 Name: NIESIOŁOWICE-na Kaszubach City: NIESIOŁOWICE State: Pomorskie (PL) Elevation: 186 m Lat: N 54° 12' 24" Lon: E 017° 51' 01" Temperature (°C), Rain (mm), Wind Speed (km/h) Heat Cool Avg Mean Deg Deg Wind Dom Day Temp High Time Low Time Days Days Rain Speed High Time Dir ---------------------------------------------------------------------------------- 1 17,4 19,6 18:16 15,7 23:34 1,1 0,2 4,8 7,1 25,6 13:04 SSW 2 18,1 23,0 17:39 14,6 05:31 1,3 1,1 0,0 10,9 35,6 10:20 SW 3 19,2 23,8 13:01 16,8 14:49 0,3 1,2 10,8 13,0 45,4 13:54 SW 4 18,0 22,6 14:10 14,6 23:53 0,9 0,7 3,9 10,1 33,1 08:52 SW 5 17,3 22,8 14:56 12,4 04:14 2,1 1,1 6,0 2,7 15,8 17:40 ENE 6 17,7 24,7 17:12 14,6 04:38 1,5 1,0 9,6 10,2 35,6 05:27 NE 7 14,6 16,8 14:41 12,7 23:43 3,7 0,0 2,1 19,8 58,7 14:30 WSW 8 14,0 18,2 15:14 10,2 23:59 4,3 0,0 10,5 20,3 61,2 05:18 WSW 9 14,4 19,4 14:45 10,0 02:07 4,0 0,1 0,3 12,3 37,8 14:52 SW 10 14,5 17,9 14:59 11,5 01:43 3,8 0,0 0,0 7,8 34,2 13:18 WSW 11 16,6 22,1 17:04 11,2 05:39 2,5 0,8 0,0 4,3 30,6 15:31 W 12 19,3 26,6 15:33 11,4 04:23 2,0 3,1 0,0 4,2 33,1 11:39 S 13 20,0 24,1 19:12 15,2 23:53 0,4 2,0 1,8 6,3 31,7 15:14 WNW 14 21,5 30,0 19:15 14,2 05:11 1,1 4,3 0,0 4,0 27,0 14:03 SE 15 25,3 33,2 17:37 17,7 03:34 0,1 7,1 0,0 4,7 31,7 12:49 SSW 16 22,3 28,4 13:23 18,3 23:19 0,0 4,0 0,0 8,5 29,5 15:15 NNE 17 19,2 24,0 18:17 15,9 03:59 0,6 1,5 0,0 7,5 27,0 14:23 ENE 18 23,0 28,9 16:22 17,8 00:00 0,0 4,7 0,0 5,3 30,6 15:41 ESE 19 23,9 30,1 14:32 19,7 06:03 0,0 5,6 0,0 3,2 18,4 13:43 E 20 23,5 28,6 13:35 19,2 05:56 0,0 5,2 0,0 5,3 24,5 16:59 NNW 21 19,6 23,4 15:49 15,6 23:53 0,5 1,8 0,0 9,5 35,6 14:16 WNW 22 18,2 24,4 18:19 13,9 03:24 1,6 1,5 0,0 4,4 18,4 13:21 W 23 18,7 24,7 17:26 11,9 05:49 1,8 2,2 0,0 4,0 25,6 16:31 NNW 24 19,6 24,1 17:28 16,0 06:06 0,6 1,8 0,0 6,7 31,7 11:01 WNW 25 21,4 29,5 17:35 16,1 00:50 0,6 3,7 1,2 3,4 24,5 13:09 SSE 26 20,9 26,1 18:24 16,9 06:19 0,1 2,7 9,9 4,5 25,6 11:10 SW 27 18,7 22,9 15:03 16,1 05:49 0,7 1,2 6,9 4,5 17,3 18:33 ENE 28 17,2 21,1 15:58 14,3 06:25 1,7 0,5 2,4 6,9 27,0 14:09 W 29 15,3 16,6 22:26 14,1 07:00 3,0 0,0 9,9 6,5 27,0 15:23 NE 30 15,8 17,1 11:41 14,2 23:23 2,5 0,0 2,4 6,8 22,0 12:11 NNW 31 14,8 20,1 13:05 11,0 23:53 3,6 0,1 4,5 5,9 36,7 13:27 WSW ---------------------------------------------------------------------------------- 18,7 33,2 15 10,0 9 46,4 59,2 87,0 7,4 61,2 8 WSW Max >= 20,0: 24 Max <= 0,0: 0 Min <= 0,0: 0 Min <= -10,0: 0 Max Rain: 10,8 on day 3 Days of Rain: 16 (>= 0,2 mm) 13 (>= 2,0 mm) 0 (>= 20,0 mm) Heat Base: 18,3 Cool Base: 18,3 Method: Integration