Raporty klimatyczne NOAA

Wybierz Rok lub Miesiąc raportu
V/Λ2022 > Jan Feb Mar Apr May Jun Jul Aug Sep Oct Nov Dec
V/Λ2021 > Jan Feb Mar Apr May Jun Jul Aug Sep Oct Nov Dec
V/Λ2020 > Jan Feb Mar Apr May Jun Jul Aug Sep Oct Nov Dec
V/Λ2019 > Jan Feb Mar Apr May Jun Jul Aug Sep Oct Nov Dec
V/Λ2018 > Jan Feb Mar Apr May Jun Jul Aug Sep Oct Nov Dec
V/Λ2017 > Jan Feb Mar Apr May Jun Jul Aug Sep Oct Nov Dec
V/Λ2016 > Jan Feb Mar Apr May Jun Jul Aug Sep Oct Nov Dec
V/Λ2015 > Jan Feb Mar Apr May Jun Jul Aug Sep Oct Nov Dec
V/Λ2014 > Jan Feb Mar Apr May Jun Jul Aug Sep Oct Nov Dec
V/Λ2013 > Jan Feb Mar Apr May Jun Jul Aug Sep Oct Nov Dec
V/Λ2012 > Jan Feb Mar Apr May Jun Jul Aug Sep Oct Nov Dec

Report for 2022 Jan
                   Monthly Climatological Summary for sty 2022

Name: NIESIOŁOWICE-na Kaszubach   City: NIESIOŁOWICE   State: Pomorskie (PL)
Elevation: 186 m  Lat: N 54° 12' 24"   Lon: E 017° 51' 01"

                  Temperature (°C), Rain (mm), Wind Speed (km/h)

                                      Heat  Cool        Avg
    Mean                              Deg   Deg         Wind                 Dom
Day Temp  High   Time   Low    Time   Days  Days  Rain  Speed High   Time    Dir
----------------------------------------------------------------------------------
 1   5,5   7,2   00:26   3,5   22:22  12,8   0,0   0,6   8,9  33,1   11:34   WNW
 2   7,5  10,2   19:24   3,5   00:00  10,8   0,0  12,9  13,5  55,1   23:49    SW
 3   6,5   7,5   00:00   5,4   22:35  11,8   0,0   6,0  15,9  54,0   01:01     W
 4   5,2   6,0   12:37   3,0   23:53  13,1   0,0   1,5  11,8  39,2   22:34    SW
 5   1,8   3,0   00:00   0,5   08:13  16,5   0,0   0,0  14,7  40,3   12:44    SW
 6  -1,0   2,0   00:00  -3,5   23:55  19,3   0,0   0,9  11,6  33,1   06:09    NW
 7  -1,6   1,3   14:17  -5,7   03:48  19,9   0,0   0,0   7,8  25,6   15:19   SSW
 8   0,3   1,2   13:11  -0,2   00:00  18,0   0,0   0,0   8,2  36,7   14:46    SW
 9  -1,8   0,1   00:00  -4,0   23:42  20,1   0,0   0,0   5,9  29,5   09:10   SSE
10  -4,4  -0,2   13:29  -8,5   23:52  22,7   0,0   0,0   2,0  15,8   13:38   ESE
11  -5,9  -0,2   13:57  -9,0   05:18  24,2   0,0   0,0   0,0   5,0   14:44   WNW
12  -2,6   1,5   23:54  -8,5   00:00  20,9   0,0   0,3   8,4  35,6   18:52   WSW
13   4,5   6,0   20:15   1,5   00:00  13,8   0,0   3,9  23,6  66,2   20:48   WNW
14   5,1   6,9   11:47   2,3   23:59  13,2   0,0   3,6  26,6  74,5   02:51    NW
15   0,8   2,8   13:31  -1,2   23:30  17,5   0,0   0,0   9,3  28,1   11:08   WNW
16   0,2   3,9   23:52  -1,3   00:16  18,1   0,0   1,8  14,1  54,0   23:34   WSW
17   2,0   4,5   05:04  -0,9   23:57  16,3   0,0   3,9  22,3  89,3   03:43    NW
18   0,3   2,8   14:29  -2,0   08:13  18,0   0,0   0,3   8,0  30,6   23:58     W
19   2,2   3,1   02:40   1,3   17:16  16,1   0,0   0,0  15,0  52,6   21:28   WSW
20  -0,3   2,3   02:00  -2,3   13:16  18,6   0,0   0,9  22,3  63,7   04:04   WNW
21  -0,3   0,3   13:30  -1,4   23:56  18,6   0,0   0,0  16,1  40,3   10:43    NW
22  -0,5   1,0   12:55  -1,6   20:55  18,8   0,0   0,0  11,9  40,3   06:24   NNW
23   0,7   2,6   14:37  -1,4   00:09  17,6   0,0   0,0   1,6  18,4   23:27   WSW
24   2,4   3,9   15:56   1,0   01:31  15,9   0,0   1,2   9,0  37,8   21:17   WSW
25   3,3   4,3   12:26   2,6   20:27  15,0   0,0   3,6  10,4  33,1   00:03   WNW
----------------------------------------------------------------------------------
     1,2  10,2     2    -9,0    11   427,6   0,0  41,4  11,9  89,3    17       W

Max >=  20,0:  0
Max <=   0,0:  2
Min <=   0,0: 15
Min <= -10,0:  0
Max Rain: 12,9 on day 2
Days of Rain: 14 (>= 0,2 mm)  6 (>= 2,0 mm)  0 (>= 20,0 mm)
Heat Base: 18,3  Cool Base: 18,3  Method: Integration