Raporty klimatyczne NOAA

Wybierz Rok lub Miesiąc raportu
V/Λ2020 > Jan Feb Mar Apr May Jun Jul Aug Sep Oct Nov Dec
V/Λ2019 > Jan Feb Mar Apr May Jun Jul Aug Sep Oct Nov Dec
V/Λ2018 > Jan Feb Mar Apr May Jun Jul Aug Sep Oct Nov Dec
V/Λ2017 > Jan Feb Mar Apr May Jun Jul Aug Sep Oct Nov Dec
V/Λ2016 > Jan Feb Mar Apr May Jun Jul Aug Sep Oct Nov Dec
V/Λ2015 > Jan Feb Mar Apr May Jun Jul Aug Sep Oct Nov Dec
V/Λ2014 > Jan Feb Mar Apr May Jun Jul Aug Sep Oct Nov Dec
V/Λ2013 > Jan Feb Mar Apr May Jun Jul Aug Sep Oct Nov Dec
V/Λ2012 > Jan Feb Mar Apr May Jun Jul Aug Sep Oct Nov Dec

Report for 2020 Jan
                   Monthly Climatological Summary for sty 2020

Name: NIESIOŁOWICE-na Kaszubach   City: NIESIOŁOWICE   State: Pomorskie (PL)
Elevation: 186 m  Lat: N 54° 12' 24"   Lon: E 017° 51' 01"

                  Temperature (°C), Rain (mm), Wind Speed (km/h)

                                      Heat  Cool        Avg
    Mean                              Deg   Deg         Wind                 Dom
Day Temp  High   Time   Low    Time   Days  Days  Rain  Speed High   Time    Dir
----------------------------------------------------------------------------------
 1   2,5   4,2   12:24   0,6   01:06  15,8   0,0   0,0  15,9  57,6   16:53   WNW
 2   1,2   5,3   14:13  -1,3   08:40  17,1   0,0   0,0  10,4  35,6   00:22   WSW
 3   1,9   4,5   22:24  -1,5   03:52  16,4   0,0   1,8  14,0  40,3   12:28    SW
 4   2,5   4,3   05:13   0,8   15:55  15,8   0,0   3,0  17,0  54,0   04:37     W
 5   0,6   2,3   13:36  -1,2   17:28  17,7   0,0   0,0   8,3  30,6   01:46   WNW
 6   2,0   3,0   23:15   0,4   00:00  16,3   0,0   2,7   9,8  23,4   01:16    SW
 7   2,5   3,1   01:54   2,0   15:50  15,8   0,0   0,0   6,1  20,9   23:33   SSW
 8   4,6   7,4   22:42   2,5   00:00  13,7   0,0   0,6  14,6  41,8   12:04    SW
 9   5,8   7,6   23:27   2,4   08:18  12,5   0,0   0,0   8,8  28,1   18:52    SW
10   8,2   9,6   14:34   5,9   23:59  10,2   0,0   4,8  11,1  41,8   16:51   WSW
11   4,1   5,9   00:00   2,9   23:45  14,2   0,0   0,3  11,6  36,7   22:36     W
12   2,7   3,7   16:16   1,8   08:06  15,6   0,0   0,9  17,1  47,9   05:28    SW
13   4,7   6,4   12:35   3,3   23:08  13,6   0,0   1,8  10,5  47,9   04:48   WSW
14   4,4   6,1   19:25   2,1   08:16  13,9   0,0   0,3  11,4  39,2   13:04   SSW
15   6,8  10,1   13:54   4,6   04:56  11,5   0,0   0,0  13,1  35,6   08:06   SSW
16   4,4   6,8   04:53  -0,3   23:53  13,9   0,0   0,0  10,1  42,8   09:56   WSW
17   0,8   2,8   14:02  -1,3   02:46  17,5   0,0   0,0   5,8  35,6   19:33   SSE
18   3,3   6,0   12:09   1,6   00:00  15,0   0,0   0,0   9,5  33,1   12:07    SW
19   2,9   5,0   13:35   0,1   04:39  15,4   0,0   0,0   6,4  24,5   11:36     W
20   3,0   4,6   13:09   1,8   18:09  15,3   0,0   0,0  13,2  33,1   13:07   WSW
21   3,6   5,0   23:49   2,6   00:00  14,7   0,0   0,6  22,3  52,6   10:17     W
22   4,0   5,9   12:14  -0,1   23:54  14,3   0,0   0,6  15,8  56,2   02:20    NW
23   1,0   2,9   22:52  -0,8   03:08  17,3   0,0   0,0  11,7  40,3   17:28   WSW
24   2,8   3,6   22:09   2,1   07:13  15,5   0,0   0,3  15,8  36,7   04:26   WSW
25   3,4   3,7   00:29   2,8   23:47  14,9   0,0   1,5  13,3  34,2   00:09     W
26   1,5   2,8   00:00   0,3   23:01  16,8   0,0   0,0   8,3  23,4   12:56    SW
27   1,3   3,1   22:51  -0,3   07:22  17,0   0,0   0,3   5,8  20,9   17:16   SSW
----------------------------------------------------------------------------------
     3,2  10,1    15    -1,5     3   407,7   0,0  19,5  11,8  57,6     1     WSW

Max >=  20,0:  0
Max <=   0,0:  0
Min <=   0,0:  8
Min <= -10,0:  0
Max Rain: 4,8 on day 10
Days of Rain: 14 (>= 0,2 mm)  3 (>= 2,0 mm)  0 (>= 20,0 mm)
Heat Base: 18,3  Cool Base: 18,3  Method: Integration