Raporty klimatyczne NOAA

Wybierz Rok lub Miesiąc raportu

Report for 2024 Apr
                   Monthly Climatological Summary for kwi 2024

Name: NIESIOŁOWICE-na Kaszubach   City: NIESIOŁOWICE   State: Pomorskie (PL)
Elevation: 186 m  Lat: N 54° 12' 24"   Lon: E 017° 51' 01"

                  Temperature (°C), Rain (mm), Wind Speed (km/h)

                                      Heat  Cool        Avg
    Mean                              Deg   Deg         Wind                 Dom
Day Temp  High   Time   Low    Time   Days  Days  Rain  Speed High   Time    Dir
----------------------------------------------------------------------------------
 1  13,9  21,5   14:16   6,9   06:26   4,9   0,4   1,5   3,8  27,0   17:16   SSE
 2   9,9  13,1   00:00   4,7   23:12   8,4   0,0   1,5  18,0  64,8   19:03     W
 3   2,6   4,8   00:00   1,4   23:12  15,7   0,0   1,2  12,0  40,3   00:37    NW
 4   4,4   9,3   23:58   1,1   06:23  13,9   0,0   4,8   7,3  25,6   07:58   SSE
 5  11,7  16,3   17:43   8,9   06:35   6,6   0,0   5,1  10,1  37,8   05:15   WSW
 6  13,6  17,7   17:36  10,0   23:55   4,7   0,0   0,0  11,2  43,9   06:58     W
 7  15,0  22,9   13:49   9,0   04:05   4,1   0,8   0,0   3,5  40,3   11:34   SSW
 8  15,1  22,8   18:23   9,3   02:35   3,8   0,6   0,0   0,8  22,0   07:48    SE
 9  18,4  26,5   15:18  10,8   05:35   2,5   2,6   0,0   3,7  46,4   22:37     S
10  11,0  13,6   13:09   6,6   23:53   7,3   0,0   0,0  15,7  50,0   19:24   WNW
11  10,7  16,9   14:38   3,1   05:25   7,6   0,0   0,0   9,2  54,0   10:20    SW
12  13,8  17,5   17:01  11,5   02:33   4,5   0,0   0,9   7,2  36,7   19:48     W
13  13,1  17,5   18:08  10,0   07:02   5,2   0,0   0,0   9,6  40,3   01:35     W
14  11,4  14,8   06:05   7,6   23:45   6,9   0,0   0,0  10,3  67,3   17:29   WNW
15   8,5  14,9   18:32   5,9   05:41   9,8   0,0   0,0   0,0  19,4   02:11     W
16   5,1   6,4   03:13   1,8   08:41  13,2   0,0  12,6   0,3  36,7   13:24     W
17   4,5   6,9   14:04   1,5   23:04  13,8   0,0   0,3   3,2  27,0   10:34     N
18   4,6   9,2   19:10   1,2   23:19  13,7   0,0   0,0   0,2  24,5   11:53     N
19   5,1  10,3   13:25   1,3   00:00  13,2   0,0   2,1   0,1  22,0   11:33    SW
20   2,7   5,6   17:50  -0,5   23:56  15,6   0,0   1,2   8,0  37,8   05:28    NE
----------------------------------------------------------------------------------
     9,8  26,5     9    -0,5    20   175,4   4,4  31,2   6,7  67,3    14       W

Max >=  20,0:  4
Max <=   0,0:  0
Min <=   0,0:  1
Min <= -10,0:  0
Max Rain: 12,6 on day 16
Days of Rain: 10 (>= 0,2 mm)  4 (>= 2,0 mm)  0 (>= 20,0 mm)
Heat Base: 18,3  Cool Base: 18,3  Method: Integration