Raporty klimatyczne NOAA

Wybierz Rok lub Miesiąc raportu

Report for 2021 Sep
                   Monthly Climatological Summary for wrz 2021

Name: NIESIOŁOWICE-na Kaszubach   City: NIESIOŁOWICE   State: Pomorskie (PL)
Elevation: 186 m  Lat: N 54° 12' 24"   Lon: E 017° 51' 01"

                  Temperature (°C), Rain (mm), Wind Speed (km/h)

                                      Heat  Cool        Avg
    Mean                              Deg   Deg         Wind                 Dom
Day Temp  High   Time   Low    Time   Days  Days  Rain  Speed High   Time    Dir
----------------------------------------------------------------------------------
 1  15,0  18,2   13:47  12,3   23:59   3,3   0,0   0,0  10,2  34,2   16:26   NNW
 2  14,5  17,6   18:23  10,2   23:49   3,8   0,0   0,0   8,8  36,7   09:42   NNW
 3  13,5  17,3   16:10   9,4   23:55   4,8   0,0   0,0  10,4  49,0   08:55     W
 4  11,9  15,1   15:42   8,5   01:11   6,4   0,0   0,9   2,3  12,2   18:28   ESE
 5  11,5  19,6   17:13   4,7   06:16   6,8   0,1   0,0   3,1  17,3   09:12   ESE
 6  12,5  19,9   16:32   5,4   05:57   6,0   0,2   0,0   2,4  19,4   11:59     S
 7  14,3  23,0   18:10   7,5   06:11   4,7   0,7   0,0   2,1  18,4   12:14     S
 8  15,7  24,8   17:57   7,8   05:58   4,2   1,6   0,0   3,5  25,6   14:35    SW
 9  17,5  26,5   18:06  10,7   06:10   3,0   2,2   0,0   3,5  29,5   12:09     S
10  18,3  27,6   16:22   9,7   06:01   2,9   2,9   0,0   2,8  22,0   12:12   SSW
11  18,5  24,7   13:00  13,9   06:13   1,3   1,5   8,1   3,2  27,0   13:30   WSW
12  17,3  20,0   13:56  14,6   21:38   1,3   0,3   1,8   6,4  28,1   13:45   WSW
13  15,5  18,5   14:13  13,6   23:56   2,8   0,0   0,3   8,5  28,1   09:15     W
14  15,4  20,2   17:54  13,1   23:56   3,1   0,1   0,0   5,0  19,4   11:57     W
15  15,1  21,3   15:30   9,3   06:20   3,6   0,5   0,0   4,5  18,4   20:35    SE
16  16,0  18,5   14:45  14,7   05:21   2,3   0,0   4,2   4,6  22,0   15:03     S
17  15,3  18,0   11:49  14,3   05:25   3,0   0,0  15,9   2,7  18,4   14:25     W
18  11,8  14,5   00:00  10,4   21:21   6,5   0,0   0,6  12,0  36,7   13:41    NE
19  10,8  12,1   15:32   9,6   23:00   7,5   0,0   0,0   9,2  34,2   10:02   NNE
----------------------------------------------------------------------------------
    14,8  27,6    10     4,7     5    77,3  10,1  31,8   5,5  49,0     3     WNW

Max >=  20,0:  8
Max <=   0,0:  0
Min <=   0,0:  0
Min <= -10,0:  0
Max Rain: 15,9 on day 17
Days of Rain: 7 (>= 0,2 mm)  3 (>= 2,0 mm)  0 (>= 20,0 mm)
Heat Base: 18,3  Cool Base: 18,3  Method: Integration