Raporty klimatyczne NOAA

Wybierz Rok lub Miesiąc raportu

Report for 2022
                   Annual Climatological Summary for 2022

Name: NIESIOŁOWICE-na Kaszubach   City: NIESIOŁOWICE   State: Pomorskie (PL)
Elevation: 186 m  Lat: N 54° 12' 24"   Lon: E 017° 51' 01"

                  Temperature (°C), Heat Base: 18,3  Cool Base: 18,3
                          Dep.  Heat  Cool                       Max  Max  Min  Min
        Mean  Mean        From  Deg   Deg                        >=   <=   <=   <=
 YR MO  Max   Min   Mean  Norm  Days  Days  Hi  Date  Low  Date 20,0  0,0  0,0 -10,0
------------------------------------------------------------------------------------
 22  1   3,6  -0,8   1,4   3,0   523     0  10,2   2  -9,0   11    0    2   19    0
 22  2   5,4   0,4   2,8   4,0   434     0   8,6  15  -3,4   12    0    0   11    0
 22  3   8,5  -2,1   3,0   0,7   473     0  16,1  22  -6,8    6    0    0   26    0
 22  4  11,3   1,9   6,4  -1,0   355     0  17,1  30  -2,9   12    0    0    6    0
 22  5  17,8   6,9  12,2   0,3   194     6  28,2  19   1,4   18    7    0    0    0
 22  6  24,3  12,5  18,0   3,0    69    60  34,1  27   6,9    2   25    0    0    0
 22  7  27,1  14,1  19,9   2,1     5    13  32,1   1  11,7    5    5    0    0    0
 22  8
 22  9
 22 10
 22 11
 22 12
------------------------------------------------------------------------------------
        14,0   4,7   9,1   1,8  2056    81  34,1 cze  -9,0  sty   37    2   62    0

                                Precipitation (mm)

              Dep.   Max        Days of Rain
              From   Obs.           >=
 YR MO Total  Norm   Day Date  0,2  2,0 20,0
---------------------------------------------
 22  1  89,1  25,5  12,9   2    19   11    0
 22  2 108,6  75,6  26,1  19    20   14    1
 22  3   0,3 -44,6   0,3  30     1    0    0
 22  4  21,0 -10,5   6,0   4     9    5    0
 22  5  46,5 -13,4  14,1  25    12    6    0
 22  6  34,8 -28,0   9,6  30    13    7    0
 22  7  21,6 -85,7  17,4   1     3    2    0
 22  8
 22  9
 22 10
 22 11
 22 12
---------------------------------------------
       321,9 -81,1  26,1  lut   77   45    1

                                Wind Speed (km/h)
                          Dom
 YR MO   Avg.  Hi   Date  Dir
------------------------------
 22  1  12,9 100,0   29     W
 22  2  13,7 108,0   19   WSW
 22  3   5,9  52,6   28   NNW
 22  4  10,7  73,4    8    NW
 22  5   7,5  77,0   27     W
 22  6   7,2  56,2   18   WNW
 22  7   6,5  55,1    1     W
 22  8
 22  9
 22 10
 22 11
 22 12
------------------------------
         9,2 108,0  lut     W