Raporty klimatyczne NOAA

Wybierz Rok lub Miesiąc raportu
V/Λ2021 > Jan Feb Mar Apr May Jun Jul Aug Sep Oct Nov Dec
V/Λ2020 > Jan Feb Mar Apr May Jun Jul Aug Sep Oct Nov Dec
V/Λ2019 > Jan Feb Mar Apr May Jun Jul Aug Sep Oct Nov Dec
V/Λ2018 > Jan Feb Mar Apr May Jun Jul Aug Sep Oct Nov Dec
V/Λ2017 > Jan Feb Mar Apr May Jun Jul Aug Sep Oct Nov Dec
V/Λ2016 > Jan Feb Mar Apr May Jun Jul Aug Sep Oct Nov Dec
V/Λ2015 > Jan Feb Mar Apr May Jun Jul Aug Sep Oct Nov Dec
V/Λ2014 > Jan Feb Mar Apr May Jun Jul Aug Sep Oct Nov Dec
V/Λ2013 > Jan Feb Mar Apr May Jun Jul Aug Sep Oct Nov Dec
V/Λ2012 > Jan Feb Mar Apr May Jun Jul Aug Sep Oct Nov Dec

Report for 2020 Nov
                   Monthly Climatological Summary for lis 2020

Name: NIESIOŁOWICE-na Kaszubach   City: NIESIOŁOWICE   State: Pomorskie (PL)
Elevation: 186 m  Lat: N 54° 12' 24"   Lon: E 017° 51' 01"

                  Temperature (°C), Rain (mm), Wind Speed (km/h)

                                      Heat  Cool        Avg
    Mean                              Deg   Deg         Wind                 Dom
Day Temp  High   Time   Low    Time   Days  Days  Rain  Speed High   Time    Dir
----------------------------------------------------------------------------------
 1   6,8   8,4   23:59   5,4   04:05  11,5   0,0   0,0   7,8  25,6   07:16     S
 2  12,4  15,1   20:06   8,4   00:00   5,9   0,0   0,9   9,8  33,1   06:44   SSW
 3  10,9  15,0   03:06   6,4   23:03   7,4   0,0   0,3   7,1  30,6   09:01     W
 4   7,9  10,0   10:58   6,4   00:00  10,4   0,0   0,0  10,8  37,8   11:46   WSW
 5   8,3   9,5   12:19   6,9   01:15  10,0   0,0   0,3  20,1  46,4   22:27   WSW
 6  10,3  11,7   11:57   8,7   00:00   8,0   0,0   1,2  13,9  43,9   04:28   WNW
 7   8,1   9,4   00:00   5,4   23:49  10,2   0,0   0,0   8,5  24,5   16:43    SW
 8   7,2   9,3   11:57   4,2   03:22  11,1   0,0   0,3   2,5  15,8   12:11   WSW
 9   8,1  10,9   12:59   6,6   16:29  10,2   0,0   0,0   4,0  19,4   12:11   SSE
10   6,2   6,9   00:00   5,3   22:17  12,1   0,0   0,0   6,3  20,9   00:05   SSE
11   5,5   6,1   12:44   4,9   06:17  12,8   0,0   0,0   5,1  23,4   11:13     S
12   5,4   6,2   12:33   4,5   05:42  12,9   0,0   0,0   5,2  23,4   02:33   SSE
13   6,1   7,0   15:28   4,2   03:12  12,3   0,0   2,7   4,6  17,3   05:06   SSW
14   7,4   9,0   23:54   6,3   06:18  10,9   0,0   0,3   3,4  15,8   05:44   SSW
15   9,1  11,7   14:02   7,0   23:49   9,2   0,0   0,0   5,1  24,5   21:49     S
16   6,8   8,0   23:48   6,2   05:09  12,1   0,0   1,5   7,9  25,6   00:36   SSW
17   8,7   9,9   11:49   7,7   00:57   9,6   0,0   1,2  10,9  30,6   22:17    SW
18  10,2  11,3   12:24   8,7   23:59   8,1   0,0   0,9  15,0  55,1   22:11    SW
19   7,7   9,8   12:17   3,6   22:59  10,6   0,0   0,9  18,6  73,4   19:24    SW
20   2,7   5,6   14:29   0,9   23:54  15,6   0,0   5,7  10,6  50,0   14:37     W
21   2,2   3,9   19:45  -0,1   01:07  16,1   0,0   0,6  13,7  54,0   19:20    SW
22   6,0   7,4   13:38   3,9   00:00  12,3   0,0   7,5  18,4  40,3   15:29   WSW
23   5,6   6,3   00:00   5,2   06:37  12,7   0,0   3,3  17,9  52,6   12:40   WSW
24   5,6   6,3   12:46   4,3   07:57  12,7   0,0   0,9  14,1  34,2   11:45   WSW
25   3,0   5,7   00:00  -0,3   22:33  15,3   0,0   0,0   5,2  20,9   00:23   SSW
26   1,8   6,1   21:21  -0,8   06:21  16,5   0,0   0,3   8,7  27,0   20:41   WSW
27   4,8   5,9   12:02   2,7   23:54  13,5   0,0   0,0   7,6  29,5   02:53    NW
28   3,2   4,5   11:49   1,0   08:07  15,1   0,0   0,6   6,7  22,0   12:33     N
29   2,2   3,4   00:00  -0,1   18:52  16,1   0,0   0,0   3,8  23,4   07:39   NNE
30   1,4   3,2   13:02   0,3   19:02  16,9   0,0   0,9   6,1  39,2   16:42    SW
----------------------------------------------------------------------------------
     6,4  15,1     2    -0,8    26   358,1   0,0  30,3   9,3  73,4    19      SW

Max >=  20,0:  0
Max <=   0,0:  0
Min <=   0,0:  4
Min <= -10,0:  0
Max Rain: 7,5 on day 22
Days of Rain: 19 (>= 0,2 mm)  4 (>= 2,0 mm)  0 (>= 20,0 mm)
Heat Base: 18,3  Cool Base: 18,3  Method: Integration