Raporty klimatyczne NOAA

Wybierz Rok lub Miesiąc raportu
V/Λ2021 > Jan Feb Mar Apr May Jun Jul Aug Sep Oct Nov Dec
V/Λ2020 > Jan Feb Mar Apr May Jun Jul Aug Sep Oct Nov Dec
V/Λ2019 > Jan Feb Mar Apr May Jun Jul Aug Sep Oct Nov Dec
V/Λ2018 > Jan Feb Mar Apr May Jun Jul Aug Sep Oct Nov Dec
V/Λ2017 > Jan Feb Mar Apr May Jun Jul Aug Sep Oct Nov Dec
V/Λ2016 > Jan Feb Mar Apr May Jun Jul Aug Sep Oct Nov Dec
V/Λ2015 > Jan Feb Mar Apr May Jun Jul Aug Sep Oct Nov Dec
V/Λ2014 > Jan Feb Mar Apr May Jun Jul Aug Sep Oct Nov Dec
V/Λ2013 > Jan Feb Mar Apr May Jun Jul Aug Sep Oct Nov Dec
V/Λ2012 > Jan Feb Mar Apr May Jun Jul Aug Sep Oct Nov Dec

Report for 2020 Aug
                   Monthly Climatological Summary for sie 2020

Name: NIESIOŁOWICE-na Kaszubach   City: NIESIOŁOWICE   State: Pomorskie (PL)
Elevation: 186 m  Lat: N 54° 12' 24"   Lon: E 017° 51' 01"

                  Temperature (°C), Rain (mm), Wind Speed (km/h)

                                      Heat  Cool        Avg
    Mean                              Deg   Deg         Wind                 Dom
Day Temp  High   Time   Low    Time   Days  Days  Rain  Speed High   Time    Dir
----------------------------------------------------------------------------------
 1  17,8  25,1   18:48  13,1   00:01   2,1   1,6   0,0   6,7  29,5   14:55     N
 2  19,0  27,1   17:39  10,5   05:19   2,2   2,9   0,0   4,0  23,4   14:26   SSW
 3  17,1  19,0   15:51  14,8   22:47   1,3   0,1  13,5   4,5  15,8   17:11   NNE
 4  16,4  19,0   16:17  12,4   23:55   2,0   0,0   0,0   8,5  28,1   16:31   NNW
 5  17,7  27,5   19:11   9,4   05:35   2,8   2,2   0,0   3,7  20,9   12:44   WSW
 6  19,9  29,6   18:07  11,8   05:03   1,8   3,5   0,0   5,1  23,4   12:02    SE
 7  23,0  31,3   18:15  14,7   05:38   0,8   5,5   0,0   6,0  27,0   13:11   ESE
 8  24,8  32,1   17:01  17,8   05:19   0,0   6,6   0,0   4,4  27,0   17:52   ESE
 9  23,9  30,7   14:52  18,4   04:35   0,0   5,6   0,0   2,4  29,5   15:59   ESE
10  23,2  28,9   13:42  17,7   23:51   0,0   4,9   0,0   8,0  31,7   16:46   ENE
11  19,6  24,0   14:38  15,0   23:55   0,8   2,1   0,0  10,1  28,1   10:50     E
12  18,8  27,2   18:04  12,6   05:27   1,8   2,4   0,0   4,9  24,5   18:45   ENE
13  20,2  28,4   17:14  12,9   05:03   1,4   3,3   0,0   4,5  29,5   17:36     E
14  22,1  29,8   16:57  14,6   05:34   0,9   4,7   0,0   4,4  23,4   13:09    SE
15  22,7  31,7   18:24  14,9   05:53   0,7   5,0   0,0   4,6  22,0   11:32   ESE
16  23,0  32,1   18:50  14,8   05:47   0,6   5,3   0,0   3,4  22,0   17:03     S
17  22,6  31,6   18:38  14,8   05:18   0,7   5,0   0,0   4,4  29,5   16:02   SSE
18  21,3  25,2   12:24  16,1   23:51   0,1   3,1   0,0   8,4  35,6   16:09     E
19  19,7  25,0   17:01  14,6   04:42   1,1   2,5   0,0   6,8  24,5   12:35   NNE
20  19,2  27,4   18:43  12,2   05:50   1,8   2,7   0,0   3,6  18,4   18:57   NNE
21  24,7  32,0   15:58  17,4   00:10   0,1   6,5   0,0   6,4  45,4   12:44     S
22  22,6  26,3   10:06  17,6   23:52   0,0   4,3   3,0   6,5  39,2   13:09    SW
23  19,4  23,8   16:38  14,2   23:58   0,6   1,7   1,5   9,1  45,4   12:42   WSW
24  16,7  22,4   15:50  12,9   05:35   2,2   0,7   4,2   8,2  31,7   09:59   WSW
25  15,4  19,4   18:52  12,3   23:43   2,9   0,0   0,6   9,5  35,6   09:58   WSW
26  15,6  20,5   13:49  12,3   00:00   2,9   0,2  11,7   9,8  63,7   14:02    SW
27  15,9  18,0   14:02  13,3   23:57   2,4   0,0   0,6  10,6  36,7   10:02   WNW
28  15,5  20,1   15:40  10,9   06:01   3,0   0,1   0,3   5,7  24,5   13:45   SSE
29  17,1  21,9   17:34  13,9   23:59   1,8   0,6   3,0   8,1  37,8   13:59    SW
30  17,3  23,4   13:14  12,7   01:53   2,0   1,0   0,0   3,1  19,4   11:03     S
31  16,1  18,5   17:30  12,1   23:52   2,2   0,0   3,3   8,4  33,1   13:22     N
----------------------------------------------------------------------------------
    19,6  32,1     8     9,4     5    43,0  84,1  41,7   6,2  63,7    26     SSE

Max >=  20,0: 26
Max <=   0,0:  0
Min <=   0,0:  0
Min <= -10,0:  0
Max Rain: 13,5 on day 3
Days of Rain: 10 (>= 0,2 mm)  6 (>= 2,0 mm)  0 (>= 20,0 mm)
Heat Base: 18,3  Cool Base: 18,3  Method: Integration