Raporty klimatyczne NOAA

Wybierz Rok lub Miesiąc raportu
V/Λ2021 > Jan Feb Mar Apr May Jun Jul Aug Sep Oct Nov Dec
V/Λ2020 > Jan Feb Mar Apr May Jun Jul Aug Sep Oct Nov Dec
V/Λ2019 > Jan Feb Mar Apr May Jun Jul Aug Sep Oct Nov Dec
V/Λ2018 > Jan Feb Mar Apr May Jun Jul Aug Sep Oct Nov Dec
V/Λ2017 > Jan Feb Mar Apr May Jun Jul Aug Sep Oct Nov Dec
V/Λ2016 > Jan Feb Mar Apr May Jun Jul Aug Sep Oct Nov Dec
V/Λ2015 > Jan Feb Mar Apr May Jun Jul Aug Sep Oct Nov Dec
V/Λ2014 > Jan Feb Mar Apr May Jun Jul Aug Sep Oct Nov Dec
V/Λ2013 > Jan Feb Mar Apr May Jun Jul Aug Sep Oct Nov Dec
V/Λ2012 > Jan Feb Mar Apr May Jun Jul Aug Sep Oct Nov Dec

Report for 2019 Nov
                   Monthly Climatological Summary for lis 2019

Name: NIESIOŁOWICE-na Kaszubach   City: NIESIOŁOWICE   State: Pomorskie (PL)
Elevation: 186 m  Lat: N 54° 12' 24"   Lon: E 017° 51' 01"

                  Temperature (°C), Rain (mm), Wind Speed (km/h)

                                      Heat  Cool        Avg
    Mean                              Deg   Deg         Wind                 Dom
Day Temp  High   Time   Low    Time   Days  Days  Rain  Speed High   Time    Dir
----------------------------------------------------------------------------------
 1   3,7   7,3   12:53   0,5   07:24  14,6   0,0   0,0   6,3  27,0   23:43   SSE
 2   6,1   9,8   21:32   2,6   03:28  12,2   0,0   4,5  10,2  30,6   06:04     S
 3   9,5  10,7   12:02   8,5   07:00   8,8   0,0   0,3   2,4  24,5   01:39   SSW
 4  10,1  11,4   12:04   8,7   23:59   8,2   0,0   9,9   2,3  24,5   21:24    SW
 5   8,2   9,2   08:05   6,6   23:00  10,1   0,0   1,8   5,6  23,4   06:17   WSW
 6   6,6   7,4   12:57   5,8   23:18  11,7   0,0   2,1   2,3  17,3   13:03     W
 7   6,7   8,9   13:50   5,1   01:43  11,6   0,0   0,0   0,5   9,7   09:36     S
 8   5,6   7,9   13:21   3,5   03:33  12,7   0,0   0,0   3,3  25,6   19:28    SE
 9   7,2   8,0   14:28   6,2   00:00  11,1   0,0   8,1   3,0  23,4   22:41     S
10   6,1   7,6   00:00   4,3   17:11  12,2   0,0   0,0   6,6  25,6   02:50    SW
11   3,3   4,7   00:00   2,0   23:04  15,0   0,0   0,0   6,7  24,5   15:12   SSW
12   4,5   6,3   12:14   2,0   00:44  13,9   0,0   6,6   4,1  23,4   02:16   SSE
13   5,0   6,1   11:15   3,9   23:57  13,3   0,0  13,2   2,3  18,4   23:42    NW
14   4,0   6,0   13:20   2,6   01:46  14,3   0,0   2,7   5,4  27,0   22:49   SSW
15   6,0   8,2   14:32   3,5   00:00  12,3   0,0   0,0  12,7  34,2   04:31   ESE
16   8,4  10,8   14:06   4,9   23:58   9,9   0,0   0,0   9,9  34,2   09:02   SSE
17   6,0   9,6   13:35   1,3   07:04  12,3   0,0   0,0   4,5  27,0   21:47   ESE
18   8,5   9,7   22:41   7,4   03:33   9,8   0,0   0,6  10,4  30,6   07:47    SE
19   5,6   8,8   00:00   3,0   20:51  12,8   0,0   0,0   4,6  33,1   11:27     S
20   5,8   7,9   23:56   2,8   00:46  12,5   0,0   0,0   6,7  29,5   15:20    SE
21   7,0   8,2   01:03   4,8   23:35  11,3   0,0   0,3  13,2  35,6   08:50    SE
22   4,2   4,8   00:00   2,1   23:44  14,1   0,0   0,9   7,7  37,8   07:03    SE
23   0,7   2,1   00:00  -0,5   07:52  17,6   0,0   0,0   2,5  33,1   14:28    SE
24   0,9   1,9   12:55   0,0   04:23  17,4   0,0   0,0   0,4  30,6   00:33    SE
25   0,4   1,0   12:55  -0,1   06:08  17,8   0,0   0,0   0,0   0,0   00:00   ---
26   1,8   3,1   23:50   0,8   02:20  16,5   0,0   0,0   0,0   0,0   00:00   ---
27   4,7   6,1   20:39   3,1   00:00  13,6   0,0   0,3   0,0   0,0   00:00   ---
28   7,5   9,3   13:23   6,1   00:00  10,7   0,0   0,3   2,6  27,0   12:55   SSW
29   4,9   8,1   00:00   1,1   23:09  13,4   0,0   7,2   7,4  57,6   12:54    SW
30   1,4   3,4   12:46   0,1   07:47  16,9   0,0   0,0   0,0   7,2   07:27     W
----------------------------------------------------------------------------------
     5,3  11,4     4    -0,5    23   388,6   0,0  58,8   4,8  57,6    29       S

Max >=  20,0:  0
Max <=   0,0:  0
Min <=   0,0:  3
Min <= -10,0:  0
Max Rain: 13,2 on day 13
Days of Rain: 15 (>= 0,2 mm)  8 (>= 2,0 mm)  0 (>= 20,0 mm)
Heat Base: 18,3  Cool Base: 18,3  Method: Integration