Raporty klimatyczne NOAA

Wybierz Rok lub Miesiąc raportu
V/Λ2018 > Jan Feb Mar Apr May Jun Jul Aug Sep Oct Nov Dec
V/Λ2017 > Jan Feb Mar Apr May Jun Jul Aug Sep Oct Nov Dec
V/Λ2016 > Jan Feb Mar Apr May Jun Jul Aug Sep Oct Nov Dec
V/Λ2015 > Jan Feb Mar Apr May Jun Jul Aug Sep Oct Nov Dec
V/Λ2014 > Jan Feb Mar Apr May Jun Jul Aug Sep Oct Nov Dec
V/Λ2013 > Jan Feb Mar Apr May Jun Jul Aug Sep Oct Nov Dec
V/Λ2012 > Jan Feb Mar Apr May Jun Jul Aug Sep Oct Nov Dec

Report for 2018 Jul
                   Monthly Climatological Summary for lip 2018

Name: NIESIOŁOWICE-na Kaszubach   City: NIESIOŁOWICE   State: Pomorskie (PL)
Elevation: 186 m  Lat: N 54° 12' 24"   Lon: E 017° 51' 01"

                  Temperature (°C), Rain (mm), Wind Speed (km/h)

                                      Heat  Cool        Avg
    Mean                              Deg   Deg         Wind                 Dom
Day Temp  High   Time   Low    Time   Days  Days  Rain  Speed High   Time    Dir
----------------------------------------------------------------------------------
 1  13,6  16,7   17:55  10,1   03:37   4,7   0,0   0,0  15,5  49,0   16:02   NNE
 2  15,2  19,5   20:29  10,4   01:26   3,1   0,1   0,0  13,2  41,8   12:14   NNW
 3  17,4  24,6   20:04  13,7   02:15   1,9   1,0   0,0   9,7  29,5   15:34    NW
 4  21,7  28,5   20:02  15,8   06:07   0,6   4,0   0,0   9,4  30,6   12:12    NW
 5  18,4  22,9   14:25  12,4   03:56   1,4   1,6   0,0  10,4  33,1   11:03   WNW
 6  18,1  22,1   15:50  14,0   04:30   1,2   1,0   0,0  11,0  35,6   12:15   WNW
 7  17,8  23,4   15:37  14,0   04:24   1,6   1,1   0,0   9,2  33,1   17:10   WNW
 8  19,1  24,6   17:29  13,4   04:19   1,3   2,2   0,0   5,1  28,1   13:31    NE
 9  18,5  24,7   12:26  11,6   03:54   1,6   1,9   0,0   7,4  33,1   11:53   WNW
10  18,2  22,9   15:52  15,9   19:21   1,1   1,1   4,2   8,4  31,7   09:09     E
11  19,2  27,0   12:25  16,0   00:45   0,7   1,7   6,3   8,5  35,6   13:52     E
12  19,3  23,6   16:32  16,6   23:59   0,5   1,5  12,9   4,7  22,0   19:09   ESE
13  17,1  19,1   12:32  15,4   01:14   1,2   0,0  16,5   8,0  25,6   21:42   NNW
14  18,4  21,8   12:28  15,7   23:15   1,0   1,1   1,5   9,9  36,7   16:05    NW
15  19,5  24,4   18:49  14,8   04:59   1,1   2,2   0,0  10,9  29,5   15:57   NNW
16  20,6  26,8   17:17  14,9   04:41   0,9   3,2   2,4   9,5  34,2   11:43   NNE
17  19,5  21,5   14:16  18,1   03:23   0,0   1,3  29,1   8,0  24,5   09:13     N
18  20,0  22,1   14:34  18,9   00:45   0,0   1,7  11,7  10,9  30,6   13:55   NNW
19  20,2  22,4   16:05  18,4   23:51   0,0   1,9   0,6  10,0  25,6   16:38    NW
20  20,0  24,2   20:20  16,0   23:57   0,5   2,3   0,0  10,7  35,6   17:57    NW
21  19,8  26,4   17:10  13,0   04:12   1,3   2,9   0,0   5,0  20,9   17:32   WNW
22  20,8  25,8   18:44  15,7   03:14   0,5   3,1   0,0   5,1  29,5   17:46     N
23  21,2  27,0   14:19  14,0   05:02   1,0   3,9   0,0   4,1  30,6   17:30     N
24  21,2  26,5   19:14  16,7   03:16   0,3   3,3   0,0   6,4  25,6   12:31   NNW
25  22,5  27,8   18:53  17,8   02:17   0,1   4,2   0,0   7,9  30,6   17:06    NE
26  23,1  28,6   19:14  18,3   02:44   0,0   4,8   0,0   8,3  31,7   16:47    NE
27  23,6  27,7   19:11  19,1   05:03   0,0   5,3   0,0   9,8  43,9   15:54     E
28  23,8  28,3   16:04  19,6   04:46   0,0   5,5   0,9   5,5  29,5   16:38     E
29  22,3  26,6   12:52  19,1   04:56   0,0   4,0   0,3   4,3  27,0   12:53    NW
30  23,1  30,0   17:48  17,8   05:20   0,0   4,8   2,7   3,1  29,5   18:57   ENE
31  26,1  33,5   17:41  19,8   05:21   0,0   7,8   0,3   3,5  22,0   14:42    SE
----------------------------------------------------------------------------------
    20,0  33,5    31    10,1     1    27,6  80,5  89,4   8,2  49,0     1     NNW

Max >=  20,0: 28
Max <=   0,0:  0
Min <=   0,0:  0
Min <= -10,0:  0
Max Rain: 29,1 on day 17
Days of Rain: 13 (>= 0,2 mm)  8 (>= 2,0 mm)  1 (>= 20,0 mm)
Heat Base: 18,3  Cool Base: 18,3  Method: Integration