Raporty klimatyczne NOAA

Wybierz Rok lub Miesiąc raportu
V/Λ2019 > Jan Feb Mar Apr May Jun Jul Aug Sep Oct Nov Dec
V/Λ2018 > Jan Feb Mar Apr May Jun Jul Aug Sep Oct Nov Dec
V/Λ2017 > Jan Feb Mar Apr May Jun Jul Aug Sep Oct Nov Dec
V/Λ2016 > Jan Feb Mar Apr May Jun Jul Aug Sep Oct Nov Dec
V/Λ2015 > Jan Feb Mar Apr May Jun Jul Aug Sep Oct Nov Dec
V/Λ2014 > Jan Feb Mar Apr May Jun Jul Aug Sep Oct Nov Dec
V/Λ2013 > Jan Feb Mar Apr May Jun Jul Aug Sep Oct Nov Dec
V/Λ2012 > Jan Feb Mar Apr May Jun Jul Aug Sep Oct Nov Dec

Report for 2019
                   Annual Climatological Summary for 2019

Name: NIESIOŁOWICE-na Kaszubach   City: NIESIOŁOWICE   State: Pomorskie (PL)
Elevation: 186 m  Lat: N 54° 12' 24"   Lon: E 017° 51' 01"

                  Temperature (°C), Heat Base: 18,3  Cool Base: 18,3
                          Dep.  Heat  Cool                       Max  Max  Min  Min
        Mean  Mean        From  Deg   Deg                        >=   <=   <=   <=
 YR MO  Max   Min   Mean  Norm  Days  Days  Hi  Date  Low  Date 20,0  0,0  0,0 -10,0
------------------------------------------------------------------------------------
 19  1   1,4  -2,3  -0,4   0,6   580     0   6,3   1 -11,5   24    0    7   22    2
 19  2   5,5   0,0   2,9   3,4   432     0  13,0  16  -7,0   22    0    1   13    0
 19  3   8,7   1,5   5,0   2,5   412     0  17,3  30  -5,5    2    0    0    9    0
 19  4  14,8   3,6   9,2   2,8   279     6  27,3  25  -2,0   10    3    0    6    0
 19  5  16,5   7,7  11,8   0,3   210     9  25,5  22  -0,4    6    8    0    1    0
 19  6  28,2  14,9  21,0   6,0    30   110  36,1  30   9,9   24   29    0    0    0
 19  7  22,2  13,4  17,5   0,4    67    43  32,4  28   8,6    6   21    0    0    0
 19  8  23,7  13,8  18,3   1,2    27    28  27,6  11   9,3   15   17    0    0    0
 19  9
 19 10
 19 11
 19 12
------------------------------------------------------------------------------------
        15,1   6,6  10,7   2,1  2040   197  36,1 cze -11,5  sty   78    8   51    2

                                Precipitation (mm)

              Dep.   Max        Days of Rain
              From   Obs.           >=
 YR MO Total  Norm   Day Date  0,2  2,0 20,0
---------------------------------------------
 19  1  51,9  27,3  14,1   1    18    9    0
 19  2  35,1  17,2  15,9  21    12    5    0
 19  3  88,2  65,8  13,8   5    20   12    0
 19  4   4,5 -25,0   3,6  28     2    1    0
 19  5  49,8   0,9  15,6  17    16    7    0
 19  6  69,6   6,1  22,8  10    10    7    1
 19  7  57,3  -9,4  12,9   9    14    7    0
 19  8  33,6 -22,2  12,6  10     9    3    0
 19  9
 19 10
 19 11
 19 12
---------------------------------------------
       390,0  60,7  22,8  cze  101   51    1

                                Wind Speed (km/h)
                          Dom
 YR MO   Avg.  Hi   Date  Dir
------------------------------
 19  1  10,4  80,6    1     W
 19  2  10,8  60,1   13     W
 19  3  12,4  92,9    4   WSW
 19  4  10,1  66,2   23     E
 19  5  10,0  67,3    2   WNW
 19  6   7,6  52,6   10    SW
 19  7   9,8  60,1    2   WNW
 19  8   6,3  45,4    8   WSW
 19  9
 19 10
 19 11
 19 12
------------------------------
         9,7  92,9  mar     W