Raporty klimatyczne NOAA

Wybierz Rok lub Miesiąc raportu
V/Λ2017 > Jan Feb Mar Apr May Jun Jul Aug Sep Oct Nov Dec
V/Λ2016 > Jan Feb Mar Apr May Jun Jul Aug Sep Oct Nov Dec
V/Λ2015 > Jan Feb Mar Apr May Jun Jul Aug Sep Oct Nov Dec
V/Λ2014 > Jan Feb Mar Apr May Jun Jul Aug Sep Oct Nov Dec
V/Λ2013 > Jan Feb Mar Apr May Jun Jul Aug Sep Oct Nov Dec
V/Λ2012 > Jan Feb Mar Apr May Jun Jul Aug Sep Oct Nov Dec

Report for 2017 Oct
                   Monthly Climatological Summary for paź 2017

Name: NIESIOŁOWICE-na Kaszubach   City: NIESIOŁOWICE   State: Pomorskie (PL)
Elevation: 186 m  Lat: N 54° 12' 24"   Lon: E 017° 51' 01"

                  Temperature (°C), Rain (mm), Wind Speed (km/h)

                                      Heat  Cool        Avg
    Mean                              Deg   Deg         Wind                 Dom
Day Temp  High   Time   Low    Time   Days  Days  Rain  Speed High   Time    Dir
----------------------------------------------------------------------------------
 1   9,7  15,7   15:27   5,3   06:28   8,6   0,0   0,0   7,3  29,5   14:53    SE
 2  10,5  16,3   13:38   5,4   06:41   7,8   0,0   5,1   8,9  40,3   12:17     S
 3  12,1  14,2   13:25  10,1   22:46   6,2   0,0   2,4  11,1  37,8   13:15    SW
 4  10,6  12,0   12:02   7,0   22:50   7,7   0,0   6,3  21,7  61,2   22:05   WSW
 5   8,8  11,4   11:26   6,3   02:57   9,6   0,0  14,1  17,6  61,2   00:00   WSW
 6   9,4  12,3   13:11   7,4   07:31   8,9   0,0   4,2   9,6  39,2   15:16     W
 7   9,5  11,4   12:05   8,4   02:44   8,9   0,0   4,5  12,1  46,4   19:30   WSW
 8   8,4  10,8   12:10   4,7   21:13   9,9   0,0   6,6  13,5  41,8   11:44     W
 9   7,4   9,6   11:10   5,7   00:00  10,9   0,0   6,3  17,1  57,6   11:04   WNW
10   8,4  11,3   15:23   6,8   01:05   9,9   0,0   5,4  12,4  35,6   15:29     W
11  12,0  13,4   12:56   9,9   00:00   6,4   0,0   7,2  13,9  43,9   13:50   WSW
12  12,0  14,3   13:16   9,3   22:37   6,4   0,0   2,4  20,3  63,7   15:43   WSW
13  10,6  12,5   14:32   9,2   00:25   7,7   0,0   1,8  18,0  64,8   08:09   WNW
14  12,8  15,1   17:44   8,6   02:28   5,5   0,0   4,2  13,1  36,7   14:22     W
15  13,9  15,9   15:26  11,2   22:09   4,4   0,0   2,7  10,2  40,3   00:48   WNW
16  14,7  19,9   14:57  11,8   00:00   3,8   0,2   0,0   8,0  29,5   13:16   WSW
17  14,7  18,5   15:13  12,4   04:21   3,6   0,0   0,0   6,5  25,6   15:32    SW
18  12,0  14,7   15:50   9,0   21:34   6,3   0,0   0,0   5,7  23,4   09:47     W
19  10,6  13,2   13:08   7,3   05:15   7,7   0,0   0,0   3,4  18,4   22:24   ESE
----------------------------------------------------------------------------------
    11,0  19,9    16     4,7     8   140,2   0,2  73,2  12,1  64,8    13     WSW

Max >=  20,0:  0
Max <=   0,0:  0
Min <=   0,0:  0
Min <= -10,0:  0
Max Rain: 14,1 on day 5
Days of Rain: 14 (>= 0,2 mm)  13 (>= 2,0 mm)  0 (>= 20,0 mm)
Heat Base: 18,3  Cool Base: 18,3  Method: Integration