Raporty klimatyczne NOAA

Wybierz Rok lub Miesiąc raportu
V/Λ2018 > Jan Feb Mar Apr May Jun Jul Aug Sep Oct Nov Dec
V/Λ2017 > Jan Feb Mar Apr May Jun Jul Aug Sep Oct Nov Dec
V/Λ2016 > Jan Feb Mar Apr May Jun Jul Aug Sep Oct Nov Dec
V/Λ2015 > Jan Feb Mar Apr May Jun Jul Aug Sep Oct Nov Dec
V/Λ2014 > Jan Feb Mar Apr May Jun Jul Aug Sep Oct Nov Dec
V/Λ2013 > Jan Feb Mar Apr May Jun Jul Aug Sep Oct Nov Dec
V/Λ2012 > Jan Feb Mar Apr May Jun Jul Aug Sep Oct Nov Dec

Report for 2018 Nov
                   Monthly Climatological Summary for lis 2018

Name: NIESIOŁOWICE-na Kaszubach   City: NIESIOŁOWICE   State: Pomorskie (PL)
Elevation: 186 m  Lat: N 54° 12' 24"   Lon: E 017° 51' 01"

                  Temperature (°C), Rain (mm), Wind Speed (km/h)

                                      Heat  Cool        Avg
    Mean                              Deg   Deg         Wind                 Dom
Day Temp  High   Time   Low    Time   Days  Days  Rain  Speed High   Time    Dir
----------------------------------------------------------------------------------
 1   9,1  13,0   12:53   3,1   00:39   9,2   0,0   0,0   7,5  24,5   12:48    SE
 2   9,0  12,2   13:00   6,6   07:33   9,3   0,0   0,0   3,6  17,3   14:07   SSW
 3   7,1  10,3   14:37   2,3   22:54  11,2   0,0   0,0   2,0  14,8   13:13     W
 4   7,2   9,5   23:16   2,6   00:00  11,1   0,0   0,0   7,2  25,6   12:27    SE
 5  10,6  13,2   13:11   8,5   23:48   7,7   0,0   0,0   9,1  31,7   12:35   SSE
 6  11,0  15,3   14:02   8,0   07:02   7,3   0,0   0,3   8,9  30,6   11:43   SSE
 7   9,1  12,9   13:03   6,9   23:58   9,2   0,0   0,0   6,9  24,5   10:11    SE
 8   7,3  11,9   14:07   4,6   08:06  11,0   0,0   0,0   1,2  11,2   21:52   SSW
 9   7,7   8,3   00:00   7,3   07:52  10,6   0,0   0,3   3,6  17,3   19:43   SSW
10   8,8   9,7   14:10   7,8   00:00   9,5   0,0   0,0   5,4  20,9   22:43   SSE
11   7,7   8,8   00:00   6,6   04:43  10,6   0,0   0,0   9,0  33,1   07:19   SSE
12   8,5  10,2   14:12   7,0   07:45   9,8   0,0   0,3   6,8  24,5   23:36     S
13   9,0   9,7   13:20   8,1   06:51   9,3   0,0  11,7   5,8  25,6   23:04    SW
14   8,6   9,4   12:37   8,1   06:55   9,7   0,0   5,4   8,4  27,0   01:09     W
15   7,8  10,5   13:25   4,0   23:57  10,5   0,0   0,0   1,6  11,2   00:09   SSW
16   3,1   5,5   11:42   1,0   06:24  15,2   0,0   0,3   5,8  24,5   22:35   SSE
17   1,4   5,6   14:14  -1,1   23:58  16,9   0,0   0,0   2,3  14,8   00:38    SE
----------------------------------------------------------------------------------
     7,8  15,3     6    -1,1    17   178,1   0,0  18,3   5,6  33,1    11     SSE

Max >=  20,0:  0
Max <=   0,0:  0
Min <=   0,0:  1
Min <= -10,0:  0
Max Rain: 11,7 on day 13
Days of Rain: 6 (>= 0,2 mm)  2 (>= 2,0 mm)  0 (>= 20,0 mm)
Heat Base: 18,3  Cool Base: 18,3  Method: Integration