Raporty klimatyczne NOAA

Wybierz Rok lub Miesiąc raportu
V/Λ2019 > Jan Feb Mar Apr May Jun Jul Aug Sep Oct Nov Dec
V/Λ2018 > Jan Feb Mar Apr May Jun Jul Aug Sep Oct Nov Dec
V/Λ2017 > Jan Feb Mar Apr May Jun Jul Aug Sep Oct Nov Dec
V/Λ2016 > Jan Feb Mar Apr May Jun Jul Aug Sep Oct Nov Dec
V/Λ2015 > Jan Feb Mar Apr May Jun Jul Aug Sep Oct Nov Dec
V/Λ2014 > Jan Feb Mar Apr May Jun Jul Aug Sep Oct Nov Dec
V/Λ2013 > Jan Feb Mar Apr May Jun Jul Aug Sep Oct Nov Dec
V/Λ2012 > Jan Feb Mar Apr May Jun Jul Aug Sep Oct Nov Dec

Report for 2019 May
                   Monthly Climatological Summary for maj 2019

Name: NIESIOŁOWICE-na Kaszubach   City: NIESIOŁOWICE   State: Pomorskie (PL)
Elevation: 186 m  Lat: N 54° 12' 24"   Lon: E 017° 51' 01"

                  Temperature (°C), Rain (mm), Wind Speed (km/h)

                                      Heat  Cool        Avg
    Mean                              Deg   Deg         Wind                 Dom
Day Temp  High   Time   Low    Time   Days  Days  Rain  Speed High   Time    Dir
----------------------------------------------------------------------------------
 1   8,7  16,7   13:33   2,3   05:25   9,6   0,0   0,3  10,3  49,0   23:21   WNW
 2   8,2  10,2   15:57   7,2   23:45  10,1   0,0   2,7  23,3  67,3   15:47     W
 3   6,6  10,1   13:35   3,3   23:41  11,7   0,0   0,9  12,6  49,0   18:36   WSW
 4   6,0  10,4   16:06   2,4   04:50  12,3   0,0   0,0  11,1  42,8   16:38    SW
 5   6,3  12,3   19:20   1,3   02:53  12,0   0,0   0,0   6,8  28,1   11:12   NNW
 6   6,7  12,3   16:18  -0,4   05:13  11,6   0,0   0,0   7,4  31,7   11:47     W
 7   7,3  11,7   18:27   2,2   23:58  11,0   0,0   0,3  11,3  43,9   11:18     W
 8   9,0  16,9   16:55   0,2   02:57   9,3   0,0   0,0   8,0  34,2   16:58   SSE
 9  10,9  15,3   12:58   7,8   04:46   7,4   0,0   1,2  11,8  40,3   12:47    SE
10  13,1  19,4   17:13   9,3   01:40   5,3   0,1   0,3   4,9  24,5   18:52   WSW
11  11,5  15,4   17:19   8,4   23:49   6,8   0,0   0,0   7,6  24,5   03:42    NW
12   9,4  12,7   14:28   6,6   03:13   8,9   0,0   0,0   6,7  22,0   17:23    NW
13   7,9  11,0   17:59   5,5   05:02  10,4   0,0   0,0  11,5  36,7   15:12   NNW
14   7,7  10,5   18:37   5,5   05:42  10,6   0,0   0,0  17,7  49,0   11:31    NE
15   8,2  12,4   15:37   5,7   05:52  10,1   0,0   4,8  15,8  46,4   13:54   NNE
16  12,0  17,0   11:49   8,0   00:00   6,3   0,0   3,9  15,7  45,4   11:17     E
17  14,4  18,5   15:14  12,6   04:28   3,9   0,0  15,6   8,3  23,4   05:58   ESE
18  17,0  23,6   18:36  13,8   23:55   2,0   0,7   3,0   4,7  19,4   13:59   ESE
19  16,4  21,4   18:51  11,4   04:37   2,3   0,4   1,2   4,0  25,6   15:15   ESE
20  19,2  25,0   12:42  14,2   04:56   1,1   2,0   3,9   7,0  28,1   15:11   ESE
21  19,9  25,0   15:20  15,5   04:41   0,6   2,2   0,3   5,9  24,5   16:55     E
22  19,0  25,5   18:21  12,5   23:40   1,4   2,1   0,0   7,8  25,6   21:18    NE
23  12,6  15,9   19:58  10,8   06:58   5,7   0,0   0,0  12,9  36,7   14:37    NW
24  15,7  22,7   19:56   8,8   04:30   3,5   0,8   0,0   6,2  39,2   14:47     W
----------------------------------------------------------------------------------
    11,4  25,5    22    -0,4     6   173,9   8,3  38,4  10,0  67,3     2      NW

Max >=  20,0:  6
Max <=   0,0:  0
Min <=   0,0:  1
Min <= -10,0:  0
Max Rain: 15,6 on day 17
Days of Rain: 13 (>= 0,2 mm)  6 (>= 2,0 mm)  0 (>= 20,0 mm)
Heat Base: 18,3  Cool Base: 18,3  Method: Integration