Raporty klimatyczne NOAA

Wybierz Rok lub Miesiąc raportu
V/Λ2019 > Jan Feb Mar Apr May Jun Jul Aug Sep Oct Nov Dec
V/Λ2018 > Jan Feb Mar Apr May Jun Jul Aug Sep Oct Nov Dec
V/Λ2017 > Jan Feb Mar Apr May Jun Jul Aug Sep Oct Nov Dec
V/Λ2016 > Jan Feb Mar Apr May Jun Jul Aug Sep Oct Nov Dec
V/Λ2015 > Jan Feb Mar Apr May Jun Jul Aug Sep Oct Nov Dec
V/Λ2014 > Jan Feb Mar Apr May Jun Jul Aug Sep Oct Nov Dec
V/Λ2013 > Jan Feb Mar Apr May Jun Jul Aug Sep Oct Nov Dec
V/Λ2012 > Jan Feb Mar Apr May Jun Jul Aug Sep Oct Nov Dec

Report for 2019 Jan
                   Monthly Climatological Summary for sty 2019

Name: NIESIOŁOWICE-na Kaszubach   City: NIESIOŁOWICE   State: Pomorskie (PL)
Elevation: 186 m  Lat: N 54° 12' 24"   Lon: E 017° 51' 01"

                  Temperature (°C), Rain (mm), Wind Speed (km/h)

                                      Heat  Cool        Avg
    Mean                              Deg   Deg         Wind                 Dom
Day Temp  High   Time   Low    Time   Days  Days  Rain  Speed High   Time    Dir
----------------------------------------------------------------------------------
 1   4,6   6,3   04:25   2,1   23:59  13,7   0,0  14,1  23,2  80,6   10:14     W
 2  -0,2   2,9   02:02  -1,8   18:26  18,4   0,0   3,0  21,7  56,2   18:42   NNW
 3  -1,5  -0,6   02:05  -2,4   17:57  19,8   0,0   0,3  12,9  50,0   02:41     N
 4   0,0   3,1   23:57  -3,7   02:29  18,3   0,0   1,5   8,8  33,1   22:17     W
 5   2,3   3,5   11:41   0,4   23:37  16,0   0,0   2,1  12,5  42,8   12:22     N
 6  -0,5   0,5   00:00  -1,7   20:59  18,8   0,0   0,0   5,9  22,0   01:11    NE
 7   0,0   1,2   13:50  -1,4   00:07  18,3   0,0   0,0   9,6  34,2   21:10    SW
 8   2,0   3,1   11:55   0,6   00:00  16,3   0,0   0,9   7,7  27,0   00:38     S
 9   1,2   1,9   00:00   0,8   15:57  17,1   0,0   0,9  10,9  28,1   11:25   ENE
10   0,4   1,2   00:00  -0,2   22:28  17,9   0,0   0,0   7,9  33,1   01:33   NNE
11   0,3   2,4   19:57  -2,0   07:14  18,0   0,0   0,3  12,0  34,2   13:18   WSW
12   1,1   2,9   23:58   0,0   06:27  17,1   0,0   1,8  10,6  31,7   10:42     W
13   3,9   5,0   21:05   2,9   00:00  14,4   0,0  10,5  13,7  35,6   06:12   WSW
14   1,2   4,3   00:00  -0,5   16:59  17,1   0,0   2,7  19,9  51,5   19:12    NW
15   1,7   4,4   21:05   0,5   16:25  16,6   0,0   3,3  16,0  52,6   21:28   WNW
16   3,9   5,5   14:54   1,5   01:50  14,4   0,0   2,7  12,9  43,9   00:41   WSW
17   3,5   4,8   00:00   2,2   07:51  14,8   0,0   3,0  18,1  41,8   01:53    SW
18  -0,3   2,8   00:00  -3,1   23:56  18,6   0,0   0,3  12,1  39,2   03:45   WNW
----------------------------------------------------------------------------------
     1,3   6,3     1    -3,7     4   305,6   0,0  47,4  13,1  80,6     1     WNW

Max >=  20,0:  0
Max <=   0,0:  1
Min <=   0,0: 10
Min <= -10,0:  0
Max Rain: 14,1 on day 1
Days of Rain: 15 (>= 0,2 mm)  8 (>= 2,0 mm)  0 (>= 20,0 mm)
Heat Base: 18,3  Cool Base: 18,3  Method: Integration