Raporty klimatyczne NOAA

Wybierz Rok lub Miesiąc raportu
V/Λ2018 > Jan Feb Mar Apr May Jun Jul Aug Sep Oct Nov Dec
V/Λ2017 > Jan Feb Mar Apr May Jun Jul Aug Sep Oct Nov Dec
V/Λ2016 > Jan Feb Mar Apr May Jun Jul Aug Sep Oct Nov Dec
V/Λ2015 > Jan Feb Mar Apr May Jun Jul Aug Sep Oct Nov Dec
V/Λ2014 > Jan Feb Mar Apr May Jun Jul Aug Sep Oct Nov Dec
V/Λ2013 > Jan Feb Mar Apr May Jun Jul Aug Sep Oct Nov Dec
V/Λ2012 > Jan Feb Mar Apr May Jun Jul Aug Sep Oct Nov Dec

Report for 2015 Jul
                   Monthly Climatological Summary for lip 2015

Name: NIESIOŁOWICE-na Kaszubach   City: NIESIOŁOWICE   State: Pomorskie (PL)
Elevation: 186 m  Lat: N 54° 12' 24"   Lon: E 017° 51' 01"

                  Temperature (°C), Rain (mm), Wind Speed (km/h)

                                      Heat  Cool        Avg
    Mean                              Deg   Deg         Wind                 Dom
Day Temp  High   Time   Low    Time   Days  Days  Rain  Speed High   Time    Dir
----------------------------------------------------------------------------------
 1  18,0  26,5   20:32  10,0   04:18   2,6   2,2   0,0   5,3  33,1   16:31   NNE
 2  19,3  28,4   18:29  12,2   03:49   1,7   2,7   0,0   7,7  30,6   14:41    NE
 3  23,2  34,7   19:14  14,0   04:09   0,9   5,9   0,0   4,1  27,0   12:39   SSE
 4  24,9  36,5   18:40  15,6   04:32   0,4   7,2   0,0   2,6  25,6   12:15    SE
 5  26,9  34,0   20:13  18,2   03:49   0,0   9,3   0,0   0,1  11,2   20:13   ESE
 6  20,2  23,1   00:00  14,1   23:57   0,3   2,2   2,7  11,0  61,2   17:04   WNW
 7  20,3  30,5   18:36  12,5   04:19   1,5   3,5   0,0   8,1  39,2   10:41   WSW
 8  18,1  21,9   12:15  12,6   23:56   1,1   0,9   6,0   7,8  50,0   17:20     W
 9  13,7  18,0   13:45  11,0   22:46   4,6   0,0   3,3  14,8  69,8   16:51   WSW
10  12,4  16,2   18:49  10,5   05:16   5,9   0,0   3,3  17,4  58,7   13:18     W
11  15,3  20,5   18:50  11,1   23:55   3,2   0,2   0,0   9,4  34,2   10:16   WNW
12  16,1  21,6   17:33  10,3   01:12   2,8   0,6   0,3   3,3  23,4   10:43     W
13  17,0  21,2   18:25  14,9   23:54   1,6   0,3   0,3   8,2  33,1   13:24   WNW
14  17,1  22,4   18:49  13,1   23:54   1,9   0,7   0,0   8,5  37,8   09:38   WNW
15  16,2  19,7   14:06  11,9   23:59   2,3   0,2   0,0  10,2  45,4   17:25   WNW
16  16,6  23,2   17:36  10,6   01:29   2,8   1,1   0,0   7,1  41,8   12:09     W
17  17,3  26,8   18:20  10,8   04:46   2,5   1,6   0,0   5,5  31,7   12:44   NNW
18  19,6  25,2   15:29  14,1   00:24   1,1   2,4   0,0   8,2  39,2   16:09   WNW
19  15,9  24,6   13:41  11,3   23:08   3,3   1,0   7,8   5,4  36,7   17:22     N
20  14,9  19,4   17:56  11,4   00:07   3,4   0,0   1,5  11,5  46,4   13:45     W
21  17,7  26,3   15:57   9,8   04:16   2,6   2,0   1,8   6,7  36,7   17:28    SW
22  19,9  29,9   18:38  12,7   04:41   1,4   3,0   0,0   7,2  28,1   13:55     W
23  18,4  22,9   18:53  15,3   23:54   0,7   0,8   7,5   8,1  42,8   14:24    NW
24  17,8  24,9   17:24  11,7   05:27   2,0   1,5   0,0   4,8  22,0   18:32     N
25  20,1  28,0   18:50  14,2   04:10   1,0   2,8   0,9   7,6  35,6   10:31   SSE
26  15,9  21,2   00:07  11,4   23:59   2,6   0,2   3,6  12,3  52,6   07:03   WSW
27  15,0  21,7   15:47   8,5   05:03   3,6   0,3   0,0   4,7  35,6   18:36   SSE
28  15,6  20,0   17:02  13,2   02:10   2,8   0,1  12,6   5,3  41,8   17:27    SW
29  15,5  20,1   16:48  11,2   23:53   3,0   0,2   0,9   9,7  49,0   14:35    SW
30  12,0  13,8   16:21   9,6   03:26   6,3   0,0   3,9  13,2  50,0   17:49    SW
31  12,8  15,3   17:27   9,8   23:58   5,5   0,0   6,9  12,4  42,8   15:02   WSW
----------------------------------------------------------------------------------
    17,5  36,5     4     8,5    27    75,4  52,9  63,3   7,9  69,8     9       W

Max >=  20,0: 25
Max <=   0,0:  0
Min <=   0,0:  0
Min <= -10,0:  0
Max Rain: 12,6 on day 28
Days of Rain: 16 (>= 0,2 mm)  10 (>= 2,0 mm)  0 (>= 20,0 mm)
Heat Base: 18,3  Cool Base: 18,3  Method: Integration