Raporty klimatyczne NOAA

Wybierz Rok lub Miesiąc raportu
V/Λ2018 > Jan Feb Mar Apr May Jun Jul Aug Sep Oct Nov Dec
V/Λ2017 > Jan Feb Mar Apr May Jun Jul Aug Sep Oct Nov Dec
V/Λ2016 > Jan Feb Mar Apr May Jun Jul Aug Sep Oct Nov Dec
V/Λ2015 > Jan Feb Mar Apr May Jun Jul Aug Sep Oct Nov Dec
V/Λ2014 > Jan Feb Mar Apr May Jun Jul Aug Sep Oct Nov Dec
V/Λ2013 > Jan Feb Mar Apr May Jun Jul Aug Sep Oct Nov Dec
V/Λ2012 > Jan Feb Mar Apr May Jun Jul Aug Sep Oct Nov Dec

Report for 2015 Apr
                   Monthly Climatological Summary for kwi 2015

Name: NIESIOŁOWICE-na Kaszubach   City: NIESIOŁOWICE   State: Pomorskie (PL)
Elevation: 186 m  Lat: N 54° 12' 24"   Lon: E 017° 51' 01"

                  Temperature (°C), Rain (mm), Wind Speed (km/h)

                                      Heat  Cool        Avg
    Mean                              Deg   Deg         Wind                 Dom
Day Temp  High   Time   Low    Time   Days  Days  Rain  Speed High   Time    Dir
----------------------------------------------------------------------------------
 1   2,6   6,2   17:02   1,0   06:11  15,7   0,0  10,8  13,2  47,9   16:21    NW
 2   3,0   5,4   14:47   1,2   07:13  15,3   0,0   0,9  12,4  51,5   01:57   WNW
 3   3,6   7,2   14:29   0,9   05:55  14,7   0,0   0,0   9,4  37,8   13:50    NW
 4   2,3   6,0   13:33  -0,3   06:15  16,0   0,0   0,0   8,1  39,2   13:25   NNW
 5   2,4   5,0   15:04   0,8   01:26  15,9   0,0   3,6   8,8  40,3   17:00   NNW
 6   2,5   5,5   15:29   0,2   05:23  15,8   0,0   2,4   7,8  33,1   14:33     N
 7   3,8   7,7   13:26   0,1   00:14  14,5   0,0   0,3  11,6  61,2   13:13   WNW
 8   6,4  10,5   18:12  -0,1   23:58  11,9   0,0   0,0   8,2  35,6   13:18    NW
 9   5,8  14,5   17:25  -2,4   05:55  12,5   0,0   0,3   6,7  43,9   14:03    SW
10   8,7  19,2   18:40  -0,5   06:22   9,7   0,0   0,0   2,5  23,4   11:56   WNW
11  12,0  21,4   17:57   2,4   05:41   6,8   0,5   0,0   4,6  43,9   15:27   SSW
12   8,8  14,1   00:43   4,3   23:46   9,5   0,0   2,4  14,4  62,3   04:19   WNW
13   5,7   8,1   06:43   3,5   23:59  12,6   0,0   5,1  16,9  67,3   16:09   WNW
14   4,9   7,5   14:23   2,2   05:43  13,4   0,0   3,3  14,0  50,0   10:28     W
15   9,6  16,5   18:42   6,5   07:48   8,7   0,0   1,2  14,5  51,5   22:41   WNW
16   6,7  10,1   00:00   4,3   05:46  11,6   0,0   0,0  17,4  62,3   09:46   WNW
17   5,1   9,0   14:13   2,7   22:38  13,2   0,0   0,0  11,8  40,3   16:37    NW
18   4,8   8,5   18:07   2,6   04:19  13,5   0,0   0,9  10,3  33,1   10:52   NNW
19   6,4   9,5   15:05   3,8   00:00  11,9   0,0   0,0  11,5  43,9   11:48   NNW
20   7,0  10,6   11:47   3,7   02:31  11,5   0,0   0,3  15,8  64,8   11:31     N
21   7,3  12,8   14:57   0,0   05:23  11,0   0,0   0,0   9,9  41,8   12:26     N
22   8,5  16,2   17:36   0,9   06:03   9,8   0,0   0,0   4,7  27,0   14:50     N
23  10,6  15,7   13:08   5,7   02:11   7,7   0,0   0,6  16,5  56,2   17:25     W
24  11,3  18,6   18:37   7,7   23:57   7,0   0,0   0,0   9,6  42,8   13:52   WNW
25  13,8  22,6   15:10   4,4   05:23   5,4   0,9   0,0   6,9  43,9   13:44   SSW
26  13,6  19,1   15:59  10,6   23:31   4,7   0,0   5,4   4,3  30,6   11:07     W
27  13,6  22,7   15:25   8,2   05:28   5,4   0,7   2,1   6,0  42,8   16:42    SW
28   6,5   8,6   00:00   1,9   20:54  11,8   0,0   5,4   9,4  35,6   20:23   NNW
29   6,9  14,1   19:00   2,3   23:52  11,4   0,0   0,3   9,0  49,0   09:55   WNW
30   9,2  16,1   17:05   1,4   04:45   9,1   0,0   0,0   7,8  45,4   10:01     S
----------------------------------------------------------------------------------
     7,1  22,7    27    -2,4     9   338,0   2,1  45,3  10,1  67,3    13     WNW

Max >=  20,0:  3
Max <=   0,0:  0
Min <=   0,0:  5
Min <= -10,0:  0
Max Rain: 10,8 on day 1
Days of Rain: 17 (>= 0,2 mm)  9 (>= 2,0 mm)  0 (>= 20,0 mm)
Heat Base: 18,3  Cool Base: 18,3  Method: Integration