Raporty klimatyczne NOAA

Wybierz Rok lub Miesiąc raportu
V/Λ2018 > Jan Feb Mar Apr May Jun Jul Aug Sep Oct Nov Dec
V/Λ2017 > Jan Feb Mar Apr May Jun Jul Aug Sep Oct Nov Dec
V/Λ2016 > Jan Feb Mar Apr May Jun Jul Aug Sep Oct Nov Dec
V/Λ2015 > Jan Feb Mar Apr May Jun Jul Aug Sep Oct Nov Dec
V/Λ2014 > Jan Feb Mar Apr May Jun Jul Aug Sep Oct Nov Dec
V/Λ2013 > Jan Feb Mar Apr May Jun Jul Aug Sep Oct Nov Dec
V/Λ2012 > Jan Feb Mar Apr May Jun Jul Aug Sep Oct Nov Dec

Report for 2015 Mar
                   Monthly Climatological Summary for mar 2015

Name: NIESIOŁOWICE-na Kaszubach   City: NIESIOŁOWICE   State: Pomorskie (PL)
Elevation: 186 m  Lat: N 54° 12' 24"   Lon: E 017° 51' 01"

                  Temperature (°C), Rain (mm), Wind Speed (km/h)

                                      Heat  Cool        Avg
    Mean                              Deg   Deg         Wind                 Dom
Day Temp  High   Time   Low    Time   Days  Days  Rain  Speed High   Time    Dir
----------------------------------------------------------------------------------
 1   3,2   7,1   12:46  -0,8   07:06  15,1   0,0   0,0  10,0  51,5   17:40     S
 2   3,5   6,9   11:48   2,1   21:52  14,8   0,0   3,6  11,8  41,8   22:52   WSW
 3   2,2   4,8   16:03   0,4   23:20  16,3   0,0   2,7  16,7  54,0   02:29     W
 4   1,4   3,1   14:23   0,4   00:00  16,9   0,0   3,3   8,2  36,7   15:27     W
 5   1,8   4,3   13:39  -1,0   23:53  16,4   0,0   2,7   6,9  24,5   14:56    NW
 6   1,3   4,7   23:21  -3,5   05:43  17,0   0,0   1,8   6,6  28,1   20:07    SW
 7   6,4   8,7   16:28   4,6   02:59  11,9   0,0   0,9  10,8  43,9   11:50    SW
 8  10,2  16,8   14:56   5,2   06:58   8,1   0,0   0,0  11,0  46,4   12:28    SW
 9   6,4   9,4   00:00  -0,8   23:49  11,9   0,0   0,0   4,8  28,1   12:12   WNW
10   5,6  12,5   13:45  -1,0   00:29  12,7   0,0   0,0   6,5  29,5   12:19   WSW
11   3,9   5,9   16:06   2,3   05:27  14,4   0,0   0,0   6,6  23,4   00:08    NW
12   3,0   7,0   12:54   1,2   21:00  15,3   0,0   0,0  10,3  33,1   11:41    NE
13   2,7   5,9   12:45   0,7   03:09  15,6   0,0   0,0  10,6  40,3   13:01   ENE
14   5,1   8,9   12:18   2,2   00:00  13,2   0,0   0,0  11,2  39,2   12:59     E
15   5,8   7,7   13:31   4,3   02:11  12,5   0,0   0,0  10,7  33,1   09:53   ESE
16   6,9  11,3   14:43   4,5   05:52  11,4   0,0   0,0  12,0  36,7   12:52    SE
17   7,6  13,7   15:08   2,4   05:57  10,7   0,0   0,0  12,1  42,8   15:36    SE
18   6,0  12,8   16:35  -0,1   06:07  12,3   0,0   0,0   6,1  33,1   12:03    SE
19   4,4  13,0   16:40  -2,4   06:05  13,9   0,0   0,0   2,0  22,0   11:49   ESE
20   4,5  10,6   13:44  -2,9   05:36  13,8   0,0   0,0   5,2  34,2   12:59   WSW
21   3,3   6,5   12:25  -1,5   23:55  15,0   0,0   2,1  10,6  52,6   17:57   NNE
22   0,0   4,8   16:20  -2,9   06:03  18,3   0,0   0,0   7,2  39,2   03:23   ENE
23   3,5   9,7   16:11  -1,4   00:29  14,8   0,0   0,0   9,7  39,2   10:18    SW
24   4,8  12,0   14:33  -2,0   05:11  13,5   0,0   0,0   5,0  30,6   10:12   WNW
25   6,2  13,4   13:24   0,8   01:29  12,1   0,0   0,0   7,2  27,0   14:17   ESE
26   8,5  11,6   10:40   4,6   03:35   9,8   0,0   1,2   5,2  23,4   08:01    SE
27   4,9   6,9   00:00   3,5   23:56  13,4   0,0   4,2   3,4  18,4   00:00   WNW
28   4,3   7,7   17:00   0,6   23:29  14,0   0,0   0,3   3,8  28,1   10:53    NW
29   4,8   7,5   22:41   0,0   01:15  13,0   0,0   2,4   8,3  36,7   11:56     S
30   5,3   7,4   05:24   2,0   09:49  13,0   0,0  17,1  21,1  79,6   20:37   WSW
31   3,2   5,4   00:00   1,5   14:31  15,1   0,0   6,6  13,7  66,2   00:54    SW
----------------------------------------------------------------------------------
     4,5  16,8     8    -3,5     6   426,2   0,0  48,9   8,9  79,6    30      SW

Max >=  20,0:  0
Max <=   0,0:  0
Min <=   0,0: 13
Min <= -10,0:  0
Max Rain: 17,1 on day 30
Days of Rain: 13 (>= 0,2 mm)  9 (>= 2,0 mm)  0 (>= 20,0 mm)
Heat Base: 18,3  Cool Base: 18,3  Method: Integration