Raporty klimatyczne NOAA

Wybierz Rok lub Miesiąc raportu
V/Λ2018 > Jan Feb Mar Apr May Jun Jul Aug Sep Oct Nov Dec
V/Λ2017 > Jan Feb Mar Apr May Jun Jul Aug Sep Oct Nov Dec
V/Λ2016 > Jan Feb Mar Apr May Jun Jul Aug Sep Oct Nov Dec
V/Λ2015 > Jan Feb Mar Apr May Jun Jul Aug Sep Oct Nov Dec
V/Λ2014 > Jan Feb Mar Apr May Jun Jul Aug Sep Oct Nov Dec
V/Λ2013 > Jan Feb Mar Apr May Jun Jul Aug Sep Oct Nov Dec
V/Λ2012 > Jan Feb Mar Apr May Jun Jul Aug Sep Oct Nov Dec

Report for 2014 Dec
                   Monthly Climatological Summary for gru 2014

Name: NIESIOŁOWICE-na Kaszubach   City: NIESIOŁOWICE   State: Pomorskie (PL)
Elevation: 186 m  Lat: N 54° 12' 24"   Lon: E 017° 51' 01"

                  Temperature (°C), Rain (mm), Wind Speed (km/h)

                                      Heat  Cool        Avg
    Mean                              Deg   Deg         Wind                 Dom
Day Temp  High   Time   Low    Time   Days  Days  Rain  Speed High   Time    Dir
----------------------------------------------------------------------------------
 1  -5,4  -4,1   14:02  -7,9   00:00  23,7   0,0   0,0  12,2  36,7   11:41    SE
 2  -4,6  -1,8   13:19  -6,6   23:59  22,9   0,0   0,0   9,6  31,7   04:44    SE
 3  -4,1  -2,7   13:15  -7,2   02:59  22,4   0,0   0,0   1,9   9,7   16:59     S
 4  -2,3  -0,7   14:05  -3,6   00:08  20,6   0,0   0,0   3,7  19,4   18:18    SE
 5  -1,9  -0,9   23:54  -2,7   05:50  20,2   0,0   0,0   0,3  14,8   00:34    SE
 6   0,9   1,9   22:06  -0,9   00:00  17,4   0,0   0,0   3,4  22,0   20:40    SW
 7   0,8   2,3   02:02  -0,7   21:30  17,5   0,0   0,0   7,4  30,6   20:26    SW
 8   1,5   3,0   12:54   0,0   00:00  16,8   0,0   1,5   8,4  30,6   12:42    SW
 9   1,2   2,6   11:54   0,2   16:26  17,1   0,0   0,0   6,1  23,4   09:50    SW
10   0,1   0,9   23:49  -0,9   06:48  18,2   0,0   0,3  13,2  46,4   11:20   SSW
11   1,6   2,5   21:51   0,9   00:00  16,7   0,0   1,5  10,9  36,7   23:13   SSW
12   3,2   6,5   23:25   1,3   00:00  15,0   0,0   6,3  15,8  61,2   23:40    SW
13   4,1   4,9   00:23   3,1   19:40  14,2   0,0   2,1  17,2  52,6   08:53   WSW
14   1,4   3,8   00:00  -0,9   23:16  16,9   0,0   0,0   6,4  30,6   00:46    SW
15   2,2   4,0   18:06  -0,9   00:00  16,1   0,0   0,0   9,6  35,6   12:24    SW
16   3,7   4,5   13:08   3,0   06:09  14,6   0,0   0,0  10,4  35,6   21:23    SW
17   2,6   4,2   12:44   0,4   23:47  15,7   0,0   0,0  13,3  46,4   09:44   WSW
18   4,3   8,7   23:39   0,4   00:00  14,0   0,0   2,4   9,2  41,8   23:27    SW
19   8,9  10,7   09:48   5,3   23:53   9,4   0,0  11,7  17,1  55,1   23:13     W
20   3,4   5,3   00:00   1,0   21:48  14,9   0,0   9,9  21,1  58,7   13:19     W
21   3,2   5,1   13:25   1,0   00:00  15,1   0,0   5,1  13,9  50,0   16:07   WNW
22   6,8   8,9   14:55   3,9   00:20  11,5   0,0  36,6  17,4  58,7   15:39     W
23   6,7   7,9   10:47   5,5   18:54  11,6   0,0   8,1  14,1  49,0   13:24   WNW
24   5,9   8,1   10:57   3,0   21:46  12,4   0,0  21,9  16,9  76,0   18:11     W
25   0,6   3,7   00:39  -2,3   23:43  17,7   0,0   6,0   3,3  36,7   01:14   WNW
26  -4,9  -2,3   00:00  -8,0   07:24  23,2   0,0   0,0   0,0   1,1   14:31   ---
27  -5,5  -4,1   13:20  -8,5   23:58  24,2   0,0   0,0   0,1  17,3   15:40     S
28  -6,0  -2,0   12:49  -8,8   04:29  24,3   0,0   0,0   0,9  17,3   12:48    NW
29  -6,7  -3,6   13:00 -10,6   23:57  25,4   0,0   0,0   0,1   6,1   04:48   NNW
30  -8,2  -3,6   23:30 -14,3   07:01  26,5   0,0   0,0   0,0   0,0   00:00   ---
31  -0,2   3,3   23:56  -3,6   00:00  18,5   0,0   0,9   4,2  20,9   23:52   WSW
----------------------------------------------------------------------------------
     0,4  10,7    19   -14,3    30   554,7   0,0 114,3   8,6  76,0    24     WSW

Max >=  20,0:  0
Max <=   0,0: 10
Min <=   0,0: 18
Min <= -10,0:  2
Max Rain: 36,6 on day 22
Days of Rain: 14 (>= 0,2 mm)  10 (>= 2,0 mm)  2 (>= 20,0 mm)
Heat Base: 18,3  Cool Base: 18,3  Method: Integration