Raporty klimatyczne NOAA

Wybierz Rok lub Miesiąc raportu
V/Λ2018 > Jan Feb Mar Apr May Jun Jul Aug Sep Oct Nov Dec
V/Λ2017 > Jan Feb Mar Apr May Jun Jul Aug Sep Oct Nov Dec
V/Λ2016 > Jan Feb Mar Apr May Jun Jul Aug Sep Oct Nov Dec
V/Λ2015 > Jan Feb Mar Apr May Jun Jul Aug Sep Oct Nov Dec
V/Λ2014 > Jan Feb Mar Apr May Jun Jul Aug Sep Oct Nov Dec
V/Λ2013 > Jan Feb Mar Apr May Jun Jul Aug Sep Oct Nov Dec
V/Λ2012 > Jan Feb Mar Apr May Jun Jul Aug Sep Oct Nov Dec

Report for 2014 Nov
                   Monthly Climatological Summary for lis 2014

Name: NIESIOŁOWICE-na Kaszubach   City: NIESIOŁOWICE   State: Pomorskie (PL)
Elevation: 186 m  Lat: N 54° 12' 24"   Lon: E 017° 51' 01"

                  Temperature (°C), Rain (mm), Wind Speed (km/h)

                                      Heat  Cool        Avg
    Mean                              Deg   Deg         Wind                 Dom
Day Temp  High   Time   Low    Time   Days  Days  Rain  Speed High   Time    Dir
----------------------------------------------------------------------------------
 1   7,4  10,1   13:31   5,6   00:23  10,9   0,0   0,3   2,4  12,2   18:09   SSE
 2   9,5  14,1   14:02   6,3   00:00   8,8   0,0   0,0   6,3  29,5   19:46     S
 3  10,3  14,2   14:02   8,3   07:43   8,0   0,0   0,0   7,9  34,2   13:00   SSW
 4   7,9  12,8   13:25   5,3   23:35  10,4   0,0   0,0   5,1  24,5   08:16     S
 5   7,7  12,5   13:26   4,6   02:07  10,6   0,0   0,0   2,6  19,4   10:51   SSE
 6   7,2   9,4   18:47   4,5   03:26  11,1   0,0   0,3   2,5  22,0   19:28    SW
 7   6,5   9,1   12:45   1,2   23:55  11,8   0,0   2,4   2,1  17,3   12:46    SW
 8   3,8   7,7   14:11   0,4   03:47  14,5   0,0   0,3   1,5  15,8   13:07     S
 9   4,8   7,8   13:41   1,5   01:41  13,5   0,0   0,3   5,1  29,5   14:36    SE
10   9,4  11,0   14:02   6,4   00:00   8,9   0,0   0,3   4,9  22,0   07:09   SSE
11   8,4   9,7   00:21   6,4   10:05   9,9   0,0   0,0   3,6  18,4   02:12    SE
12   9,2  10,7   12:06   6,7   23:25   9,0   0,0   0,0   9,8  31,7   18:18    SE
13   6,6   7,2   13:47   5,8   07:31  11,6   0,0   0,0   7,0  30,6   00:46    SE
14   7,6   8,4   11:25   6,6   23:11  10,7   0,0   0,0   6,8  24,5   20:40    SE
15   5,5   6,6   00:00   3,6   23:52  12,8   0,0   0,0  12,2  35,6   20:28    SE
16   3,8   4,7   14:32   2,9   06:13  14,5   0,0   0,3  14,7  41,8   10:41    SE
17   4,6   5,4   13:36   3,4   00:00  13,7   0,0   1,2  10,1  31,7   23:30    SE
18   2,7   4,7   00:00   0,9   22:32  15,6   0,0   0,3  11,9  33,1   08:09    SE
19   0,9   1,2   11:38   0,4   06:52  17,5   0,0   0,3   7,5  30,6   00:45    SE
20   1,9   2,6   14:21   1,0   00:00  16,4   0,0   0,0   1,4   9,7   00:33   ESE
21   3,3   4,8   14:02   1,9   00:18  15,0   0,0   0,0   2,7  11,2   14:25    SW
22   4,6   5,8   12:17   3,7   20:52  13,7   0,0   0,3   1,9  11,2   04:41    SW
23   3,2   4,7   13:11   2,2   06:59  15,1   0,0   0,0   8,3  30,6   18:16   SSE
24   2,7   5,1   23:36   1,2   07:13  15,6   0,0   3,0  11,4  46,4   10:43     S
25   5,4   6,6   13:27   4,3   23:10  12,9   0,0   0,0   3,8  17,3   08:40    SW
26   4,1   5,8   14:48   0,1   23:56  14,2   0,0   0,3   1,5  12,2   04:53   WSW
27   0,6   2,1   13:53  -1,2   05:06  17,7   0,0   0,0   3,2  20,9   20:09    SE
28  -1,8   0,2   00:07  -3,2   20:28  20,1   0,0   4,5  10,4  33,1   17:05    SE
29  -4,1  -2,1   13:34  -6,8   23:33  22,4   0,0   0,0   9,1  28,1   11:12    SE
30  -6,1  -2,5   13:34  -8,0   21:56  24,3   0,0   0,0   7,7  33,1   12:26    SE
----------------------------------------------------------------------------------
     4,6  14,2     3    -8,0    30   411,2   0,0  14,1   6,2  46,4    24     SSE

Max >=  20,0:  0
Max <=   0,0:  2
Min <=   0,0:  4
Min <= -10,0:  0
Max Rain: 4,5 on day 28
Days of Rain: 14 (>= 0,2 mm)  3 (>= 2,0 mm)  0 (>= 20,0 mm)
Heat Base: 18,3  Cool Base: 18,3  Method: Integration