Raporty klimatyczne NOAA

Wybierz Rok lub Miesiąc raportu
V/Λ2018 > Jan Feb Mar Apr May Jun Jul Aug Sep Oct Nov Dec
V/Λ2017 > Jan Feb Mar Apr May Jun Jul Aug Sep Oct Nov Dec
V/Λ2016 > Jan Feb Mar Apr May Jun Jul Aug Sep Oct Nov Dec
V/Λ2015 > Jan Feb Mar Apr May Jun Jul Aug Sep Oct Nov Dec
V/Λ2014 > Jan Feb Mar Apr May Jun Jul Aug Sep Oct Nov Dec
V/Λ2013 > Jan Feb Mar Apr May Jun Jul Aug Sep Oct Nov Dec
V/Λ2012 > Jan Feb Mar Apr May Jun Jul Aug Sep Oct Nov Dec

Report for 2013 Sep
                   Monthly Climatological Summary for wrz 2013

Name: NIESIOŁOWICE-na Kaszubach   City: NIESIOŁOWICE   State: Pomorskie (PL)
Elevation: 186 m  Lat: N 54° 12' 24"   Lon: E 017° 51' 01"

                  Temperature (°C), Rain (mm), Wind Speed (km/h)

                                      Heat  Cool        Avg
    Mean                              Deg   Deg         Wind                 Dom
Day Temp  High   Time   Low    Time   Days  Days  Rain  Speed High   Time    Dir
----------------------------------------------------------------------------------
 1  13,9  16,8   16:23  11,5   23:19   4,4   0,0   2,7  13,1  43,9   12:33   WNW
 2  12,7  13,9   13:40  11,8   00:00   5,6   0,0  21,0  17,4  55,1   15:38     W
 3  13,8  18,1   16:45   9,6   00:00   4,5   0,0   0,3   9,0  35,6   09:56   NNW
 4  13,2  19,7   16:15   5,5   05:37   5,3   0,2   0,0   1,8  13,3   20:36   NNE
 5  15,4  23,3   18:40   9,5   04:11   3,8   0,8   0,3   4,3  25,6   12:04    SE
 6  16,1  23,4   17:35  10,5   06:01   3,3   1,1   0,0   5,1  27,0   12:28    SE
 7  15,7  22,4   17:35   9,8   06:48   3,5   0,9   0,0   4,9  23,4   16:54     E
 8  15,9  24,2   17:23   9,1   06:07   3,6   1,2   0,0   7,1  40,3   14:26    SE
 9  16,1  22,9   13:47  11,6   05:02   3,1   0,9  15,3   9,3  35,6   10:24   SSE
10  13,7  19,7   17:54   9,3   05:29   4,7   0,1   0,3   6,0  24,5   13:11    SW
11  13,1  17,1   18:22  11,1   23:52   5,2   0,0  13,8   2,5  13,3   00:37   SSE
12  11,4  15,8   12:53   8,1   06:13   7,0   0,0  11,7   3,4  25,6   23:49    NW
13  13,8  17,3   16:02  10,6   00:21   4,5   0,0   0,3   7,0  28,1   23:50     N
14  15,9  17,9   14:45  14,4   00:00   2,4   0,0   0,0   7,0  25,6   00:12    NE
15  15,0  19,6   16:27  12,3   23:58   3,4   0,0   5,1   4,5  28,1   19:38   SSE
16  13,3  16,3   12:12  10,9   06:32   5,0   0,0   0,9   4,0  25,6   12:41   SSW
17  11,1  13,8   11:23   7,8   23:16   7,2   0,0   0,3   6,1  42,8   12:59   WNW
18  10,4  16,5   15:19   4,1   06:55   7,9   0,0   0,0   2,6  18,4   15:43     S
19  11,3  14,3   12:41   8,8   23:50   7,0   0,0   0,0   6,0  30,6   14:54    NW
20  11,2  16,2   13:47   7,7   23:30   7,1   0,0   0,0   5,0  22,0   13:46    NW
21  12,0  16,7   14:04   7,6   05:25   6,3   0,0   0,0   7,0  28,1   15:13    NW
22  13,1  16,2   13:45  10,5   07:05   5,2   0,0   0,0  12,7  47,9   23:25     W
23  13,3  15,3   00:41   9,1   23:58   5,0   0,0   0,0  11,1  45,4   00:41    NW
24   9,7  13,5   13:33   6,7   23:53   8,6   0,0   0,0  10,8  51,5   18:16    NW
25   7,3  11,1   17:12   4,0   23:32  11,0   0,0   0,0   3,7  29,5   11:30    NW
26   7,1  11,2   12:41   3,9   00:23  11,2   0,0   0,6   5,1  34,2   22:29   NNW
27   6,6  11,7   17:21   2,8   06:17  11,8   0,0   0,6   5,1  29,5   17:21   WNW
28   8,2  17,0   07:48   5,2   23:55  10,1   0,0   7,5   5,9  34,2   11:31    NW
29   7,2  12,3   15:23   3,0   06:53  11,1   0,0   0,6   4,1  28,1   14:33     E
30   6,7  12,1   13:34   2,1   06:01  11,6   0,0   0,3   3,4  25,6   15:53     E
----------------------------------------------------------------------------------
    12,1  24,2     8     2,1    30   190,4   5,2  81,6   6,5  55,1     2     WNW

Max >=  20,0:  5
Max <=   0,0:  0
Min <=   0,0:  0
Min <= -10,0:  0
Max Rain: 21,0 on day 2
Days of Rain: 17 (>= 0,2 mm)  7 (>= 2,0 mm)  1 (>= 20,0 mm)
Heat Base: 18,3  Cool Base: 18,3  Method: Integration