Raporty klimatyczne NOAA

Wybierz Rok lub Miesiąc raportu
V/Λ2018 > Jan Feb Mar Apr May Jun Jul Aug Sep Oct Nov Dec
V/Λ2017 > Jan Feb Mar Apr May Jun Jul Aug Sep Oct Nov Dec
V/Λ2016 > Jan Feb Mar Apr May Jun Jul Aug Sep Oct Nov Dec
V/Λ2015 > Jan Feb Mar Apr May Jun Jul Aug Sep Oct Nov Dec
V/Λ2014 > Jan Feb Mar Apr May Jun Jul Aug Sep Oct Nov Dec
V/Λ2013 > Jan Feb Mar Apr May Jun Jul Aug Sep Oct Nov Dec
V/Λ2012 > Jan Feb Mar Apr May Jun Jul Aug Sep Oct Nov Dec

Report for 2013 Mar
                   Monthly Climatological Summary for mar 2013

Name: NIESIOŁOWICE-na Kaszubach   City: NIESIOŁOWICE    State: Pomorskie (PL)
Elevation: 186 m  Lat: N 54° 12' 24"   Lon: E 017° 51' 01"

                  Temperature (°C), Rain (mm), Wind Speed (km/h)

                                      Heat  Cool        Avg
    Mean                              Deg   Deg         Wind                 Dom
Day Temp  High   Time   Low    Time   Days  Days  Rain  Speed High   Time    Dir
----------------------------------------------------------------------------------
 1   1,9   3,6   13:21   0,6   07:21  16,4   0,0   2,4  11,4  40,3   13:24    NW
 2   1,1   5,2   13:32  -4,0   06:46  17,3   0,0   2,4  12,3  55,1   17:58   WNW
 3   1,5   3,7   12:31  -2,3   23:36  18,5   0,0   0,0   4,7  63,7   00:35    NW
 4   0,3   7,1   16:21  -6,1   06:40  18,1   0,0   0,0   4,9  33,1   14:18   WSW
 5   1,9   9,8   14:56  -4,8   06:15  16,5   0,0   0,0   3,4  22,0   12:22     S
 6   1,9  10,4   14:47  -4,2   06:16  16,4   0,0   0,0   1,8  17,3   23:38     E
 7   0,8   2,7   10:56  -1,3   23:52  17,6   0,0   0,0  17,6  47,9   16:40     E
 8  -1,3   1,7   13:29  -3,7   23:54  19,7   0,0   0,0  16,8  47,9   10:35   ESE
 9  -3,0   0,0   15:05  -5,8   05:37  21,5   0,0   0,0  14,0  42,8   15:36     E
10  -5,3  -3,3   11:04  -7,4   23:58  23,6   0,0   0,0  18,2  49,0   13:09     E
11  -5,9  -3,6   13:40  -7,6   02:10  24,2   0,0   0,0  12,3  39,2   10:48     E
12  -6,6  -2,4   13:54 -16,2   23:38  24,9   0,0   0,0   6,4  23,4   13:04    NE
13 -10,0  -0,9   16:33 -19,6   05:32  28,5   0,0   0,0   2,6  19,4   12:29   ENE
14  -6,1   1,6   12:12 -15,5   02:33  24,4   0,0   0,0   3,8  30,6   15:03    NE
15  -5,0  -1,4   14:40 -10,4   02:40  23,3   0,0   0,0   8,7  39,2   14:39   NNE
16  -5,8   1,2   17:08 -13,8   06:23  24,5   0,0   0,0   3,4  18,4   10:11   ENE
17  -5,3   1,2   14:14 -14,2   05:28  24,0   0,0   0,0   9,0  36,7   16:06    SE
18  -2,5   1,6   14:06  -6,7   05:52  20,8   0,0   0,0  18,4  52,6   14:06   ESE
19  -3,6  -1,6   12:55  -4,9   06:06  21,9   0,0   0,0  14,7  46,4   01:37   ESE
20  -2,5   1,2   15:02  -4,8   05:48  20,9   0,0   0,0   4,0  14,8   10:50     E
21  -2,5  -0,3   20:22  -3,8   00:13  21,5   0,0   0,0   7,8  25,6   08:46     E
22  -5,0  -2,9   00:06  -7,2   06:14  23,4   0,0   0,0  15,3  45,4   08:47   ENE
23  -7,3  -2,6   16:18 -13,3   23:50  25,6   0,0   0,0   6,6  33,1   14:54     E
24  -5,4   1,5   12:16 -14,0   01:25  23,7   0,0   0,0   5,2  29,5   16:34     E
25  -3,8   1,6   11:56 -10,9   04:32  22,2   0,0   0,0   5,8  31,7   13:24     E
26  -2,8   1,9   13:36  -8,2   06:20  21,1   0,0   0,0   8,8  37,8   12:55     E
27  -1,6   3,9   15:47  -7,9   05:50  19,9   0,0   0,0   7,9  31,7   11:31   ESE
28  -0,1   4,3   13:27  -4,4   05:12  18,7   0,0   0,0  12,4  46,4   15:09    SE
29  -0,2   3,1   11:46  -1,5   05:37  18,5   0,0   0,0   9,9  31,7   00:56    SE
30  -0,3   3,0   11:48  -2,2   23:59  18,6   0,0   1,5   5,2  19,4   14:45    NW
31  -1,0   2,6   12:08  -4,1   06:37  18,5   0,0   0,3   8,0  28,1   18:12    NE
----------------------------------------------------------------------------------
    -2,7  10,4     6   -19,6    13   654,7   0,0   6,6   9,2  63,7     3       E

Max >=  20,0:  0
Max <=   0,0: 10
Min <=   0,0: 30
Min <= -10,0:  9
Max Rain: 2,4 on day 1
Days of Rain: 4 (>= 0,2 mm)  2 (>= 2,0 mm)  0 (>= 20,0 mm)
Heat Base: 18,3  Cool Base: 18,3  Method: Integration