Raporty klimatyczne NOAA

Wybierz Rok lub Miesiąc raportu
V/Λ2018 > Jan Feb Mar Apr May Jun Jul Aug Sep Oct Nov Dec
V/Λ2017 > Jan Feb Mar Apr May Jun Jul Aug Sep Oct Nov Dec
V/Λ2016 > Jan Feb Mar Apr May Jun Jul Aug Sep Oct Nov Dec
V/Λ2015 > Jan Feb Mar Apr May Jun Jul Aug Sep Oct Nov Dec
V/Λ2014 > Jan Feb Mar Apr May Jun Jul Aug Sep Oct Nov Dec
V/Λ2013 > Jan Feb Mar Apr May Jun Jul Aug Sep Oct Nov Dec
V/Λ2012 > Jan Feb Mar Apr May Jun Jul Aug Sep Oct Nov Dec

Report for 2013 Jan
                   Monthly Climatological Summary for sty 2013

Name: NIESIOŁOWICE-na Kaszubach   City: NIESIOŁOWICE    State: Pomorskie (PL)
Elevation: 186 m  Lat: N 54° 12' 24"   Lon: E 017° 51' 01"

                  Temperature (°C), Rain (mm), Wind Speed (km/h)

                                      Heat  Cool        Avg
    Mean                              Deg   Deg         Wind                 Dom
Day Temp  High   Time   Low    Time   Days  Days  Rain  Speed High   Time    Dir
----------------------------------------------------------------------------------
 1   3,5   5,4   13:20   2,0   06:29  14,9   0,0   1,5  10,7  30,6   04:09   SSW
 2   3,2   4,1   00:38   2,5   18:20  15,2   0,0   2,4  10,5  28,1   12:20   WSW
 3   4,8   7,1   15:40   2,7   10:20  13,8   0,0  22,5  19,2  61,2   19:10   WNW
 4   5,0   5,7   00:00   3,9   23:30  13,5   0,0   2,1  13,9  54,0   01:30    NW
 5   1,8   3,9   00:00   0,0   22:41  16,7   0,0   0,3  10,6  30,6   06:40   NNW
 6   0,5   1,8   12:41  -1,7   23:51  17,9   0,0   0,0   3,9  15,8   19:21     N
 7  -1,3   0,4   14:01  -2,6   23:51  19,8   0,0   0,0   3,5  17,3   21:41     E
 8  -3,1  -2,0   12:22  -4,5   06:21  21,7   0,0   0,0   6,4  23,4   02:21   SSW
 9   0,2   1,8   12:31  -2,4   00:01  18,3   0,0   3,9   6,7  18,4   21:11     S
10   0,4   2,6   04:21  -1,7   21:41  18,1   0,0   7,8  15,3  39,2   14:21    NW
11  -2,3  -0,5   12:41  -3,9   22:41  20,8   0,0   0,0  12,6  24,5   14:11    NW
12  -4,2  -3,2   20:42  -5,1   08:21  22,8   0,0   0,0  12,7  27,0   07:21   NNE
13  -4,0  -2,8   13:32  -4,7   23:22  22,8   0,0   0,0   7,9  20,9   06:22     E
14  -5,4  -4,6   13:03  -6,5   19:32  23,9   0,0   0,0  10,5  30,6   18:49    SE
15  -6,0  -5,0   03:32  -7,0   21:42  24,5   0,0   0,0   3,8  15,8   06:32   SSW
16  -4,2  -2,3   20:03  -7,2   02:12  22,7   0,0   0,0   6,1  27,0   20:23     E
17  -3,4  -0,7   11:24  -5,6   04:43  21,9   0,0   0,0  11,9  36,7   13:34    NE
18  -4,2  -3,3   09:53  -6,3   23:44  22,9   0,0   0,0   9,6  27,0   14:33   ENE
19  -6,7  -5,6   22:14  -7,8   05:04  25,3   0,0   0,0   6,8  23,4   03:14     E
20  -4,4  -3,0   12:04  -5,8   00:34  22,7   0,0   0,0   8,9  24,5   21:24    NE
21  -8,4  -4,2   00:04  -9,7   14:44  26,8   0,0   0,0  11,8  33,1   13:04     E
22  -7,3  -6,0   12:24  -8,9   00:03  25,6   0,0   0,0  12,7  37,8   03:24     E
23  -5,8  -4,3   11:14  -6,9   06:04  24,1   0,0   0,0   6,9  20,9   05:34   ESE
24  -6,6  -3,2   14:04  -9,1   23:54  24,9   0,0   0,0   2,0  15,8   14:34     E
25 -10,0  -3,1   13:44 -15,3   08:14  28,4   0,0   0,0   0,7   9,7   13:55   SSE
26 -11,1  -8,3   13:35 -15,3   05:25  29,7   0,0   0,0   6,5  27,0   20:05     S
27  -7,3  -5,3   23:46 -10,0   00:55  25,8   0,0   0,0   7,8  25,6   15:15     S
28  -1,7   0,8   19:15  -5,3   00:06  20,0   0,0   0,0   6,6  19,4   00:26    SW
29   1,5   3,0   22:26   0,6   00:05  17,1   0,0   3,9   7,5  23,4   05:55   SSW
30   4,5   8,1   15:17   2,5   04:37  13,8   0,0   5,7  11,6  42,8   17:17   WSW
31   3,7   5,1   13:47   1,1   23:22  14,7   0,0   5,8  22,2  83,2   14:37     W
----------------------------------------------------------------------------------
    -2,5   8,1    30   -15,3    25   651,1   0,0  55,9   9,3  83,2    31       W

Max >=  20,0:  0
Max <=   0,0: 18
Min <=   0,0: 24
Min <= -10,0:  3
Max Rain: 22,5 on day 3
Days of Rain: 10 (>= 0,2 mm)  8 (>= 2,0 mm)  1 (>= 20,0 mm)
Heat Base: 18,3  Cool Base: 18,3  Method: Integration