Raporty klimatyczne NOAA

Wybierz Rok lub Miesiąc raportu
V/Λ2022 > Jan Feb Mar Apr May Jun Jul Aug Sep Oct Nov Dec
V/Λ2021 > Jan Feb Mar Apr May Jun Jul Aug Sep Oct Nov Dec
V/Λ2020 > Jan Feb Mar Apr May Jun Jul Aug Sep Oct Nov Dec
V/Λ2019 > Jan Feb Mar Apr May Jun Jul Aug Sep Oct Nov Dec
V/Λ2018 > Jan Feb Mar Apr May Jun Jul Aug Sep Oct Nov Dec
V/Λ2017 > Jan Feb Mar Apr May Jun Jul Aug Sep Oct Nov Dec
V/Λ2016 > Jan Feb Mar Apr May Jun Jul Aug Sep Oct Nov Dec
V/Λ2015 > Jan Feb Mar Apr May Jun Jul Aug Sep Oct Nov Dec
V/Λ2014 > Jan Feb Mar Apr May Jun Jul Aug Sep Oct Nov Dec
V/Λ2013 > Jan Feb Mar Apr May Jun Jul Aug Sep Oct Nov Dec
V/Λ2012 > Jan Feb Mar Apr May Jun Jul Aug Sep Oct Nov Dec

Report for 2021 Jul
                   Monthly Climatological Summary for lip 2021

Name: NIESIOŁOWICE-na Kaszubach   City: NIESIOŁOWICE   State: Pomorskie (PL)
Elevation: 186 m  Lat: N 54° 12' 24"   Lon: E 017° 51' 01"

                  Temperature (°C), Rain (mm), Wind Speed (km/h)

                                      Heat  Cool        Avg
    Mean                              Deg   Deg         Wind                 Dom
Day Temp  High   Time   Low    Time   Days  Days  Rain  Speed High   Time    Dir
----------------------------------------------------------------------------------
 1  19,9  24,3   16:08  17,1   23:18   0,2   1,8   0,0  10,4  39,2   10:22   SSW
 2  17,6  20,2   13:11  16,1   01:46   0,9   0,2   4,5   7,4  23,4   12:08   WNW
 3  19,3  23,0   14:53  16,7   02:53   0,4   1,4   0,0   8,4  27,0   17:34    NW
 4  19,9  26,6   16:23  16,8   04:14   0,4   2,0   2,4   5,6  35,6   18:37     N
 5  19,7  25,5   15:16  16,2   22:35   0,5   1,9  31,8   4,1  33,1   20:16   ESE
 6  22,9  33,5   20:24  15,4   04:40   0,7   5,3   0,3   5,4  27,0   14:40   SSW
 7  20,7  25,8   13:06  16,0   20:54   0,3   2,7   6,6   8,7  30,6   16:20     N
 8  18,4  20,5   12:42  16,3   01:16   0,6   0,7   0,0   7,8  25,6   20:35    NE
 9  21,9  27,2   14:28  18,3   00:00   0,0   3,6   7,8   6,1  35,6   04:30   ESE
10  19,2  22,2   20:03  15,6   23:42   0,2   1,0   0,0  10,0  36,7   10:27    SW
11  20,4  27,2   18:02  13,4   04:05   1,2   3,3   0,0   5,1  27,0   16:48   ESE
12  21,2  28,3   16:44  17,6   01:41   0,1   3,0  15,3   9,7  33,1   16:47     E
13  23,6  31,6   19:01  16,5   04:22   0,3   5,6   0,0   6,1  33,1   16:16    SE
14  25,4  33,2   18:35  19,3   04:45   0,0   7,1   0,0   5,2  20,9   12:16    SE
15  24,5  30,9   17:37   7,1   07:05   0,2   6,5   6,9   4,2  51,5   00:31     S
16  23,5  29,2   13:11  20,2   04:25   0,0   5,2   8,1   3,4  33,1   15:09   NNE
17  22,3  24,7   15:13  18,7   23:50   0,0   4,0   0,0   8,0  25,6   10:02     N
18  20,1  23,1   12:18  16,6   23:47   0,1   1,9   0,0  12,6  40,3   17:12   WNW
19  18,2  22,4   18:59  14,6   05:26   1,1   1,0   0,0   8,9  28,1   11:29   WNW
20  19,1  24,0   17:28  15,0   05:08   0,9   1,7   0,0   8,6  30,6   17:32   WNW
21  18,3  22,9   18:43  13,9   04:43   1,4   1,3   0,0   8,9  34,2   15:05   WNW
22  18,6  22,9   15:15  14,3   00:22   1,3   1,6   0,0   5,6  28,1   12:29     W
23  18,6  27,0   18:18  12,2   04:26   1,7   2,0   0,0   5,5  31,7   10:12    NW
24  19,6  25,3   17:53  13,1   04:40   1,4   2,7   0,0   5,4  27,0   15:39     E
25  21,6  28,0   14:04  15,6   03:57   0,6   4,0   1,5   7,4  28,1   11:54   ESE
26  23,4  29,5   17:54  18,2   05:03   0,0   5,1   0,0   5,7  33,1   10:24    SE
27  21,7  27,3   13:43  17,9   05:12   0,0   3,5   4,2   4,1  30,6   17:55    SW
28  21,7  27,2   12:52  16,5   05:14   0,2   3,6   0,9   4,0  22,0   11:17   WSW
29  20,0  24,4   16:42  15,3   05:10   0,6   2,3   0,0   9,4  40,3   16:54   WSW
30  18,7  24,6   18:23  12,4   04:41   1,5   1,9   0,0  14,7  57,6   10:27   WSW
31  19,5  25,6   12:17  12,0   04:09   1,6   2,8   0,0   9,0  40,3   14:19    SW
----------------------------------------------------------------------------------
    20,6  33,5     6     7,1    15    18,4  90,7  90,3   7,3  57,6    30       W

Max >=  20,0: 31
Max <=   0,0:  0
Min <=   0,0:  0
Min <= -10,0:  0
Max Rain: 31,8 on day 5
Days of Rain: 12 (>= 0,2 mm)  9 (>= 2,0 mm)  1 (>= 20,0 mm)
Heat Base: 18,3  Cool Base: 18,3  Method: Integration