Raporty klimatyczne NOAA

Wybierz Rok lub Miesiąc raportu
V/Λ2022 > Jan Feb Mar Apr May Jun Jul Aug Sep Oct Nov Dec
V/Λ2021 > Jan Feb Mar Apr May Jun Jul Aug Sep Oct Nov Dec
V/Λ2020 > Jan Feb Mar Apr May Jun Jul Aug Sep Oct Nov Dec
V/Λ2019 > Jan Feb Mar Apr May Jun Jul Aug Sep Oct Nov Dec
V/Λ2018 > Jan Feb Mar Apr May Jun Jul Aug Sep Oct Nov Dec
V/Λ2017 > Jan Feb Mar Apr May Jun Jul Aug Sep Oct Nov Dec
V/Λ2016 > Jan Feb Mar Apr May Jun Jul Aug Sep Oct Nov Dec
V/Λ2015 > Jan Feb Mar Apr May Jun Jul Aug Sep Oct Nov Dec
V/Λ2014 > Jan Feb Mar Apr May Jun Jul Aug Sep Oct Nov Dec
V/Λ2013 > Jan Feb Mar Apr May Jun Jul Aug Sep Oct Nov Dec
V/Λ2012 > Jan Feb Mar Apr May Jun Jul Aug Sep Oct Nov Dec

Report for 2021 Jun
                   Monthly Climatological Summary for cze 2021

Name: NIESIOŁOWICE-na Kaszubach   City: NIESIOŁOWICE   State: Pomorskie (PL)
Elevation: 186 m  Lat: N 54° 12' 24"   Lon: E 017° 51' 01"

                  Temperature (°C), Rain (mm), Wind Speed (km/h)

                                      Heat  Cool        Avg
    Mean                              Deg   Deg         Wind                 Dom
Day Temp  High   Time   Low    Time   Days  Days  Rain  Speed High   Time    Dir
----------------------------------------------------------------------------------
 1  13,5  18,7   16:14   9,1   03:04   4,8   0,0   1,2   5,9  23,4   16:28    NE
 2  17,6  24,1   18:55  11,7   00:00   2,3   1,6   0,0   7,8  27,0   10:26    SE
 3  18,2  25,2   19:56  10,1   04:32   2,4   2,3   0,0   5,7  25,6   18:36   ESE
 4  19,6  25,3   14:25  13,5   05:20   1,2   2,5   0,0   4,4  19,4   14:21    SE
 5  19,6  24,9   17:40  12,9   23:55   1,1   2,4   0,0   7,5  25,6   13:22     E
 6  18,2  26,7   20:32   9,5   04:52   2,6   2,5   0,0   4,1  22,0   16:12   ENE
 7  19,0  26,5   20:16  10,5   04:27   2,1   2,9   0,0   6,7  35,6   14:25     N
 8  18,9  25,2   18:33  11,2   04:37   1,9   2,4   0,0   6,6  28,1   15:46     N
 9  17,7  24,2   20:22  12,4   04:43   2,0   1,4   0,0   8,5  34,2   13:35    NW
10  17,8  23,1   18:39  12,2   02:28   2,0   1,5   0,0   7,1  31,7   11:55    NW
11  19,2  25,2   18:31  12,6   03:43   1,6   2,5   0,0   5,7  24,5   15:56    NW
12  15,7  19,5   08:23  12,8   20:49   2,7   0,1   6,0  10,1  51,5   12:13   WNW
13  15,0  19,5   20:04  12,3   23:55   3,3   0,0   0,0  16,5  46,4   11:47   WNW
14  17,8  27,5   19:04  10,8   04:18   2,6   2,1   0,0   6,6  23,4   13:41   WNW
15  17,5  22,5   20:18  11,3   23:58   1,5   0,7   0,0   5,6  29,5   16:48    NW
16  16,9  26,4   17:39   8,9   03:54   3,2   1,8   0,0   5,2  24,5   18:13   ENE
17  21,7  32,9   18:29  11,2   04:24   1,8   5,2   0,0   5,6  27,0   15:41    SE
18  25,3  35,3   18:51  15,9   04:20   0,3   7,3   0,0   5,9  31,7   15:04   SSE
19  27,2  36,3   18:54  18,7   04:14   0,0   8,9   0,0   6,2  29,5   11:44     S
20  27,4  34,5   19:13  20,5   04:38   0,0   9,1   0,0   7,9  39,2   13:38   SSE
21  28,3  35,1   18:29  22,4   05:00   0,0  10,0   0,0   8,5  35,6   11:55   SSE
22  22,5  26,7   13:40  17,3   23:56   0,0   4,2   2,7   7,6  34,2   14:54   NNW
23  20,0  26,8   17:13  16,1   04:25   0,6   2,3   0,0   7,7  23,4   09:47    NW
24  18,5  22,1   14:17  14,8   23:05   0,8   1,0   1,2   5,9  19,4   14:12   NNE
25  18,4  23,1   15:45  14,8   01:45   1,1   1,2   0,0   7,7  27,0   07:50   WNW
26  18,6  24,1   20:33  14,7   23:58   1,1   1,4   0,0   7,5  25,6   08:20    NW
27  18,4  24,8   18:09  10,9   04:08   1,9   2,0   0,0   6,0  25,6   11:45    NW
28  20,7  29,7   20:18  13,4   04:51   1,1   3,6   0,0   6,0  29,5   16:02   WNW
29  22,6  30,2   18:59  13,7   04:26   1,0   5,3   0,0   4,6  24,5   11:37     N
30  22,7  28,6   10:53  18,2   21:30   0,0   4,4   5,1   6,4  29,5   14:24    SE
----------------------------------------------------------------------------------
    19,8  36,3    19     8,9    16    47,0  92,6  16,2   6,9  51,5    12     NNW

Max >=  20,0: 27
Max <=   0,0:  0
Min <=   0,0:  0
Min <= -10,0:  0
Max Rain: 6,0 on day 12
Days of Rain: 5 (>= 0,2 mm)  3 (>= 2,0 mm)  0 (>= 20,0 mm)
Heat Base: 18,3  Cool Base: 18,3  Method: Integration