Raporty klimatyczne NOAA

Wybierz Rok lub Miesiąc raportu
V/Λ2021 > Jan Feb Mar Apr May Jun Jul Aug Sep Oct Nov Dec
V/Λ2020 > Jan Feb Mar Apr May Jun Jul Aug Sep Oct Nov Dec
V/Λ2019 > Jan Feb Mar Apr May Jun Jul Aug Sep Oct Nov Dec
V/Λ2018 > Jan Feb Mar Apr May Jun Jul Aug Sep Oct Nov Dec
V/Λ2017 > Jan Feb Mar Apr May Jun Jul Aug Sep Oct Nov Dec
V/Λ2016 > Jan Feb Mar Apr May Jun Jul Aug Sep Oct Nov Dec
V/Λ2015 > Jan Feb Mar Apr May Jun Jul Aug Sep Oct Nov Dec
V/Λ2014 > Jan Feb Mar Apr May Jun Jul Aug Sep Oct Nov Dec
V/Λ2013 > Jan Feb Mar Apr May Jun Jul Aug Sep Oct Nov Dec
V/Λ2012 > Jan Feb Mar Apr May Jun Jul Aug Sep Oct Nov Dec

Report for 2021 May
                   Monthly Climatological Summary for maj 2021

Name: NIESIOŁOWICE-na Kaszubach   City: NIESIOŁOWICE   State: Pomorskie (PL)
Elevation: 186 m  Lat: N 54° 12' 24"   Lon: E 017° 51' 01"

                  Temperature (°C), Rain (mm), Wind Speed (km/h)

                                      Heat  Cool        Avg
    Mean                              Deg   Deg         Wind                 Dom
Day Temp  High   Time   Low    Time   Days  Days  Rain  Speed High   Time    Dir
----------------------------------------------------------------------------------
 1   6,0  12,5   17:27  -0,6   04:59  12,3   0,0   0,0   8,4  30,6   09:53     E
 2   5,6   8,4   10:35   3,2   21:56  12,7   0,0   7,5  12,8  43,9   13:11   ENE
 3   5,9  10,4   12:24   3,2   23:53  12,4   0,0   2,1  11,6  36,7   12:35   WNW
 4   7,9  13,9   13:15   1,0   03:42  10,4   0,0   0,3  10,5  55,1   22:47   SSW
 5   9,1  13,5   18:36   6,5   01:34   9,2   0,0   1,5  17,0  51,5   14:41    SW
 6   6,9  11,3   17:42   2,4   23:59  11,4   0,0   1,2  21,8  57,6   14:27   WSW
 7   6,0  10,2   18:58   0,9   04:33  12,3   0,0   0,3   8,4  36,7   15:24   WNW
 8   7,1  12,6   19:00   3,2   23:52  11,2   0,0   1,5  10,6  42,8   12:39     W
 9  12,3  23,5   19:38   2,7   04:31   6,9   0,8   0,0   8,7  42,8   12:33     S
10  18,7  28,7   19:00   9,9   05:13   2,5   2,9   0,0   8,9  41,8   16:28     S
11  21,4  30,2   18:43  12,8   05:16   1,2   4,3   0,0  10,0  39,2   13:09    SE
12  21,2  29,7   18:34  14,0   23:53   0,8   3,7   0,0  10,2  31,7   14:31    SE
13  17,6  24,5   16:48  12,7   01:50   2,0   1,3   0,0   7,2  30,6   17:02   ESE
14  14,7  20,3   17:24   9,9   04:59   3,7   0,1   0,0   5,4  25,6   16:02    NE
15  13,3  21,1   17:54   9,5   02:54   5,2   0,2   1,5   5,9  30,6   12:42   WSW
16  13,0  17,1   16:50   8,2   23:56   5,3   0,0   2,1   4,4  46,4   17:08   SSW
17  13,0  20,0   13:18   6,3   05:05   5,4   0,1   1,2   4,4  30,6   11:55     S
18  12,5  15,1   15:44   9,9   23:58   5,8   0,0   3,3   5,3  20,9   23:38   NNW
19  11,5  15,3   19:36   8,1   04:36   6,8   0,0   0,0  10,6  34,2   14:51    NW
20  11,0  15,0   17:21   7,2   23:56   7,3   0,0   0,0  10,4  34,2   15:05    NW
21  12,2  19,7   17:27   6,3   00:53   6,2   0,0   3,9   8,5  42,8   17:46    SW
22  12,0  19,1   13:03   7,5   05:09   6,3   0,0   2,4   7,0  54,0   15:16   SSW
23  11,6  16,8   18:05   7,5   23:56   6,7   0,0   0,3  10,8  42,8   15:29   WSW
24  13,3  20,8   16:19   5,4   02:54   5,2   0,2   0,3   6,9  28,1   09:26     S
25  13,3  17,9   13:29   9,4   22:58   5,0   0,0   5,1   6,5  43,9   14:05   SSW
26  11,0  16,0   18:13   6,9   04:28   7,3   0,0   0,3   9,9  40,3   16:25    SW
27  12,5  20,3   18:46   9,0   01:04   5,9   0,1   2,1   7,6  52,6   12:52    SW
28  11,0  15,2   18:34   7,2   04:53   7,3   0,0   0,6   6,5  34,2   14:31    NW
29  10,2  13,8   12:33   6,8   00:44   8,1   0,0   0,0   8,5  33,1   12:46   NNE
30  11,8  17,9   20:28   7,0   02:42   6,5   0,0   0,0  10,6  33,1   16:02   NNE
31  13,4  22,3   18:42   6,4   05:04   5,2   0,3   0,0   5,5  22,0   10:07     N
----------------------------------------------------------------------------------
    11,8  30,2    11    -0,6     1   214,5  14,0  37,5   9,0  57,6     6      SW

Max >=  20,0: 11
Max <=   0,0:  0
Min <=   0,0:  1
Min <= -10,0:  0
Max Rain: 7,5 on day 2
Days of Rain: 19 (>= 0,2 mm)  8 (>= 2,0 mm)  0 (>= 20,0 mm)
Heat Base: 18,3  Cool Base: 18,3  Method: Integration