Raporty klimatyczne NOAA

Wybierz Rok lub Miesiąc raportu
V/Λ2021 > Jan Feb Mar Apr May Jun Jul Aug Sep Oct Nov Dec
V/Λ2020 > Jan Feb Mar Apr May Jun Jul Aug Sep Oct Nov Dec
V/Λ2019 > Jan Feb Mar Apr May Jun Jul Aug Sep Oct Nov Dec
V/Λ2018 > Jan Feb Mar Apr May Jun Jul Aug Sep Oct Nov Dec
V/Λ2017 > Jan Feb Mar Apr May Jun Jul Aug Sep Oct Nov Dec
V/Λ2016 > Jan Feb Mar Apr May Jun Jul Aug Sep Oct Nov Dec
V/Λ2015 > Jan Feb Mar Apr May Jun Jul Aug Sep Oct Nov Dec
V/Λ2014 > Jan Feb Mar Apr May Jun Jul Aug Sep Oct Nov Dec
V/Λ2013 > Jan Feb Mar Apr May Jun Jul Aug Sep Oct Nov Dec
V/Λ2012 > Jan Feb Mar Apr May Jun Jul Aug Sep Oct Nov Dec

Report for 2021 Apr
                   Monthly Climatological Summary for kwi 2021

Name: NIESIOŁOWICE-na Kaszubach   City: NIESIOŁOWICE   State: Pomorskie (PL)
Elevation: 186 m  Lat: N 54° 12' 24"   Lon: E 017° 51' 01"

                  Temperature (°C), Rain (mm), Wind Speed (km/h)

                                      Heat  Cool        Avg
    Mean                              Deg   Deg         Wind                 Dom
Day Temp  High   Time   Low    Time   Days  Days  Rain  Speed High   Time    Dir
----------------------------------------------------------------------------------
 1   6,0  13,2   11:11   1,0   23:53  12,3   0,0   0,0   7,6  43,9   16:38    NE
 2   3,6   8,2   14:37   0,3   06:25  14,7   0,0   0,0  10,8  35,6   13:36    NW
 3   3,5   6,5   15:27   0,3   23:58  14,8   0,0   0,0  10,8  37,8   12:53     N
 4   4,3  10,3   18:06  -1,2   05:40  14,0   0,0   0,0  12,0  37,8   16:57     W
 5   2,8   5,1   00:48  -1,0   22:07  15,5   0,0   3,0  18,5  61,2   17:39    SW
 6   1,3   5,0   13:34  -1,1   00:52  17,0   0,0   0,0  16,1  45,4   10:32   WSW
 7   2,3   5,9   15:59  -1,4   02:38  16,0   0,0   0,3  14,4  43,9   14:02   WSW
 8   4,0   8,1   14:51   1,1   01:08  14,3   0,0   0,6  13,5  45,4   18:02     W
 9   5,9  11,0   15:25   0,5   06:07  12,4   0,0   0,0  16,6  55,1   10:42    SW
10   5,8   9,8   16:13   2,3   04:49  12,5   0,0   0,0   5,5  19,4   10:02    NW
11  10,7  20,0   17:13   3,2   04:20   7,8   0,2   0,0   9,5  37,8   15:26    SE
12   5,1  10,6   00:00   2,4   23:33  13,2   0,0   3,9   8,0  27,0   12:30   WNW
13   4,6   8,1   12:54   1,7   23:52  13,7   0,0   0,0   8,1  33,1   09:41   WNW
14   3,7   6,8   13:33   0,2   02:16  14,6   0,0   0,0   9,9  37,8   15:03     N
15   3,8   6,2   13:19   1,7   03:59  14,5   0,0   0,6  17,2  50,0   13:46   NNE
16   4,6   7,2   14:12   2,9   02:24  13,7   0,0   0,0  11,8  35,6   11:30     N
17   8,6  14,7   18:33   2,5   04:25   9,7   0,0   0,0   7,9  30,6   11:53   ENE
18  10,2  15,4   12:09   5,2   01:13   8,1   0,0   0,3   4,3  20,9   10:49    SE
19  11,5  18,1   13:25   4,3   05:17   6,8   0,0   0,0   9,5  41,8   14:20   ENE
20  10,4  17,7   14:03   3,0   06:02   7,9   0,0   0,0   2,6  23,4   16:10    SE
21   8,6  15,5   14:31   2,8   05:44   9,7   0,0   0,0  10,3  46,4   15:46     W
22   4,5   7,3   12:20   2,7   15:24  13,8   0,0   1,2  19,8  73,4   11:21     W
23   5,7   9,6   19:08   1,9   03:46  12,6   0,0   0,3  14,8  56,2   15:25   WNW
24   4,8   9,0   18:56   0,3   22:51  13,5   0,0   0,0  11,1  43,9   14:56    NW
25   3,4   7,3   18:12  -0,6   05:29  14,9   0,0   0,0   8,3  39,2   10:34   NNW
26   2,9   8,2   18:23  -1,5   05:37  15,4   0,0   0,3   6,3  40,3   10:35     N
27   5,2  10,2   14:52   0,0   00:00  13,0   0,0   0,0   5,4  27,0   10:14   NNW
28   7,4  15,6   18:10  -0,3   02:21  11,0   0,0   0,0   7,0  33,1   14:40    SE
29   9,7  15,3   11:55   6,3   05:26   8,7   0,0   1,8   7,0  35,6   13:55    SE
30   7,1   8,8   12:27   2,3   23:55  11,2   0,0   1,8   8,4  24,5   03:04     W
----------------------------------------------------------------------------------
     5,7  20,0    11    -1,5    26   377,3   0,2  14,1  10,4  73,4    22     WNW

Max >=  20,0:  1
Max <=   0,0:  0
Min <=   0,0:  8
Min <= -10,0:  0
Max Rain: 3,9 on day 12
Days of Rain: 11 (>= 0,2 mm)  2 (>= 2,0 mm)  0 (>= 20,0 mm)
Heat Base: 18,3  Cool Base: 18,3  Method: Integration