Raporty klimatyczne NOAA

Wybierz Rok lub Miesiąc raportu
V/Λ2021 > Jan Feb Mar Apr May Jun Jul Aug Sep Oct Nov Dec
V/Λ2020 > Jan Feb Mar Apr May Jun Jul Aug Sep Oct Nov Dec
V/Λ2019 > Jan Feb Mar Apr May Jun Jul Aug Sep Oct Nov Dec
V/Λ2018 > Jan Feb Mar Apr May Jun Jul Aug Sep Oct Nov Dec
V/Λ2017 > Jan Feb Mar Apr May Jun Jul Aug Sep Oct Nov Dec
V/Λ2016 > Jan Feb Mar Apr May Jun Jul Aug Sep Oct Nov Dec
V/Λ2015 > Jan Feb Mar Apr May Jun Jul Aug Sep Oct Nov Dec
V/Λ2014 > Jan Feb Mar Apr May Jun Jul Aug Sep Oct Nov Dec
V/Λ2013 > Jan Feb Mar Apr May Jun Jul Aug Sep Oct Nov Dec
V/Λ2012 > Jan Feb Mar Apr May Jun Jul Aug Sep Oct Nov Dec

Report for 2021 Mar
                   Monthly Climatological Summary for mar 2021

Name: NIESIOŁOWICE-na Kaszubach   City: NIESIOŁOWICE   State: Pomorskie (PL)
Elevation: 186 m  Lat: N 54° 12' 24"   Lon: E 017° 51' 01"

                  Temperature (°C), Rain (mm), Wind Speed (km/h)

                                      Heat  Cool        Avg
    Mean                              Deg   Deg         Wind                 Dom
Day Temp  High   Time   Low    Time   Days  Days  Rain  Speed High   Time    Dir
----------------------------------------------------------------------------------
 1   3,6   7,6   14:55   1,8   06:57  14,7   0,0   0,0   9,7  30,6   21:30     W
 2   1,7   2,6   00:00   0,3   23:47  16,6   0,0   0,0   8,2  28,1   06:43   WNW
 3   2,7  10,6   16:40  -0,9   07:06  15,6   0,0   0,0   4,6  22,0   13:05   WSW
 4   1,2   4,1   01:45  -1,0   21:36  17,1   0,0   0,3  10,2  40,3   06:59    NW
 5  -0,5   3,4   13:11  -3,7   23:59  18,8   0,0   0,6   6,5  37,8   13:15    NW
 6  -0,1   4,4   13:45  -6,4   05:54  18,3   0,0   0,0  13,2  61,2   23:23     W
 7   0,9   2,5   00:00  -2,8   23:53  17,4   0,0   6,0  17,7  68,4   02:05     W
 8  -1,8   1,6   11:43  -4,9   23:50  20,1   0,0   0,3   4,9  33,1   12:51     N
 9  -2,3   2,5   13:34  -6,0   06:50  20,6   0,0   0,0   1,2  13,3   14:40     S
10  -2,0   4,3   14:27  -7,7   06:10  20,3   0,0   0,0   1,6  14,8   12:30     S
11  -0,3   4,3   23:59  -3,9   01:00  18,6   0,0   2,4  12,4  36,7   11:54     S
12   4,4   6,7   15:10   1,4   23:14  13,9   0,0   1,2  17,0  60,1   12:51   WSW
13   4,5   8,2   13:46   1,3   00:06  13,8   0,0   5,4  13,3  52,6   18:59   SSW
14   2,9   4,2   02:19   0,8   22:33  15,4   0,0  10,2  16,4  54,0   11:49   WSW
15   3,2   7,5   13:26   0,2   23:50  15,2   0,0   1,2   6,7  27,0   10:57    SW
16   2,6   7,8   11:54  -0,7   05:43  15,7   0,0   1,2   2,3  22,0   14:13     N
17   2,1   4,7   15:42   0,4   20:15  16,2   0,0   0,0   9,9  30,6   14:38     N
18   0,5   3,1   15:02  -1,6   04:16  17,8   0,0   0,0   5,6  24,5   15:20     N
19  -1,5   0,2   12:39  -4,6   21:41  19,8   0,0   0,0  11,4  41,8   10:02    NE
20  -1,1   2,6   13:58  -7,1   06:10  19,4   0,0   0,0   9,8  36,7   21:02   WSW
21   1,9   5,1   15:30  -1,6   21:59  16,4   0,0   1,5  11,9  40,3   13:04   WNW
22   3,1   7,3   14:30  -0,8   06:52  15,2   0,0   0,0   8,8  35,6   11:15    NW
23   4,8   8,0   13:15   1,9   00:32  13,5   0,0   0,0  10,3  33,1   14:58   WNW
24   5,3   7,1   13:05   2,5   23:57  13,0   0,0   0,0   7,7  25,6   11:34   WSW
25   5,3  12,1   12:35  -0,6   05:45  13,0   0,0   0,0   4,2  25,6   14:18   WSW
26   6,8  14,9   15:15  -1,7   05:26  11,5   0,0   0,0   4,0  25,6   12:16   SSW
27   7,7  15,1   11:30   3,0   20:50  10,6   0,0   3,6   9,4  62,3   14:38   SSW
28   5,8   8,9   15:58   2,8   06:31  12,0   0,0   2,1  13,2  40,3   11:41   WSW
29   8,2   9,9   23:49   5,8   00:39  10,1   0,0   6,0  11,1  35,6   12:30    SW
30  12,6  17,6   16:09   9,1   04:22   5,7   0,0   0,3  12,8  37,8   15:27     W
31  12,5  19,3   17:50   5,8   23:56   5,9   0,1   0,0   7,7  35,6   13:05     W
----------------------------------------------------------------------------------
     3,1  19,3    31    -7,7    10   472,2   0,1  42,3   9,2  68,4     7       W

Max >=  20,0:  0
Max <=   0,0:  0
Min <=   0,0: 17
Min <= -10,0:  0
Max Rain: 10,2 on day 14
Days of Rain: 15 (>= 0,2 mm)  7 (>= 2,0 mm)  0 (>= 20,0 mm)
Heat Base: 18,3  Cool Base: 18,3  Method: Integration