Raporty klimatyczne NOAA

Wybierz Rok lub Miesiąc raportu
V/Λ2021 > Jan Feb Mar Apr May Jun Jul Aug Sep Oct Nov Dec
V/Λ2020 > Jan Feb Mar Apr May Jun Jul Aug Sep Oct Nov Dec
V/Λ2019 > Jan Feb Mar Apr May Jun Jul Aug Sep Oct Nov Dec
V/Λ2018 > Jan Feb Mar Apr May Jun Jul Aug Sep Oct Nov Dec
V/Λ2017 > Jan Feb Mar Apr May Jun Jul Aug Sep Oct Nov Dec
V/Λ2016 > Jan Feb Mar Apr May Jun Jul Aug Sep Oct Nov Dec
V/Λ2015 > Jan Feb Mar Apr May Jun Jul Aug Sep Oct Nov Dec
V/Λ2014 > Jan Feb Mar Apr May Jun Jul Aug Sep Oct Nov Dec
V/Λ2013 > Jan Feb Mar Apr May Jun Jul Aug Sep Oct Nov Dec
V/Λ2012 > Jan Feb Mar Apr May Jun Jul Aug Sep Oct Nov Dec

Report for 2021 Feb
                   Monthly Climatological Summary for lut 2021

Name: NIESIOŁOWICE-na Kaszubach   City: NIESIOŁOWICE   State: Pomorskie (PL)
Elevation: 186 m  Lat: N 54° 12' 24"   Lon: E 017° 51' 01"

                  Temperature (°C), Rain (mm), Wind Speed (km/h)

                                      Heat  Cool        Avg
    Mean                              Deg   Deg         Wind                 Dom
Day Temp  High   Time   Low    Time   Days  Days  Rain  Speed High   Time    Dir
----------------------------------------------------------------------------------
 1  -3,4   0,0   13:41  -5,6   08:39  21,7   0,0   0,0   5,2  18,4   01:24     S
 2  -2,7  -1,4   19:48  -5,2   00:00  21,0   0,0   0,0   7,8  29,5   03:44   SSW
 3  -0,5   2,4   12:31  -2,4   05:19  18,8   0,0   0,0   7,8  40,3   22:53   ESE
 4  -1,9   0,6   13:29  -8,6   23:56  20,2   0,0   0,3  10,6  54,0   01:23   ENE
 5  -7,8  -1,9   13:41 -12,1   04:09  26,1   0,0   0,0   2,1  20,9   11:23   NNE
 6  -7,2  -1,7   12:30 -11,7   21:57  25,5   0,0   0,0   3,0  22,0   18:39   ENE
 7  -9,9  -6,3   14:24 -12,0   05:49  28,2   0,0   0,0  10,1  36,7   21:16   ESE
 8 -10,1  -7,6   14:34 -13,2   06:02  28,4   0,0   0,0  20,0  50,0   14:29     E
 9  -7,9  -5,8   13:57  -8,9   05:43  26,2   0,0   0,0   4,9  29,5   00:18     E
10  -8,2  -5,5   14:41 -12,6   05:21  26,5   0,0   0,0   3,3  18,4   14:50     N
11  -7,7  -4,6   13:02 -13,8   23:54  26,0   0,0   0,0   8,4  28,1   06:39   NNE
12  -7,4  -3,0   14:36 -14,6   01:06  25,7   0,0   0,0   3,6  18,4   12:33   NNW
13  -1,9   0,4   10:25  -5,0   23:55  20,2   0,0   0,9  11,5  36,7   14:46    NW
14  -2,4   1,5   12:37  -5,6   01:50  20,7   0,0   0,0  12,7  42,8   14:50    NW
15  -4,3   0,8   14:13 -10,2   07:47  22,6   0,0   0,0   2,3  13,3   11:28     W
16  -4,3   0,2   13:26  -8,1   04:39  22,6   0,0   0,0   4,9  19,4   12:43     S
17  -1,4   0,8   12:46  -2,9   00:00  19,7   0,0   0,3   6,1  19,4   10:25    SE
18  -2,8  -0,4   14:20  -5,5   19:38  21,1   0,0   0,6   7,0  20,9   21:57   SSE
19  -0,5   2,8   15:35  -5,1   00:00  18,8   0,0   1,2   8,2  30,6   15:31    SW
20   3,5   8,1   14:04   0,9   06:17  14,8   0,0   0,0   4,6  29,5   00:38   SSW
21   4,1  11,5   13:58  -0,7   06:35  14,2   0,0   0,0   3,9  24,5   13:42   SSW
22   3,2  11,7   14:44  -1,5   07:02  15,3   0,0   0,0   1,4  17,3   13:08   SSW
23   4,7  12,9   15:14  -2,1   04:54  13,5   0,0   0,0   2,8  22,0   13:38     W
24   7,5  13,9   14:03   2,7   05:19  10,8   0,0   0,0   3,5  24,5   11:48    SW
25   7,4  14,8   14:19   1,2   06:51  10,9   0,0   0,0   4,4  27,0   13:22    SW
26   5,8   9,4   00:00   4,0   15:58  12,5   0,0   0,0  16,2  47,9   14:52     W
27   3,7   7,0   13:50   0,4   22:26  14,8   0,0   0,0  10,6  36,7   00:02    NW
28   3,0   4,4   14:21   1,5   00:00  15,3   0,0   0,0  12,3  34,2   08:53   WNW
----------------------------------------------------------------------------------
    -1,8  14,8    25   -14,6    12   562,1   0,0   3,3   7,1  54,0     4      SW

Max >=  20,0:  0
Max <=   0,0: 11
Min <=   0,0: 22
Min <= -10,0:  8
Max Rain: 1,2 on day 19
Days of Rain: 5 (>= 0,2 mm)  0 (>= 2,0 mm)  0 (>= 20,0 mm)
Heat Base: 18,3  Cool Base: 18,3  Method: Integration