Raporty klimatyczne NOAA

Wybierz Rok lub Miesiąc raportu
V/Λ2021 > Jan Feb Mar Apr May Jun Jul Aug Sep Oct Nov Dec
V/Λ2020 > Jan Feb Mar Apr May Jun Jul Aug Sep Oct Nov Dec
V/Λ2019 > Jan Feb Mar Apr May Jun Jul Aug Sep Oct Nov Dec
V/Λ2018 > Jan Feb Mar Apr May Jun Jul Aug Sep Oct Nov Dec
V/Λ2017 > Jan Feb Mar Apr May Jun Jul Aug Sep Oct Nov Dec
V/Λ2016 > Jan Feb Mar Apr May Jun Jul Aug Sep Oct Nov Dec
V/Λ2015 > Jan Feb Mar Apr May Jun Jul Aug Sep Oct Nov Dec
V/Λ2014 > Jan Feb Mar Apr May Jun Jul Aug Sep Oct Nov Dec
V/Λ2013 > Jan Feb Mar Apr May Jun Jul Aug Sep Oct Nov Dec
V/Λ2012 > Jan Feb Mar Apr May Jun Jul Aug Sep Oct Nov Dec

Report for 2021 Jan
                   Monthly Climatological Summary for sty 2021

Name: NIESIOŁOWICE-na Kaszubach   City: NIESIOŁOWICE   State: Pomorskie (PL)
Elevation: 186 m  Lat: N 54° 12' 24"   Lon: E 017° 51' 01"

                  Temperature (°C), Rain (mm), Wind Speed (km/h)

                                      Heat  Cool        Avg
    Mean                              Deg   Deg         Wind                 Dom
Day Temp  High   Time   Low    Time   Days  Days  Rain  Speed High   Time    Dir
----------------------------------------------------------------------------------
 1  -0,9   0,2   00:06  -1,7   07:55  19,2   0,0   0,0   5,3  18,4   11:57     S
 2   0,1   1,8   14:16  -0,9   06:42  18,2   0,0   0,3   4,3  17,3   11:21   SSW
 3   0,0   0,9   23:49  -1,4   02:06  18,3   0,0   0,0  13,3  40,3   16:12     E
 4   0,6   0,8   00:00   0,0   07:35  17,7   0,0   0,0  13,2  33,1   01:39     E
 5   1,3   2,4   14:38   0,7   20:44  17,0   0,0   1,8  13,7  35,6   15:00   ENE
 6   0,6   1,1   10:31   0,1   20:50  17,7   0,0   0,9   6,7  22,0   08:28   ESE
 7   0,3   1,3   12:18  -0,2   06:42  18,0   0,0   0,0   0,5   7,2   00:09   ESE
 8   0,8   1,9   12:27   0,5   00:00  17,6   0,0   0,0   2,0  11,2   04:08    SE
 9   0,6   1,4   14:17  -0,2   08:12  17,7   0,0   0,0   2,8  13,3   09:56    NW
10   0,5   1,8   13:30  -0,8   22:12  17,8   0,0   0,9   5,5  31,7   20:38    SW
11  -0,1   0,6   14:51  -0,9   00:17  18,4   0,0   0,0  13,8  39,2   19:32   SSW
12   0,2   1,4   12:47  -1,1   22:16  18,1   0,0   0,0   9,4  41,8   07:12   SSW
13   0,4   1,4   11:58  -0,5   00:00  17,9   0,0   0,0   5,6  22,0   12:21    SW
14  -0,9   0,6   11:31  -2,6   05:09  19,2   0,0   0,0   5,2  19,4   13:29   SSW
15  -2,5  -0,9   11:02  -4,8   22:22  20,8   0,0   0,0   6,8  30,6   11:09    NW
16  -3,1  -0,5   13:38  -5,6   02:36  21,4   0,0   0,0  11,0  35,6   13:31   NNW
17 -11,5  -5,0   00:00 -17,7   23:28  29,8   0,0   0,0   2,5  22,0   00:16    SE
18 -10,6  -5,7   13:19 -17,7   00:00  28,8   0,0   0,0   2,5  15,8   13:44     S
19  -5,3  -0,7   23:36  -9,7   00:00  23,5   0,0   0,0   6,0  17,3   21:36   SSE
20   1,7   3,5   22:41  -0,7   00:00  16,6   0,0   1,5   8,3  27,0   22:16   SSW
21   3,0   6,0   12:49   0,6   07:13  15,3   0,0   0,0   9,0  36,7   13:02   SSW
22   4,8   7,4   13:09   1,9   23:58  13,5   0,0   0,0   8,7  39,2   10:47   SSW
23   0,8   2,4   11:33  -1,4   04:29  17,5   0,0   9,0   6,1  28,1   13:46    NE
24   1,1   1,7   12:02   0,6   22:42  17,2   0,0   1,8   2,5  19,4   00:17   WNW
25   0,6   1,4   12:37   0,1   18:06  17,7   0,0   0,0   4,6  25,6   12:56     W
26   0,5   1,4   11:38   0,0   22:06  17,8   0,0   0,0  11,3  34,2   19:24   WNW
27   0,1   1,7   12:48  -1,3   23:48  18,2   0,0   0,3   8,6  28,1   07:26   WNW
28  -0,6   1,5   13:16  -1,6   00:16  18,9   0,0   0,0  13,5  42,8   12:25   WSW
29  -0,6   2,0   13:07  -3,6   23:01  18,9   0,0   0,9   8,4  37,8   01:29   WNW
30  -2,1  -0,1   12:55  -3,5   19:37  20,4   0,0   0,0   7,6  29,5   13:06    NW
31  -1,8  -0,4   13:44  -3,0   02:55  20,1   0,0   0,0  15,2  37,8   14:35    SW
----------------------------------------------------------------------------------
    -0,7   7,4    22   -17,7    17   589,2   0,0  17,4   7,6  42,8    28      SW

Max >=  20,0:  0
Max <=   0,0:  7
Min <=   0,0: 24
Min <= -10,0:  2
Max Rain: 9,0 on day 23
Days of Rain: 9 (>= 0,2 mm)  1 (>= 2,0 mm)  0 (>= 20,0 mm)
Heat Base: 18,3  Cool Base: 18,3  Method: Integration