Raporty klimatyczne NOAA

Wybierz Rok lub Miesiąc raportu
V/Λ2021 > Jan Feb Mar Apr May Jun Jul Aug Sep Oct Nov Dec
V/Λ2020 > Jan Feb Mar Apr May Jun Jul Aug Sep Oct Nov Dec
V/Λ2019 > Jan Feb Mar Apr May Jun Jul Aug Sep Oct Nov Dec
V/Λ2018 > Jan Feb Mar Apr May Jun Jul Aug Sep Oct Nov Dec
V/Λ2017 > Jan Feb Mar Apr May Jun Jul Aug Sep Oct Nov Dec
V/Λ2016 > Jan Feb Mar Apr May Jun Jul Aug Sep Oct Nov Dec
V/Λ2015 > Jan Feb Mar Apr May Jun Jul Aug Sep Oct Nov Dec
V/Λ2014 > Jan Feb Mar Apr May Jun Jul Aug Sep Oct Nov Dec
V/Λ2013 > Jan Feb Mar Apr May Jun Jul Aug Sep Oct Nov Dec
V/Λ2012 > Jan Feb Mar Apr May Jun Jul Aug Sep Oct Nov Dec

Report for 2020 Jun
                   Monthly Climatological Summary for cze 2020

Name: NIESIOŁOWICE-na Kaszubach   City: NIESIOŁOWICE   State: Pomorskie (PL)
Elevation: 186 m  Lat: N 54° 12' 24"   Lon: E 017° 51' 01"

                  Temperature (°C), Rain (mm), Wind Speed (km/h)

                                      Heat  Cool        Avg
    Mean                              Deg   Deg         Wind                 Dom
Day Temp  High   Time   Low    Time   Days  Days  Rain  Speed High   Time    Dir
----------------------------------------------------------------------------------
 1  14,7  19,5   18:21   9,1   03:12   3,8   0,2   0,0  12,0  37,8   14:23   NNE
 2  14,1  18,8   14:50   8,8   23:30   4,2   0,0   0,0   9,9  33,1   17:07   NNE
 3  14,1  19,6   20:02   7,6   05:00   4,3   0,1   0,0   8,3  30,6   18:48   ENE
 4  15,1  23,4   18:03   7,0   03:41   4,2   1,0   0,0   7,6  30,6   18:14    SE
 5  13,0  16,0   13:04  11,2   17:53   5,3   0,0  11,4   7,5  29,5   05:40   SSE
 6  14,5  23,7   20:28  10,6   06:59   4,1   0,4   0,9  14,7  56,2   10:24    SW
 7  15,9  22,3   15:51   8,8   03:52   3,3   0,9   1,2   3,3  20,9   12:19   SSE
 8  14,3  20,7   20:30  10,7   23:59   4,0   0,1  14,4   6,5  24,5   18:17     N
 9  14,2  19,7   17:53   7,7   03:57   4,2   0,1   0,0   6,8  29,5   18:37   ENE
10  14,9  18,3   14:57  10,5   02:43   3,4   0,0   0,0   8,4  25,6   17:32    NE
11  18,2  25,1   17:46  15,3   07:35   1,3   1,2   0,6   8,2  25,6   02:11   ENE
12  21,3  27,1   15:13  15,0   04:46   0,8   3,8   0,0   8,3  30,6   10:16     E
13  19,5  22,5   12:26  16,1   23:34   0,2   1,4   0,0  12,4  33,1   14:19     E
14  17,9  22,0   18:37  13,6   23:48   1,4   1,0   0,0  13,8  41,8   12:58     E
15  14,8  17,7   13:10  12,9   00:43   3,5   0,0   0,0   7,9  19,4   09:45   NNW
16  18,2  26,9   20:14  12,3   04:41   2,0   2,0   0,0   8,1  39,2   11:37     W
17  20,1  27,1   16:14  12,7   04:06   1,4   3,3   0,0   5,3  33,1   17:46   ENE
18  20,2  24,9   16:44  16,0   06:22   0,6   2,5   0,6   8,4  25,6   13:38    NE
19  19,1  28,3   13:38  15,7   03:18   0,9   1,7  36,9   5,4  45,4   15:33     N
20  17,9  23,5   14:02  15,4   03:38   1,2   0,8   0,9   7,4  25,6   15:56   NNW
21  19,6  25,7   14:09  15,4   04:23   0,7   2,1   4,8   7,0  31,7   15:30     N
22  17,0  21,0   20:17  14,9   23:53   1,6   0,3   1,5   9,3  33,1   18:02    NW
23  16,7  20,4   18:35  13,3   04:10   1,9   0,3   0,0  11,5  37,8   11:58   NNW
24  19,8  25,2   17:21  13,6   04:24   1,3   2,9   0,0  11,1  39,2   13:39   ENE
25  23,5  30,4   17:31  16,8   00:00   0,3   5,5   0,0   9,1  31,7   11:41   ESE
26  22,8  29,8   17:21  17,6   04:27   0,1   4,6   0,0   7,1  34,2   11:29    SE
27  22,1  29,2   18:42  17,0   02:40   0,2   4,0   4,2   5,0  22,0   15:43   SSW
28  22,3  28,5   13:34  16,9   04:39   0,2   4,2   9,3   4,2  58,7   18:47    NW
29  18,3  21,0   12:11  15,1   23:47   0,5   0,5   2,7   4,9  22,0   01:43   WNW
30  17,1  21,4   16:42  12,3   04:52   1,9   0,7   0,0  13,4  60,1   11:44   WSW
----------------------------------------------------------------------------------
    17,7  30,4    25     7,0     4    62,8  45,6  89,4   8,4  60,1    30      NE

Max >=  20,0: 23
Max <=   0,0:  0
Min <=   0,0:  0
Min <= -10,0:  0
Max Rain: 36,9 on day 19
Days of Rain: 13 (>= 0,2 mm)  7 (>= 2,0 mm)  1 (>= 20,0 mm)
Heat Base: 18,3  Cool Base: 18,3  Method: Integration