Raporty klimatyczne NOAA

Wybierz Rok lub Miesiąc raportu
V/Λ2021 > Jan Feb Mar Apr May Jun Jul Aug Sep Oct Nov Dec
V/Λ2020 > Jan Feb Mar Apr May Jun Jul Aug Sep Oct Nov Dec
V/Λ2019 > Jan Feb Mar Apr May Jun Jul Aug Sep Oct Nov Dec
V/Λ2018 > Jan Feb Mar Apr May Jun Jul Aug Sep Oct Nov Dec
V/Λ2017 > Jan Feb Mar Apr May Jun Jul Aug Sep Oct Nov Dec
V/Λ2016 > Jan Feb Mar Apr May Jun Jul Aug Sep Oct Nov Dec
V/Λ2015 > Jan Feb Mar Apr May Jun Jul Aug Sep Oct Nov Dec
V/Λ2014 > Jan Feb Mar Apr May Jun Jul Aug Sep Oct Nov Dec
V/Λ2013 > Jan Feb Mar Apr May Jun Jul Aug Sep Oct Nov Dec
V/Λ2012 > Jan Feb Mar Apr May Jun Jul Aug Sep Oct Nov Dec

Report for 2020 May
                   Monthly Climatological Summary for maj 2020

Name: NIESIOŁOWICE-na Kaszubach   City: NIESIOŁOWICE   State: Pomorskie (PL)
Elevation: 186 m  Lat: N 54° 12' 24"   Lon: E 017° 51' 01"

                  Temperature (°C), Rain (mm), Wind Speed (km/h)

                                      Heat  Cool        Avg
    Mean                              Deg   Deg         Wind                 Dom
Day Temp  High   Time   Low    Time   Days  Days  Rain  Speed High   Time    Dir
----------------------------------------------------------------------------------
 1  11,5  15,9   18:29   8,5   23:58   6,8   0,0   2,1   7,0  23,4   08:07     S
 2  10,7  16,3   18:10   6,9   03:24   7,7   0,0   2,4   6,0  42,8   13:27   WSW
 3   9,8  14,8   18:31   6,0   05:35   8,5   0,0   1,2   7,5  36,7   11:17   WNW
 4   9,1  15,5   13:15   3,4   04:24   9,2   0,0   1,8   5,5  24,5   14:28   WSW
 5   7,6  10,3   14:44   5,7   05:22  10,7   0,0   1,2  12,2  37,8   16:31   NNW
 6   8,9  12,9   15:07   5,6   05:25   9,4   0,0   0,3  16,5  43,9   15:59    NW
 7  10,2  15,1   18:02   6,2   02:13   8,1   0,0   0,0  11,8  36,7   14:06    NW
 8  11,1  16,9   18:04   4,6   03:29   7,3   0,0   0,0  10,0  37,8   12:03     W
 9  12,7  19,8   18:59   4,7   04:58   5,7   0,1   0,0   6,7  30,6   11:45    NW
10  15,8  25,2   18:29   5,7   05:01   4,1   1,6   0,0   5,6  28,1   14:07   SSE
11   8,0  16,0   00:00   1,8   20:48  10,4   0,0   8,1  11,5  37,8   17:41     N
12   6,2  10,8   19:56   1,4   05:27  12,1   0,0   0,0  11,6  49,0   17:06     W
13   6,7  13,3   19:19   3,4   06:07  11,6   0,0   3,6   9,1  30,6   13:35   WNW
14   7,3  11,8   15:49   2,5   03:05  11,0   0,0   0,3   7,8  42,8   17:50   WNW
15   8,0  13,0   15:54   0,4   04:34  10,3   0,0   0,0  11,8  41,8   22:17     W
16   9,7  13,0   16:51   7,7   05:20   8,6   0,0   0,0  19,5  55,1   09:13   WSW
17  10,2  15,1   19:06   5,7   03:33   8,1   0,0   1,8  18,3  58,7   15:08     W
18  10,1  12,1   12:41   8,7   05:42   8,2   0,0  11,1  13,2  41,8   01:54     W
19  10,6  12,6   20:09   7,7   23:09   7,7   0,0   6,0  12,1  41,8   15:29   WNW
20  10,7  16,1   20:02   5,8   04:46   7,6   0,0   0,0   7,5  35,6   16:21     N
21   9,5  15,4   20:02   2,7   04:06   8,8   0,0   0,0   6,8  29,5   16:25   NNE
22  11,2  20,2   18:26   2,0   04:38   7,2   0,1   0,0   5,3  28,1   12:17     E
23  10,4  13,3   10:56   7,4   02:09   7,9   0,0   6,6   6,4  27,0   10:13     S
24  11,5  14,2   11:10   8,8   04:36   6,9   0,0   3,3  10,9  52,6   11:16     W
25  11,7  15,0   19:59   9,4   23:52   6,6   0,0   3,6   7,7  29,5   17:32   NNW
26  11,6  17,7   17:48   7,7   23:54   6,7   0,0   0,0   9,7  31,7   17:12   NNE
27  13,5  20,5   18:36   6,0   04:59   5,1   0,2   0,0   5,7  24,5   17:34    NW
28  13,1  16,4   20:09   8,7   23:52   5,2   0,0   0,0  11,9  37,8   15:09   NNE
29  11,4  15,5   17:16   6,5   03:57   6,9   0,0   0,0  14,7  43,9   12:45   NNE
30  11,6  15,9   18:31   6,9   04:29   6,7   0,0   0,0  16,0  47,9   16:41   NNE
31  14,5  19,2   18:30  10,4   01:08   3,8   0,0   0,0  17,4  47,9   15:02    NE
----------------------------------------------------------------------------------
    10,5  25,2    10     0,4    15   244,9   2,0  53,4  10,5  58,7    17      NW

Max >=  20,0:  3
Max <=   0,0:  0
Min <=   0,0:  0
Min <= -10,0:  0
Max Rain: 11,1 on day 18
Days of Rain: 15 (>= 0,2 mm)  9 (>= 2,0 mm)  0 (>= 20,0 mm)
Heat Base: 18,3  Cool Base: 18,3  Method: Integration