Raporty klimatyczne NOAA

Wybierz Rok lub Miesiąc raportu
V/Λ2021 > Jan Feb Mar Apr May Jun Jul Aug Sep Oct Nov Dec
V/Λ2020 > Jan Feb Mar Apr May Jun Jul Aug Sep Oct Nov Dec
V/Λ2019 > Jan Feb Mar Apr May Jun Jul Aug Sep Oct Nov Dec
V/Λ2018 > Jan Feb Mar Apr May Jun Jul Aug Sep Oct Nov Dec
V/Λ2017 > Jan Feb Mar Apr May Jun Jul Aug Sep Oct Nov Dec
V/Λ2016 > Jan Feb Mar Apr May Jun Jul Aug Sep Oct Nov Dec
V/Λ2015 > Jan Feb Mar Apr May Jun Jul Aug Sep Oct Nov Dec
V/Λ2014 > Jan Feb Mar Apr May Jun Jul Aug Sep Oct Nov Dec
V/Λ2013 > Jan Feb Mar Apr May Jun Jul Aug Sep Oct Nov Dec
V/Λ2012 > Jan Feb Mar Apr May Jun Jul Aug Sep Oct Nov Dec

Report for 2020 Mar
                   Monthly Climatological Summary for mar 2020

Name: NIESIOŁOWICE-na Kaszubach   City: NIESIOŁOWICE   State: Pomorskie (PL)
Elevation: 186 m  Lat: N 54° 12' 24"   Lon: E 017° 51' 01"

                  Temperature (°C), Rain (mm), Wind Speed (km/h)

                                      Heat  Cool        Avg
    Mean                              Deg   Deg         Wind                 Dom
Day Temp  High   Time   Low    Time   Days  Days  Rain  Speed High   Time    Dir
----------------------------------------------------------------------------------
 1   5,8   9,7   13:50   2,6   22:21  12,5   0,0   2,4  13,6  45,4   12:30    SW
 2   4,8   8,0   13:45   1,4   06:48  13,5   0,0   1,5   4,4  20,9   13:11     S
 3   4,8   6,1   13:05   3,1   03:30  13,5   0,0   4,5   4,8  28,1   23:40    SE
 4   3,9   6,0   16:03   0,8   23:40  14,4   0,0   1,5  13,2  41,8   04:12   WSW
 5   3,0   7,7   15:15   0,2   04:42  15,3   0,0   0,3   4,1  25,6   17:19     S
 6   3,1   6,3   12:55   0,7   00:00  15,2   0,0   2,7   9,9  31,7   12:27    SE
 7   4,4   6,0   13:23   3,4   23:59  13,9   0,0   3,9   6,5  27,0   21:02   NNW
 8   4,7   8,3   15:03   2,3   06:21  13,6   0,0   0,0   7,7  25,6   14:26    SW
 9   6,1  10,4   13:47   3,3   05:43  12,2   0,0   1,2   6,2  24,5   13:58     S
10   6,7   9,8   14:34   5,0   06:22  11,6   0,0   2,1  12,7  41,8   21:48   SSW
11   6,6   8,5   13:52   3,1   23:51  11,7   0,0   7,2  21,9  80,6   14:44     W
12   5,6  10,4   12:20   3,1   00:00  12,6   0,0  14,4  20,7  82,1   15:37   WSW
13   4,0   8,0   15:01   0,1   23:57  14,3   0,0   2,7  19,3  62,3   15:29   WSW
14  -0,3   2,2   16:31  -5,1   23:46  18,5   0,0   0,6   9,1  34,2   00:18   NNW
15   1,4   7,7   15:50  -5,4   00:34  16,9   0,0   0,0  11,1  42,8   13:25   SSW
16   5,3  10,6   12:55   1,1   06:07  13,0   0,0   0,0   9,9  30,6   15:50    SW
17   5,7  12,0   16:59   1,4   01:35  12,6   0,0   0,0   4,8  33,1   12:02     W
18  10,1  15,5   14:26   3,9   01:55   8,1   0,0   0,0  15,2  51,5   10:20   WSW
19   6,5   8,8   14:25   0,8   23:54  12,0   0,0   1,5   7,2  23,4   03:25   WNW
20   3,6   8,4   12:42  -0,1   01:29  14,7   0,0   0,0   6,4  28,1   23:10   NNW
21   1,5   4,2   12:59  -1,3   23:58  16,8   0,0   0,3  15,2  46,4   11:15   NNE
22  -0,5   2,1   16:25  -3,5   06:13  18,8   0,0   0,0  10,8  37,8   13:30   ENE
23   0,4   4,8   17:11  -3,0   23:48  17,9   0,0   0,0   5,2  27,0   11:59     E
24   0,7   8,6   17:00  -5,3   05:50  17,6   0,0   0,0   2,5  17,3   11:42     S
25   2,3   9,9   16:33  -4,2   05:38  16,0   0,0   0,0   4,6  23,4   11:08   SSE
26   4,2   9,9   14:38  -2,9   05:18  14,1   0,0   0,0   6,6  39,2   12:46    SE
27   7,9  14,2   17:18   2,0   23:57  10,4   0,0   0,0   5,9  23,4   15:03   ESE
28   7,6  16,0   16:40  -0,2   05:32  10,7   0,0   0,0   4,1  23,4   13:31   ENE
29   2,0   5,7   00:00  -1,7   23:50  15,7   0,0   0,6  19,9  79,9   10:38   NNE
30   0,1   4,8   13:25  -4,4   06:33  18,2   0,0   0,0   8,2  33,1   21:13    NW
31  -0,5   3,4   17:30  -4,0   04:53  19,0   0,0   0,6   9,5  30,6   10:45    NW
----------------------------------------------------------------------------------
     3,9  16,0    28    -5,4    15   445,3   0,0  48,0   9,4  82,1    12     WSW

Max >=  20,0:  0
Max <=   0,0:  0
Min <=   0,0: 13
Min <= -10,0:  0
Max Rain: 14,4 on day 12
Days of Rain: 17 (>= 0,2 mm)  8 (>= 2,0 mm)  0 (>= 20,0 mm)
Heat Base: 18,3  Cool Base: 18,3  Method: Integration