Raporty klimatyczne NOAA

Wybierz Rok lub Miesiąc raportu
V/Λ2021 > Jan Feb Mar Apr May Jun Jul Aug Sep Oct Nov Dec
V/Λ2020 > Jan Feb Mar Apr May Jun Jul Aug Sep Oct Nov Dec
V/Λ2019 > Jan Feb Mar Apr May Jun Jul Aug Sep Oct Nov Dec
V/Λ2018 > Jan Feb Mar Apr May Jun Jul Aug Sep Oct Nov Dec
V/Λ2017 > Jan Feb Mar Apr May Jun Jul Aug Sep Oct Nov Dec
V/Λ2016 > Jan Feb Mar Apr May Jun Jul Aug Sep Oct Nov Dec
V/Λ2015 > Jan Feb Mar Apr May Jun Jul Aug Sep Oct Nov Dec
V/Λ2014 > Jan Feb Mar Apr May Jun Jul Aug Sep Oct Nov Dec
V/Λ2013 > Jan Feb Mar Apr May Jun Jul Aug Sep Oct Nov Dec
V/Λ2012 > Jan Feb Mar Apr May Jun Jul Aug Sep Oct Nov Dec

Report for 2019 Dec
                   Monthly Climatological Summary for gru 2019

Name: NIESIOŁOWICE-na Kaszubach   City: NIESIOŁOWICE   State: Pomorskie (PL)
Elevation: 186 m  Lat: N 54° 12' 24"   Lon: E 017° 51' 01"

                  Temperature (°C), Rain (mm), Wind Speed (km/h)

                                      Heat  Cool        Avg
    Mean                              Deg   Deg         Wind                 Dom
Day Temp  High   Time   Low    Time   Days  Days  Rain  Speed High   Time    Dir
----------------------------------------------------------------------------------
 1   1,2   2,2   12:59   0,5   07:23  17,1   0,0   0,0   0,0   8,6   13:11   SSW
 2   1,3   2,3   09:14  -0,6   23:59  17,0   0,0   3,0   0,0  13,3   07:07     W
 3   0,2   2,5   12:50  -1,8   06:11  18,1   0,0   0,0   6,1  30,6   21:50    SW
 4   4,5   5,9   08:50   1,6   00:00  13,8   0,0   0,0   6,6  35,6   22:30   WSW
 5   2,5   4,5   13:18  -0,2   22:22  15,8   0,0   0,0  11,8  33,1   02:46    SW
 6   1,3   3,1   23:59  -0,7   04:05  17,0   0,0   0,3  17,8  43,9   06:53    SW
 7   4,9   7,0   13:32   3,1   00:00  13,4   0,0  11,1  18,7  56,2   20:05   WSW
 8   6,2   8,0   21:35   4,5   00:26  12,1   0,0   1,8  18,3  52,6   12:48    SW
 9   5,7   7,6   00:00   4,5   21:40  12,6   0,0   2,7  13,7  54,0   00:45    SW
10   1,4   5,2   01:17  -3,0   23:00  16,9   0,0   1,2  11,0  40,3   04:27   WNW
11  -0,4   1,8   13:23  -3,3   00:25  18,7   0,0   0,0   8,8  36,7   11:41     S
12  -0,8   0,4   19:22  -2,4   01:45  19,1   0,0   0,0   9,6  27,0   03:02     S
13   0,8   1,9   22:53  -0,3   05:17  17,5   0,0   1,5   8,5  28,1   12:18    SE
14   2,2   3,2   15:23   1,0   03:50  16,1   0,0   5,1  10,0  29,5   11:22     S
15   3,6   5,4   16:53   2,0   09:09  14,7   0,0   0,6  16,3  39,2   09:57    SW
16   4,3   5,9   13:22   2,3   06:53  14,0   0,0   0,3   9,3  41,8   01:50    SW
17   5,2   6,8   20:09   3,5   07:28  13,1   0,0   0,0   4,9  25,6   16:37     S
18   6,4   9,4   09:33   3,5   23:13  11,9   0,0   0,3  12,5  64,8   09:59   WSW
19   1,8   3,5   00:00  -0,7   04:35  16,5   0,0   0,0   4,9  23,4   18:06   SSE
20   5,6   8,6   13:14   3,2   00:30  12,7   0,0   0,0   8,1  25,6   12:48   SSE
21   5,0   7,0   14:09   3,0   05:01  13,3   0,0   3,6   4,9  24,5   13:11    SW
22   3,3   5,1   00:00   0,1   08:38  15,0   0,0   0,3   2,5  18,4   12:12     E
23   4,7   5,2   23:54   4,3   07:20  13,5   0,0   0,3   4,7  18,4   17:55    NW
24   5,2   6,0   02:47   4,2   22:57  13,1   0,0   1,5   7,6  29,5   08:58     W
25   3,8   4,8   12:18   3,2   07:20  14,5   0,0   1,5   2,0  19,4   15:43   WNW
26   3,1   4,2   12:05   1,5   22:49  15,2   0,0   2,1   6,0  22,0   19:06   WNW
27   1,6   2,7   10:17   0,5   21:58  16,7   0,0   0,0  10,9  34,2   12:04     N
28   0,8   1,5   11:45   0,4   01:24  17,5   0,0   0,3   9,9  30,6   05:55     N
29   0,5   1,2   13:21   0,0   09:01  17,8   0,0   0,0   9,5  30,6   19:11    SW
30   4,3   6,2   16:13   0,9   00:00  14,0   0,0   0,0  17,3  49,0   23:07   WSW
31   4,9   6,4   12:25   1,8   23:54  13,4   0,0   1,5  18,4  55,1   06:25   WNW
----------------------------------------------------------------------------------
     3,1   9,4    18    -3,3    11   472,1   0,0  39,0   9,4  64,8    18      SW

Max >=  20,0:  0
Max <=   0,0:  0
Min <=   0,0: 10
Min <= -10,0:  0
Max Rain: 11,1 on day 7
Days of Rain: 19 (>= 0,2 mm)  6 (>= 2,0 mm)  0 (>= 20,0 mm)
Heat Base: 18,3  Cool Base: 18,3  Method: Integration