Raporty klimatyczne NOAA

Wybierz Rok lub Miesiąc raportu
V/Λ2020 > Jan Feb Mar Apr May Jun Jul Aug Sep Oct Nov Dec
V/Λ2019 > Jan Feb Mar Apr May Jun Jul Aug Sep Oct Nov Dec
V/Λ2018 > Jan Feb Mar Apr May Jun Jul Aug Sep Oct Nov Dec
V/Λ2017 > Jan Feb Mar Apr May Jun Jul Aug Sep Oct Nov Dec
V/Λ2016 > Jan Feb Mar Apr May Jun Jul Aug Sep Oct Nov Dec
V/Λ2015 > Jan Feb Mar Apr May Jun Jul Aug Sep Oct Nov Dec
V/Λ2014 > Jan Feb Mar Apr May Jun Jul Aug Sep Oct Nov Dec
V/Λ2013 > Jan Feb Mar Apr May Jun Jul Aug Sep Oct Nov Dec
V/Λ2012 > Jan Feb Mar Apr May Jun Jul Aug Sep Oct Nov Dec

Report for 2019 Jul
                   Monthly Climatological Summary for lip 2019

Name: NIESIOŁOWICE-na Kaszubach   City: NIESIOŁOWICE   State: Pomorskie (PL)
Elevation: 186 m  Lat: N 54° 12' 24"   Lon: E 017° 51' 01"

                  Temperature (°C), Rain (mm), Wind Speed (km/h)

                                      Heat  Cool        Avg
    Mean                              Deg   Deg         Wind                 Dom
Day Temp  High   Time   Low    Time   Days  Days  Rain  Speed High   Time    Dir
----------------------------------------------------------------------------------
 1  20,2  24,4   17:34  15,9   23:01   0,3   2,2   2,4  14,0  37,8   17:06   WNW
 2  15,3  17,8   18:25  12,3   23:46   3,0   0,0   1,2  18,9  60,1   14:15     W
 3  14,1  18,1   18:44  10,8   04:45   4,2   0,0   0,0  16,2  51,5   15:03     W
 4  13,5  16,8   13:22  10,6   03:45   4,8   0,0   1,8  17,3  51,5   12:25   WSW
 5  15,1  18,9   20:16  11,9   23:52   3,2   0,0   8,1  17,9  51,5   16:28     W
 6  13,9  17,1   16:11   8,6   04:54   4,6   0,0   4,8   8,5  31,7   08:47    SW
 7  13,4  15,6   19:29  11,0   04:26   4,9   0,0   1,8  15,7  47,9   14:28   WSW
 8  13,5  16,2   14:33  12,6   04:47   4,8   0,0  11,7  13,5  34,2   13:53     W
 9  13,7  16,2   10:39  12,7   22:14   4,6   0,0  12,9  13,5  37,8   17:57   WNW
10  14,6  18,3   14:37  11,4   23:52   3,7   0,0   0,0  10,7  36,7   10:44    NW
11  16,3  24,2   20:30   9,3   04:49   3,2   1,1   0,0   6,1  33,1   15:19     N
12  17,6  23,9   15:27  11,1   05:10   2,4   1,7   0,0   3,6  30,6   15:58     E
13  16,8  21,3   13:43  11,6   04:29   2,2   0,7   0,0   5,1  25,6   15:01    NE
14  17,1  21,3   19:21  12,9   23:59   2,0   0,9   0,0   8,0  30,6   16:12   NNE
15  16,9  24,1   16:43  10,3   03:17   2,6   1,2   0,0   5,8  30,6   17:05    NW
16  15,8  20,7   19:07  13,3   04:50   2,7   0,1   1,2  10,9  37,8   15:02     W
17  16,0  20,5   20:22  12,0   23:57   2,5   0,2   0,0  10,4  29,5   08:23   NNW
18  16,4  23,9   18:59   8,8   04:26   3,2   1,2   0,0   3,2  18,4   18:43     E
19  19,5  27,3   18:07  11,8   04:35   1,8   3,0   0,0   4,3  30,6   15:33    NE
20  21,4  28,9   16:51  15,5   05:36   0,5   3,6   0,0   5,4  25,6   18:20     E
21  19,7  23,9   15:12  16,8   04:33   0,4   1,8   4,8   6,9  33,1   17:33   WNW
22  18,3  21,8   15:18  15,7   05:15   0,9   0,9   0,0  11,3  33,1   13:34   WNW
23  17,2  19,2   16:35  15,1   04:43   1,2   0,1   1,5   5,0  17,3   19:00     W
24  20,6  25,5   20:20  17,3   04:31   0,3   2,6   0,3   5,8  20,9   14:45     N
25  20,7  25,7   16:46  15,6   04:44   0,6   3,0   0,0   5,6  25,6   14:39   ENE
26  20,1  24,5   17:07  16,2   02:08   0,6   2,4   0,0  11,2  36,7   12:49   ENE
27  20,1  25,1   18:51  17,1   04:44   0,2   2,0   3,9  12,6  40,3   17:01     E
28  23,4  32,4   18:46  17,3   04:52   0,1   5,2   0,9  10,3  36,7   19:32   ESE
29  24,8  29,8   14:05  20,3   23:49   0,0   6,5   0,0   8,7  27,0   14:58     E
30  20,2  23,7   13:18  16,2   23:47   0,2   2,2   0,0   9,8  31,7   11:40   NNE
31  17,5  22,2   16:40  13,7   23:59   1,6   0,8   0,0   8,3  28,1   12:29     E
----------------------------------------------------------------------------------
    17,5  32,4    28     8,6     6    67,3  43,4  57,3   9,8  60,1     2     WNW

Max >=  20,0: 21
Max <=   0,0:  0
Min <=   0,0:  0
Min <= -10,0:  0
Max Rain: 12,9 on day 9
Days of Rain: 14 (>= 0,2 mm)  7 (>= 2,0 mm)  0 (>= 20,0 mm)
Heat Base: 18,3  Cool Base: 18,3  Method: Integration