Raporty klimatyczne NOAA

Wybierz Rok lub Miesiąc raportu
V/Λ2019 > Jan Feb Mar Apr May Jun Jul Aug Sep Oct Nov Dec
V/Λ2018 > Jan Feb Mar Apr May Jun Jul Aug Sep Oct Nov Dec
V/Λ2017 > Jan Feb Mar Apr May Jun Jul Aug Sep Oct Nov Dec
V/Λ2016 > Jan Feb Mar Apr May Jun Jul Aug Sep Oct Nov Dec
V/Λ2015 > Jan Feb Mar Apr May Jun Jul Aug Sep Oct Nov Dec
V/Λ2014 > Jan Feb Mar Apr May Jun Jul Aug Sep Oct Nov Dec
V/Λ2013 > Jan Feb Mar Apr May Jun Jul Aug Sep Oct Nov Dec
V/Λ2012 > Jan Feb Mar Apr May Jun Jul Aug Sep Oct Nov Dec

Report for 2019 Jun
                   Monthly Climatological Summary for cze 2019

Name: NIESIOŁOWICE-na Kaszubach   City: NIESIOŁOWICE   State: Pomorskie (PL)
Elevation: 186 m  Lat: N 54° 12' 24"   Lon: E 017° 51' 01"

                  Temperature (°C), Rain (mm), Wind Speed (km/h)

                                      Heat  Cool        Avg
    Mean                              Deg   Deg         Wind                 Dom
Day Temp  High   Time   Low    Time   Days  Days  Rain  Speed High   Time    Dir
----------------------------------------------------------------------------------
 1  16,9  24,4   16:14  11,5   05:40   2,5   1,1   6,6   6,4  33,1   15:54     W
 2  17,7  26,7   17:50  12,7   04:40   2,3   1,7   0,0   5,6  19,4   08:03   WNW
 3  22,7  33,5   20:23  12,0   02:08   1,6   5,9   0,0   6,7  30,6   13:27     S
 4  24,6  34,1   18:37  16,7   05:09   0,1   6,4   0,0   5,7  28,1   13:22     S
 5  25,1  32,2   17:57  17,8   04:35   0,0   6,8   0,0   7,6  34,2   15:24    SE
 6  24,7  31,6   19:57  19,5   04:44   0,0   6,4   0,0  10,3  39,2   13:08    SE
 7  20,4  24,3   14:02  16,9   06:46   0,2   2,3   5,4   5,2  24,5   11:28     N
 8  18,9  26,0   12:52  13,3   23:56   0,9   1,5  12,0   5,2  41,8   13:21     W
 9  17,8  26,1   17:56  10,7   04:17   2,3   1,9   0,0   6,1  28,1   10:29   WSW
10  20,0  27,8   16:46  14,4   00:39   1,1   2,8  22,8   9,8  52,6   20:50   ESE
11  25,1  33,6   19:08  17,1   00:00   0,2   7,0   0,3   7,4  24,5   18:00    SE
12  27,4  34,5   17:48  21,3   04:07   0,0   9,1   0,0   7,5  25,6   16:12    SE
13  20,0  25,1   00:00  16,8   23:57   0,1   1,8   8,1   6,5  40,3   05:20    NW
14  20,1  27,7   18:14  15,8   03:28   0,8   2,6   0,0   5,1  22,0   18:21    NE
15  21,6  28,8   17:08  15,2   01:35   0,7   4,0   9,0   9,6  51,5   22:17    SE
16  16,5  17,7   06:28  14,6   23:52   1,8   0,0   0,9  13,3  43,9   14:17     W
17  18,9  28,0   20:26  13,6   04:17   1,4   2,1   0,0   9,1  31,7   08:59    NW
18  20,7  29,8   20:06  13,5   03:07   1,2   3,6   0,0   3,4  17,3   15:37     S
19  22,8  30,8   18:40  15,3   04:09   0,6   5,2   0,0   6,2  27,0   11:35    SE
20  22,7  29,5   13:02  18,4   04:20   0,0   4,3   3,6   4,0  24,5   11:47    SE
21  19,9  23,6   14:18  15,8   23:57   0,2   1,8   0,0   5,7  25,6   16:02    NW
22  17,7  22,6   17:52  13,2   23:54   1,7   1,1   0,0   7,4  27,0   14:22   NNW
23  17,4  25,1   18:51  10,2   04:32   2,6   1,7   0,0   5,2  24,5   18:31     E
24  18,2  26,0   18:53   9,9   04:18   2,5   2,4   0,0   6,2  27,0   18:34     E
25  23,6  31,9   18:46  15,6   03:55   0,6   5,9   0,0   6,5  25,6   12:59    SE
26  26,3  33,5   18:14  18,8   04:23   0,0   8,0   0,0   9,6  45,4   23:01     W
27  16,7  21,5   00:00  14,9   23:51   1,8   0,1   0,9  14,5  45,4   03:57   WNW
28  18,8  25,8   20:09  14,4   02:53   1,3   1,8   0,0   8,7  36,7   15:45   NNW
29  20,2  26,6   18:08  14,5   04:06   1,0   2,9   0,0  13,4  47,9   14:42     W
30  25,5  36,1   18:36  13,5   04:38   0,8   8,0   0,0   9,1  40,3   15:47   WSW
----------------------------------------------------------------------------------
    21,0  36,1    30     9,9    24    30,3 110,2  69,6   7,6  52,6    10     WSW

Max >=  20,0: 29
Max <=   0,0:  0
Min <=   0,0:  0
Min <= -10,0:  0
Max Rain: 22,8 on day 10
Days of Rain: 10 (>= 0,2 mm)  7 (>= 2,0 mm)  1 (>= 20,0 mm)
Heat Base: 18,3  Cool Base: 18,3  Method: Integration