Raporty klimatyczne NOAA

Wybierz Rok lub Miesiąc raportu
V/Λ2019 > Jan Feb Mar Apr May Jun Jul Aug Sep Oct Nov Dec
V/Λ2018 > Jan Feb Mar Apr May Jun Jul Aug Sep Oct Nov Dec
V/Λ2017 > Jan Feb Mar Apr May Jun Jul Aug Sep Oct Nov Dec
V/Λ2016 > Jan Feb Mar Apr May Jun Jul Aug Sep Oct Nov Dec
V/Λ2015 > Jan Feb Mar Apr May Jun Jul Aug Sep Oct Nov Dec
V/Λ2014 > Jan Feb Mar Apr May Jun Jul Aug Sep Oct Nov Dec
V/Λ2013 > Jan Feb Mar Apr May Jun Jul Aug Sep Oct Nov Dec
V/Λ2012 > Jan Feb Mar Apr May Jun Jul Aug Sep Oct Nov Dec

Report for 2018 Dec
                   Monthly Climatological Summary for gru 2018

Name: NIESIOŁOWICE-na Kaszubach   City: NIESIOŁOWICE   State: Pomorskie (PL)
Elevation: 186 m  Lat: N 54° 12' 24"   Lon: E 017° 51' 01"

                  Temperature (°C), Rain (mm), Wind Speed (km/h)

                                      Heat  Cool        Avg
    Mean                              Deg   Deg         Wind                 Dom
Day Temp  High   Time   Low    Time   Days  Days  Rain  Speed High   Time    Dir
----------------------------------------------------------------------------------
 1  -5,0  -2,0   23:59  -7,9   07:56  23,3   0,0   0,0   8,3  31,7   01:58     S
 2   0,5   2,9   13:31  -2,0   00:00  17,8   0,0   1,8   7,8  28,1   17:12   SSE
 3   5,3   8,3   21:11   1,5   00:00  13,5   0,0   3,0   6,8  19,4   22:32   SSW
 4   5,6   8,2   01:21   2,1   23:23  12,7   0,0   1,5  14,3  42,8   14:24   WSW
 5   2,7   4,8   13:43   0,9   23:45  15,6   0,0   0,3  10,4  34,2   13:03     W
 6   0,7   1,8   13:11  -0,3   04:41  17,6   0,0   1,2   7,5  23,4   17:38     S
 7   6,2   9,1   22:00   0,9   00:00  12,0   0,0   6,3   7,7  23,4   10:25   SSW
 8   6,6   9,1   00:00   5,6   07:09  11,5   0,0   4,8  19,2  54,0   05:58    SW
 9   5,4   6,2   01:18   4,4   08:55  12,8   0,0   4,8  12,0  41,8   01:45    SW
10   2,9   5,0   01:33   1,5   17:49  15,4   0,0   6,6  13,0  45,4   14:46     W
11   2,5   3,5   13:38   1,4   23:58  15,8   0,0   1,2   6,7  22,0   02:34    NW
12   1,4   2,6   11:40  -0,3   05:35  16,9   0,0   0,6   3,9  18,4   15:44   NNE
13   0,4   1,4   01:05  -1,3   23:45  17,9   0,0   0,3   4,7  22,0   08:05    NE
14  -0,7   0,0   13:50  -1,6   01:15  19,0   0,0   0,0   3,3  22,0   00:17    NE
15   0,2   1,1   13:39  -0,5   00:45  18,1   0,0   0,0   3,5  15,8   18:29   ESE
16  -0,5   0,3   00:00  -1,3   23:13  18,8   0,0   0,0   6,1  20,9   09:23    SE
17  -1,2  -0,3   13:11  -1,7   05:06  19,4   0,0   0,0   2,4   9,7   03:58   SSE
18  -0,9   0,2   12:58  -1,6   07:46  19,2   0,0   0,0   4,3  14,8   01:35   SSE
19  -0,3   1,1   11:52  -1,8   22:48  18,6   0,0   0,0   9,0  35,6   14:53   SSE
20  -1,6  -0,7   23:46  -2,1   04:58  19,9   0,0   0,0   6,1  22,0   00:37   SSE
21   0,9   1,8   11:14  -0,7   00:00  17,4   0,0   2,4   4,7  19,4   21:42   SSE
22   1,4   2,4   17:07   0,9   00:55  16,9   0,0   7,8  10,0  34,2   17:13     N
23   0,8   1,7   11:23   0,0   02:30  17,5   0,0   0,0   3,0  14,8   00:12   WSW
24  -0,8   0,3   00:00  -1,7   19:22  19,1   0,0   0,0   4,7  19,4   15:52    NW
25   2,5   4,6   23:53  -1,1   00:00  15,8   0,0   0,9  10,1  33,1   22:40   WNW
26   4,4   4,8   03:30   3,3   19:54  13,9   0,0   0,0  15,8  39,2   03:29    NW
27   6,0   6,6   06:34   4,3   00:00  12,3   0,0   3,6  15,3  49,0   23:34   WNW
28   5,4   6,5   00:32   4,1   19:34  12,9   0,0   0,9  12,5  49,0   02:13    NW
29   5,1   6,1   14:23   4,1   01:19  13,2   0,0   1,8   9,9  33,1   05:57   WSW
30   4,4   5,8   11:47   2,7   21:16  13,9   0,0   6,3  11,6  35,6   15:09    NW
31   2,6   3,2   00:00   1,5   16:32  15,7   0,0   0,0   9,7  35,6   23:52   WNW
----------------------------------------------------------------------------------
     2,0   9,1     7    -7,9     1   504,4   0,0  56,1   8,5  54,0     8     WSW

Max >=  20,0:  0
Max <=   0,0:  4
Min <=   0,0: 16
Min <= -10,0:  0
Max Rain: 7,8 on day 22
Days of Rain: 19 (>= 0,2 mm)  9 (>= 2,0 mm)  0 (>= 20,0 mm)
Heat Base: 18,3  Cool Base: 18,3  Method: Integration