Raporty klimatyczne NOAA

Wybierz Rok lub Miesiąc raportu
V/Λ2018 > Jan Feb Mar Apr May Jun Jul Aug Sep Oct Nov Dec
V/Λ2017 > Jan Feb Mar Apr May Jun Jul Aug Sep Oct Nov Dec
V/Λ2016 > Jan Feb Mar Apr May Jun Jul Aug Sep Oct Nov Dec
V/Λ2015 > Jan Feb Mar Apr May Jun Jul Aug Sep Oct Nov Dec
V/Λ2014 > Jan Feb Mar Apr May Jun Jul Aug Sep Oct Nov Dec
V/Λ2013 > Jan Feb Mar Apr May Jun Jul Aug Sep Oct Nov Dec
V/Λ2012 > Jan Feb Mar Apr May Jun Jul Aug Sep Oct Nov Dec

Report for 2018 Jun
                   Monthly Climatological Summary for cze 2018

Name: NIESIOŁOWICE-na Kaszubach   City: NIESIOŁOWICE   State: Pomorskie (PL)
Elevation: 186 m  Lat: N 54° 12' 24"   Lon: E 017° 51' 01"

                  Temperature (°C), Rain (mm), Wind Speed (km/h)

                                      Heat  Cool        Avg
    Mean                              Deg   Deg         Wind                 Dom
Day Temp  High   Time   Low    Time   Days  Days  Rain  Speed High   Time    Dir
----------------------------------------------------------------------------------
 1  21,9  30,7   14:08  16,5   04:22   0,4   4,0   7,8   6,9  42,8   17:43   ESE
 2  21,7  28,2   18:49  15,2   04:30   0,6   4,1   0,0   4,5  24,5   15:24   ENE
 3  21,0  27,7   16:18  12,4   05:01   1,3   4,0   0,0   4,6  25,6   18:07   NNW
 4  19,4  23,9   17:47  15,5   03:10   0,8   1,9   0,0  11,7  39,2   17:49   WNW
 5  16,3  20,0   14:05  10,0   23:45   2,2   0,2   0,0  10,4  35,6   16:19    NE
 6  14,4  24,9   19:51   6,3   04:47   4,7   0,8   0,0   4,9  22,0   08:51    SE
 7  18,1  30,2   20:12   8,0   04:23   3,1   2,9   0,0   5,5  28,1   14:22   SSE
 8  20,4  32,1   18:41  10,3   04:36   2,1   4,2   0,0   4,8  22,0   19:22   ESE
 9  21,9  30,7   20:07  14,1   04:17   0,9   4,5   0,0   7,8  31,7   14:49     E
10  23,4  31,9   17:21  14,4   03:22   0,8   5,9   0,0   4,6  23,4   15:16    SE
11  18,9  22,5   00:00  13,6   23:52   0,4   1,0   0,9  11,4  40,3   16:27   WNW
12  14,9  17,4   17:27  12,0   04:16   3,4   0,0   0,0   9,6  30,6   16:35     W
13  15,4  19,4   13:16  11,5   05:27   3,0   0,0   0,0   6,1  20,9   20:28     W
14  16,8  21,7   20:09  12,1   04:15   2,1   0,6   0,0   6,3  27,0   10:43   WNW
15  17,7  22,9   13:29  11,1   04:22   1,7   1,1   0,0   4,7  25,6   14:45   NNW
16  19,7  24,7   16:54  14,9   23:59   0,9   2,3   0,0   4,5  25,6   17:40   NNE
17  20,5  30,3   16:34  12,4   04:05   1,5   3,7   1,5   7,4  35,6   17:43   WSW
18  18,4  23,8   14:49  15,2   03:22   1,1   1,3   0,0   4,5  29,5   17:22   NNW
19  18,8  21,6   10:59  14,5   01:48   0,9   1,4   0,0  12,2  40,3   10:29     W
20  19,8  27,5   18:03  13,7   04:31   1,3   2,8   0,0  11,9  41,8   19:03     W
21  18,0  27,8   13:15  10,5   23:48   2,5   2,2   3,9  12,9  69,8   14:40   WSW
22  12,5  18,5   19:45   8,8   02:07   5,8   0,0   2,4  18,0  49,0   09:48   WSW
23  12,7  17,7   17:15   9,3   03:06   5,6   0,0   4,2  10,2  40,3   18:17     W
24  15,3  21,3   20:19  11,8   00:00   3,1   0,1   2,1  11,8  36,7   12:19   NNW
25  16,2  21,7   18:34  13,2   02:07   2,3   0,2   1,2  10,8  36,7   15:16    NW
26  16,7  20,8   18:57  13,4   23:55   1,9   0,3   0,0  12,1  36,7   14:24   ENE
27  18,9  25,4   20:09  13,3   00:33   1,6   2,3   0,0  11,1  31,7   16:58     E
28  21,7  27,2   18:33  16,0   04:41   0,5   3,9   0,0  12,7  41,8   13:30   ENE
29  16,4  21,5   10:27  11,6   23:46   2,3   0,4   0,0  12,3  45,4   12:38    NE
30  13,8  17,3   18:27   9,6   04:51   4,5   0,0   0,0  17,8  56,2   15:59   NNE
----------------------------------------------------------------------------------
    18,1  32,1     8     6,3     6    63,3  56,1  24,0   9,1  69,8    21      NW

Max >=  20,0: 25
Max <=   0,0:  0
Min <=   0,0:  0
Min <= -10,0:  0
Max Rain: 7,8 on day 1
Days of Rain: 8 (>= 0,2 mm)  5 (>= 2,0 mm)  0 (>= 20,0 mm)
Heat Base: 18,3  Cool Base: 18,3  Method: Integration