Raporty klimatyczne NOAA

Wybierz Rok lub Miesiąc raportu
V/Λ2018 > Jan Feb Mar Apr May Jun Jul Aug Sep Oct Nov Dec
V/Λ2017 > Jan Feb Mar Apr May Jun Jul Aug Sep Oct Nov Dec
V/Λ2016 > Jan Feb Mar Apr May Jun Jul Aug Sep Oct Nov Dec
V/Λ2015 > Jan Feb Mar Apr May Jun Jul Aug Sep Oct Nov Dec
V/Λ2014 > Jan Feb Mar Apr May Jun Jul Aug Sep Oct Nov Dec
V/Λ2013 > Jan Feb Mar Apr May Jun Jul Aug Sep Oct Nov Dec
V/Λ2012 > Jan Feb Mar Apr May Jun Jul Aug Sep Oct Nov Dec

Report for 2018 May
                   Monthly Climatological Summary for maj 2018

Name: NIESIOŁOWICE-na Kaszubach   City: NIESIOŁOWICE   State: Pomorskie (PL)
Elevation: 186 m  Lat: N 54° 12' 24"   Lon: E 017° 51' 01"

                  Temperature (°C), Rain (mm), Wind Speed (km/h)

                                      Heat  Cool        Avg
    Mean                              Deg   Deg         Wind                 Dom
Day Temp  High   Time   Low    Time   Days  Days  Rain  Speed High   Time    Dir
----------------------------------------------------------------------------------
 1  14,7  20,9   17:50   8,5   05:19   4,0   0,5   0,0   9,7  42,8   10:06    SW
 2  12,6  18,9   15:21   7,3   05:08   5,7   0,0   0,0   8,4  31,7   01:16   SSW
 3  13,8  19,3   12:13   8,3   23:59   4,6   0,1   6,9   9,6  30,6   16:22    NW
 4  10,0  14,2   15:28   5,2   23:48   8,3   0,0   0,0   9,0  28,1   16:05     N
 5  11,2  17,3   15:07   4,1   04:36   7,1   0,0   0,0   6,7  27,0   13:52   NNE
 6  13,5  21,2   17:47   5,3   04:36   5,3   0,5   0,0   4,7  24,5   13:56   NNE
 7  15,4  23,9   17:47   6,9   05:15   4,2   1,3   0,0   4,4  24,5   14:07   ENE
 8  16,6  23,9   18:58   8,2   04:35   3,4   1,6   0,0   8,2  30,6   13:41     E
 9  18,7  24,8   15:02  12,5   03:05   1,9   2,3   0,0  11,8  35,6   10:18     E
10  21,3  29,1   18:33  12,7   05:09   1,2   4,2   0,0   8,7  39,2   13:54    SE
11  19,5  26,9   13:22  15,2   23:26   0,8   1,9   0,3   7,1  39,2   13:49   ENE
12  19,1  26,3   18:08  14,9   02:35   1,3   2,1   0,0   6,7  24,5   17:06   ESE
13  18,9  25,8   18:38  10,9   04:52   2,0   2,5   0,0   8,6  36,7   12:42   ESE
14  18,3  23,8   17:23  13,3   05:21   1,5   1,6   0,0   9,3  30,6   11:06   ESE
15  17,0  21,7   12:41  13,0   04:56   2,0   0,7   1,5   7,7  31,7   11:24     E
16  17,5  22,2   16:09  12,6   04:51   1,8   1,0   0,0   8,9  28,1   17:01   ENE
17  16,6  21,6   18:29  11,5   23:59   2,5   0,8   0,0  13,0  47,9   14:02   NNE
18  13,2  17,2   13:09   8,7   23:58   5,1   0,0   0,0  14,3  34,2   13:27   NNW
19  11,9  17,8   17:26   5,9   04:19   6,4   0,0   0,0  11,1  37,8   11:03   NNE
20  13,2  20,7   17:34   5,2   04:32   5,5   0,4   0,0   8,2  27,0   18:22   ENE
21  16,3  22,4   19:45   9,6   04:30   3,2   1,2   0,0  12,2  43,9   13:19     E
22  15,7  22,0   18:31  10,7   23:57   2,9   0,3   1,5   5,3  24,5   10:34   ESE
23  15,7  22,5   18:56   7,9   04:54   3,7   1,1   0,0   6,7  27,0   15:17     E
24  17,2  23,8   17:59  10,1   04:19   2,7   1,6   0,0  10,4  35,6   11:36     E
25  17,1  24,7   14:56   9,3   04:52   2,7   1,5   1,2   8,0  35,6   16:26     E
26  17,7  25,2   12:40  12,1   04:36   2,0   1,4   0,9   4,4  20,9   12:23   ESE
27  19,5  25,7   15:06  14,1   01:56   1,2   2,4   0,0   8,2  29,5   17:01   ESE
28  23,1  30,5   18:26  15,8   03:58   0,6   5,4   0,0   8,8  34,2   17:43   ESE
29  23,8  31,8   19:56  15,4   04:27   0,4   5,9   0,0   7,2  31,7   12:13    SE
30  24,1  32,0   17:35  16,6   04:42   0,2   5,9   0,0   9,6  33,1   12:45   ESE
31  23,3  28,6   13:45  17,2   23:55   0,0   5,1   0,0  10,8  31,7   15:29     E
----------------------------------------------------------------------------------
    17,0  32,0    30     4,1     5    94,2  53,3  12,3   8,6  47,9    17       E

Max >=  20,0: 25
Max <=   0,0:  0
Min <=   0,0:  0
Min <= -10,0:  0
Max Rain: 6,9 on day 3
Days of Rain: 6 (>= 0,2 mm)  1 (>= 2,0 mm)  0 (>= 20,0 mm)
Heat Base: 18,3  Cool Base: 18,3  Method: Integration