Raporty klimatyczne NOAA

Wybierz Rok lub Miesiąc raportu
V/Λ2018 > Jan Feb Mar Apr May Jun Jul Aug Sep Oct Nov Dec
V/Λ2017 > Jan Feb Mar Apr May Jun Jul Aug Sep Oct Nov Dec
V/Λ2016 > Jan Feb Mar Apr May Jun Jul Aug Sep Oct Nov Dec
V/Λ2015 > Jan Feb Mar Apr May Jun Jul Aug Sep Oct Nov Dec
V/Λ2014 > Jan Feb Mar Apr May Jun Jul Aug Sep Oct Nov Dec
V/Λ2013 > Jan Feb Mar Apr May Jun Jul Aug Sep Oct Nov Dec
V/Λ2012 > Jan Feb Mar Apr May Jun Jul Aug Sep Oct Nov Dec

Report for 2018 Mar
                   Monthly Climatological Summary for mar 2018

Name: NIESIOŁOWICE-na Kaszubach   City: NIESIOŁOWICE   State: Pomorskie (PL)
Elevation: 186 m  Lat: N 54° 12' 24"   Lon: E 017° 51' 01"

                  Temperature (°C), Rain (mm), Wind Speed (km/h)

                                      Heat  Cool        Avg
    Mean                              Deg   Deg         Wind                 Dom
Day Temp  High   Time   Low    Time   Days  Days  Rain  Speed High   Time    Dir
----------------------------------------------------------------------------------
 1 -11,4  -8,2   12:16 -14,0   01:17  29,7   0,0   0,0   5,5  27,0   10:29   ESE
 2 -11,4  -7,1   14:08 -15,6   23:09  29,8   0,0   0,0   6,1  28,1   15:12   ESE
 3  -9,2  -4,5   14:31 -14,5   00:00  27,5   0,0   0,0   3,3  22,0   13:09   ENE
 4  -4,9   1,0   14:40 -10,6   03:12  23,2   0,0   0,0   3,9  15,8   12:38    SE
 5  -2,9   2,1   14:24  -7,6   03:47  21,3   0,0   0,0   7,6  24,5   08:35    SE
 6  -0,8   6,7   14:34  -8,0   06:33  19,1   0,0   0,0   4,7  19,4   10:42   ESE
 7   0,8   1,7   12:33  -0,7   00:00  17,5   0,0   0,0   8,1  22,0   09:20   ESE
 8   2,0   3,6   14:26   0,7   07:28  16,3   0,0   0,0   8,6  27,0   09:14    SW
 9   1,9   3,9   12:56   0,9   23:50  16,5   0,0   6,6  11,8  36,7   21:48    SW
10   2,9   6,7   15:51   0,4   01:41  15,4   0,0   2,1   6,5  31,7   01:19    SW
11   6,6  13,9   15:15   2,6   04:55  11,6   0,0   2,4   5,9  18,4   13:29    SE
12   8,1  12,0   14:28   4,8   06:19  10,3   0,0   0,3   7,1  23,4   10:47    SE
13   6,8   8,6   00:00   4,3   23:47  11,7   0,0   8,4  12,4  36,7   08:02   WSW
14   1,9   4,3   00:00  -0,2   23:57  16,5   0,0   2,1   9,6  29,5   21:54   NNE
15  -0,6   1,4   12:51  -1,8   18:07  18,9   0,0   0,3  16,1  35,6   17:00   ENE
16  -3,3  -1,4   00:00  -5,4   23:52  21,6   0,0   0,0  24,1  56,2   14:07     E
17  -5,0  -3,2   16:48  -6,5   06:46  23,3   0,0   0,0  25,5  54,0   02:27     E
18  -3,8   0,0   16:27  -7,2   06:10  22,1   0,0   0,0  14,3  41,8   09:02     E
19  -2,3   5,4   16:56  -9,0   06:02  20,6   0,0   0,0   2,5  18,4   11:45     S
20  -2,1   2,0   13:11  -6,4   06:19  20,4   0,0   0,0   9,1  40,3   16:20   NNE
21  -0,2   4,4   16:07  -5,2   05:30  18,5   0,0   0,0   8,4  33,1   15:01     W
22   1,2   2,9   10:58   0,6   05:03  17,1   0,0   2,4   9,7  29,5   03:14    SW
23   1,5   2,8   13:42   0,7   00:00  16,8   0,0   0,6   2,7  11,2   08:02   ESE
24   2,7   5,7   12:21   0,6   00:37  15,6   0,0   0,0   3,5  24,5   16:10     S
25   5,2  10,2   17:08   1,0   03:49  12,6   0,0   0,0   5,2  29,5   12:17    SW
26   3,1   6,6   16:41  -0,1   06:30  15,2   0,0   0,0   5,8  27,0   17:38   NNW
27   0,7   4,4   16:13  -1,2   21:37  17,6   0,0   0,0  10,6  28,1   16:41   ENE
28   1,0   5,8   17:53  -1,1   09:17  17,3   0,0   0,0  11,9  31,7   17:24   ESE
29   0,4   1,9   23:57  -1,5   06:13  17,9   0,0   1,2  12,8  50,0   06:31    SE
30   1,4   2,4   13:02   0,5   07:31  16,9   0,0   0,3  12,2  39,2   11:53   WSW
31   2,1   5,8   15:20  -1,0   03:43  16,2   0,0   0,3  13,7  41,8   18:54     E
----------------------------------------------------------------------------------
    -0,2  13,9    11   -15,6     2   575,0   0,0  27,0   9,3  56,2    16     ESE

Max >=  20,0:  0
Max <=   0,0:  6
Min <=   0,0: 20
Min <= -10,0:  4
Max Rain: 8,4 on day 13
Days of Rain: 12 (>= 0,2 mm)  6 (>= 2,0 mm)  0 (>= 20,0 mm)
Heat Base: 18,3  Cool Base: 18,3  Method: Integration