Raporty klimatyczne NOAA

Wybierz Rok lub Miesiąc raportu
V/Λ2018 > Jan Feb Mar Apr May Jun Jul Aug Sep Oct Nov Dec
V/Λ2017 > Jan Feb Mar Apr May Jun Jul Aug Sep Oct Nov Dec
V/Λ2016 > Jan Feb Mar Apr May Jun Jul Aug Sep Oct Nov Dec
V/Λ2015 > Jan Feb Mar Apr May Jun Jul Aug Sep Oct Nov Dec
V/Λ2014 > Jan Feb Mar Apr May Jun Jul Aug Sep Oct Nov Dec
V/Λ2013 > Jan Feb Mar Apr May Jun Jul Aug Sep Oct Nov Dec
V/Λ2012 > Jan Feb Mar Apr May Jun Jul Aug Sep Oct Nov Dec

Report for 2018 Feb
                   Monthly Climatological Summary for lut 2018

Name: NIESIOŁOWICE-na Kaszubach   City: NIESIOŁOWICE   State: Pomorskie (PL)
Elevation: 186 m  Lat: N 54° 12' 24"   Lon: E 017° 51' 01"

                  Temperature (°C), Rain (mm), Wind Speed (km/h)

                                      Heat  Cool        Avg
    Mean                              Deg   Deg         Wind                 Dom
Day Temp  High   Time   Low    Time   Days  Days  Rain  Speed High   Time    Dir
----------------------------------------------------------------------------------
 1   2,8   6,0   01:50  -1,1   23:51  15,6   0,0   3,3   9,2  31,7   03:40    SW
 2  -0,4   2,6   14:21  -2,9   07:01  18,7   0,0   0,0   4,4  20,9   12:51   SSW
 3   1,0   2,2   14:31  -0,1   03:41  17,3   0,0   1,2   2,6  11,2   09:41     S
 4   0,2   1,7   13:01  -1,9   23:52  18,1   0,0   0,3   7,8  24,5   22:12   ENE
 5  -3,5  -1,1   12:42  -5,7   07:42  21,8   0,0   0,0   5,7  24,5   14:22   NNW
 6  -3,7  -1,5   13:52  -6,3   23:52  22,0   0,0   0,0   7,3  29,5   11:42   WSW
 7  -7,9  -1,7   13:12 -13,5   23:42  26,2   0,0   0,3   1,9  12,2   12:32   SSE
 8  -8,7  -0,6   14:42 -15,5   06:22  27,0   0,0   0,0   1,9  14,8   14:02    NE
 9  -5,6   1,3   12:22 -11,7   05:12  23,9   0,0   0,0   5,1  20,9   14:52    SE
10  -4,6  -2,9   13:03  -5,6   06:53  22,9   0,0   0,0   3,8  13,3   23:33     S
11  -2,0   0,7   13:33  -4,4   00:03  20,3   0,0   0,0   8,2  24,5   14:53     S
12   1,1   3,7   14:23  -0,8   00:03  17,2   0,0   0,0  11,3  35,6   16:13    SW
13  -0,5   1,2   13:33  -2,3   03:23  18,8   0,0   0,0   6,2  19,4   08:03   SSW
14  -1,2   2,3   14:13  -4,3   23:53  19,5   0,0   0,0   3,9  12,2   05:13     E
15  -1,3   1,2   12:13  -4,3   00:03  19,6   0,0   0,0   6,4  20,9   14:03   SSE
16   0,0   2,2   12:43  -2,5   01:13  18,3   0,0   1,5  10,1  29,5   22:33    SW
17   1,0   1,9   00:33  -0,1   23:43  17,3   0,0   2,4   7,9  30,6   00:43   WNW
18  -0,1   2,0   14:24  -2,7   06:53  18,4   0,0   0,3   3,2  11,2   15:54     W
19   0,6   2,4   12:44  -0,5   06:54  17,7   0,0   0,0   4,0  19,4   11:44   SSW
20   0,1   3,1   11:34  -2,2   23:34  18,2   0,0   0,0   5,3  15,8   16:34     E
21  -1,9   0,7   13:24  -4,6   23:54  20,2   0,0   0,0   4,3  23,4   11:24     N
22  -5,3  -2,9   14:35 -10,4   23:35  23,7   0,0   0,0   5,6  19,4   08:15     E
23  -6,5  -1,4   16:35 -13,3   06:35  24,8   0,0   0,0   5,7  28,1   22:35     N
24  -6,7  -3,7   00:05 -12,0   23:55  25,0   0,0   0,0  14,3  40,3   12:25    NE
25 -11,1  -4,7   13:05 -18,5   06:45  29,4   0,0   0,0   3,9  25,6   12:35   ENE
26 -11,8  -6,1   14:45 -16,9   07:15  30,1   0,0   0,0   3,2  22,0   13:35     E
27 -11,5  -8,4   13:25 -16,0   00:05  29,4   0,0   0,0  11,4  37,8   11:33   ESE
28 -11,7  -8,2   14:39 -16,1   04:12  30,0   0,0   0,0  11,5  41,8   11:13     E
----------------------------------------------------------------------------------
    -3,5   6,0     1   -18,5    25   611,4   0,0   9,3   6,3  41,8    28      SE

Max >=  20,0:  0
Max <=   0,0: 12
Min <=   0,0: 28
Min <= -10,0: 10
Max Rain: 3,3 on day 1
Days of Rain: 7 (>= 0,2 mm)  2 (>= 2,0 mm)  0 (>= 20,0 mm)
Heat Base: 18,3  Cool Base: 18,3  Method: Integration