Raporty klimatyczne NOAA

Wybierz Rok lub Miesiąc raportu
V/Λ2018 > Jan Feb Mar Apr May Jun Jul Aug Sep Oct Nov Dec
V/Λ2017 > Jan Feb Mar Apr May Jun Jul Aug Sep Oct Nov Dec
V/Λ2016 > Jan Feb Mar Apr May Jun Jul Aug Sep Oct Nov Dec
V/Λ2015 > Jan Feb Mar Apr May Jun Jul Aug Sep Oct Nov Dec
V/Λ2014 > Jan Feb Mar Apr May Jun Jul Aug Sep Oct Nov Dec
V/Λ2013 > Jan Feb Mar Apr May Jun Jul Aug Sep Oct Nov Dec
V/Λ2012 > Jan Feb Mar Apr May Jun Jul Aug Sep Oct Nov Dec

Report for 2018 Jan
                   Monthly Climatological Summary for sty 2018

Name: NIESIOŁOWICE-na Kaszubach   City: NIESIOŁOWICE   State: Pomorskie (PL)
Elevation: 186 m  Lat: N 54° 12' 24"   Lon: E 017° 51' 01"

                  Temperature (°C), Rain (mm), Wind Speed (km/h)

                                      Heat  Cool        Avg
    Mean                              Deg   Deg         Wind                 Dom
Day Temp  High   Time   Low    Time   Days  Days  Rain  Speed High   Time    Dir
----------------------------------------------------------------------------------
 1   6,6   8,7   11:53   1,9   23:59  11,7   0,0   0,9  14,8  43,9   14:10    SW
 2   1,6   3,3   23:26  -0,1   05:07  16,7   0,0   3,0   3,1  17,3   00:35   SSW
 3   2,1   3,3   00:00   0,9   17:22  16,2   0,0   2,1   9,9  39,2   11:03     S
 4   3,5   4,5   22:55   2,6   00:00  14,8   0,0   4,5  13,3  40,3   12:35    SW
 5   4,5   5,7   08:45   3,4   04:45  13,8   0,0   6,6  15,1  52,6   09:49    SW
 6   3,6   5,6   13:16   2,1   06:45  14,7   0,0   0,3   9,4  33,1   00:56   WSW
 7  -1,0   2,5   00:00  -5,4   23:53  19,3   0,0   0,3   6,2  29,5   03:55     N
 8  -1,9   1,2   13:20  -6,1   02:31  20,2   0,0   0,0   2,4  15,8   20:04   SSW
 9  -1,0   1,4   14:27  -3,7   06:36  19,3   0,0   0,0   9,7  31,7   17:46    SE
10   0,6   1,0   11:11   0,0   23:38  17,7   0,0   0,0  10,8  33,1   00:32    SE
11  -1,3   0,0   00:00  -2,9   07:24  19,6   0,0   0,0   9,0  27,0   08:46    SE
12  -2,2   0,0   00:00  -3,4   17:40  20,5   0,0   0,0  10,4  25,6   04:32   ESE
13  -2,8  -0,8   13:41  -5,4   23:59  21,1   0,0   0,0   9,4  29,5   11:29    SE
14  -5,6  -4,5   14:03  -6,5   02:40  23,9   0,0   0,0  10,1  29,5   11:37   SSE
15  -6,1  -4,7   13:48  -6,9   06:05  24,4   0,0   0,0  14,0  35,6   09:02   SSE
16  -3,5  -2,0   23:12  -6,0   00:07  21,8   0,0   0,0  13,6  46,4   03:40   SSE
17   0,2   1,4   12:44  -2,0   00:00  18,1   0,0   0,3   8,5  28,1   13:35   WSW
18   0,6   1,5   11:26  -0,6   06:38  17,7   0,0   0,0  13,6  37,8   18:41     S
19   0,7   2,1   13:47   0,1   00:00  17,6   0,0   1,8   8,6  34,2   03:28    NW
20   0,4   2,2   12:38  -1,1   01:44  17,9   0,0   0,3   2,5  13,3   10:43     S
21  -0,3   1,0   12:52  -2,0   21:05  18,6   0,0   0,0   2,5  13,3   21:03    SW
22  -3,2  -1,8   00:00  -4,9   16:25  21,5   0,0   0,0   7,3  25,6   18:57     S
23  -5,2  -3,5   14:04  -7,1   07:59  23,5   0,0   0,0   7,8  25,6   19:27   SSE
24   1,8   4,4   20:15  -4,5   00:00  16,5   0,0   0,6  11,6  35,6   05:19   SSW
25   5,3   7,2   12:42   4,1   22:42  13,0   0,0   1,8  10,1  31,7   07:57   SSW
26   3,7   5,3   12:43   2,1   23:31  14,6   0,0   5,7   0,6   5,0   00:09     E
27   3,1   4,0   14:21   2,0   00:35  15,2   0,0   0,6   6,2  30,6   23:37   WSW
28   4,9   6,5   15:30   2,5   07:04  13,4   0,0   4,5  21,3  60,1   22:39   WSW
29   6,6   8,8   10:49   4,3   23:16  11,7   0,0  12,0  21,7  69,8   10:46     W
30   3,3   4,4   00:00   1,9   21:36  15,2   0,0   8,4  21,1  62,3   01:42   WNW
31   2,8   5,5   23:35   0,9   08:05  15,5   0,0   2,1  11,5  35,6   18:38   SSW
----------------------------------------------------------------------------------
     0,7   8,8    29    -7,1    23   545,7   0,0  55,8  10,2  69,8    29     SSW

Max >=  20,0:  0
Max <=   0,0:  8
Min <=   0,0: 18
Min <= -10,0:  0
Max Rain: 12,0 on day 29
Days of Rain: 18 (>= 0,2 mm)  9 (>= 2,0 mm)  0 (>= 20,0 mm)
Heat Base: 18,3  Cool Base: 18,3  Method: Integration