Raporty klimatyczne NOAA

Wybierz Rok lub Miesiąc raportu
V/Λ2018 > Jan Feb Mar Apr May Jun Jul Aug Sep Oct Nov Dec
V/Λ2017 > Jan Feb Mar Apr May Jun Jul Aug Sep Oct Nov Dec
V/Λ2016 > Jan Feb Mar Apr May Jun Jul Aug Sep Oct Nov Dec
V/Λ2015 > Jan Feb Mar Apr May Jun Jul Aug Sep Oct Nov Dec
V/Λ2014 > Jan Feb Mar Apr May Jun Jul Aug Sep Oct Nov Dec
V/Λ2013 > Jan Feb Mar Apr May Jun Jul Aug Sep Oct Nov Dec
V/Λ2012 > Jan Feb Mar Apr May Jun Jul Aug Sep Oct Nov Dec

Report for 2017 Dec
                   Monthly Climatological Summary for gru 2017

Name: NIESIOŁOWICE-na Kaszubach   City: NIESIOŁOWICE   State: Pomorskie (PL)
Elevation: 186 m  Lat: N 54° 12' 24"   Lon: E 017° 51' 01"

                  Temperature (°C), Rain (mm), Wind Speed (km/h)

                                      Heat  Cool        Avg
    Mean                              Deg   Deg         Wind                 Dom
Day Temp  High   Time   Low    Time   Days  Days  Rain  Speed High   Time    Dir
----------------------------------------------------------------------------------
 1   2,2   3,5   13:23   0,8   00:00  16,1   0,0   8,7   9,3  29,5   13:27    NW
 2   1,2   2,7   13:32  -0,2   23:59  17,1   0,0   0,0   5,5  14,8   00:14   WSW
 3  -0,4   0,7   13:54  -1,7   02:28  18,7   0,0   0,0  14,7  43,9   11:18    SW
 4   1,5   3,2   12:48  -0,2   00:00  16,8   0,0   1,5   8,7  27,0   15:11     W
 5   3,5   6,7   23:13   0,8   00:00  14,8   0,0   7,5  14,6  54,0   23:33     W
 6   6,3   6,7   00:00   5,9   11:16  12,0   0,0  16,5  21,1  57,6   00:08   WNW
 7   5,3   6,5   00:00   3,3   20:57  13,0   0,0   0,9  19,9  50,0   00:59   WSW
 8   3,3   5,0   12:56   1,1   22:55  15,0   0,0   3,9  16,1  36,7   18:10    SW
 9   0,7   1,6   22:26   0,3   08:12  17,6   0,0   0,3  15,8  46,4   07:24    SW
10   0,2   1,5   01:44  -1,5   18:48  18,1   0,0   0,0  13,1  34,2   10:52   SSW
11   1,4   3,2   23:57  -1,1   00:32  16,9   0,0   0,9   7,5  22,0   01:12   SSE
12   4,1   6,7   11:28   1,2   21:24  14,3   0,0   2,1  19,1  57,6   19:08    SW
13   0,7   1,8   12:29  -0,3   21:59  17,6   0,0   0,0  15,4  41,8   00:59    SW
14   1,4   2,5   18:39   0,1   00:00  16,9   0,0   0,9  14,6  40,3   21:03   SSW
15   0,6   2,1   12:55  -0,8   16:47  17,7   0,0   0,3   9,0  36,7   00:03   SSW
16   0,9   1,6   11:45  -0,3   00:00  17,4   0,0   0,3   7,9  22,0   16:56    SW
17  -1,1   1,4   00:27  -2,9   23:37  19,4   0,0   0,0   3,9  17,3   01:59   WSW
18  -3,2  -2,4   22:37  -3,8   07:11  21,5   0,0   0,0   2,4  13,3   01:09    SW
19  -2,0  -1,1   14:38  -3,4   00:00  20,3   0,0   0,0   1,6   8,6   09:03    SW
20  -3,1  -0,5   13:53  -5,5   07:49  21,5   0,0   0,0   1,7  11,2   17:56   SSW
21   2,0   4,2   23:04  -1,4   00:00  16,3   0,0   2,1   9,2  42,8   22:19   WNW
22   4,0   4,6   13:41   3,5   07:10  14,3   0,0   0,0  13,9  46,4   00:46    NW
23   5,6   8,0   22:55   3,6   07:29  12,7   0,0  14,4  23,3  89,3   21:30     W
24   7,4   8,2   01:03   7,0   10:11  10,9   0,0  20,4  26,8  92,9   04:35   WNW
25   7,2   8,1   00:00   6,2   22:06  11,1   0,0   7,5  21,1  64,8   00:26     W
26   4,4   6,2   00:00   3,0   10:06  13,9   0,0   0,0  13,1  34,2   04:03    SW
27   1,6   4,0   00:00  -0,3   07:05  16,7   0,0   0,0   7,0  20,9   18:11   SSE
28   2,3   3,6   13:27   0,9   19:26  16,0   0,0   7,2   5,1  20,9   23:17    SW
29   1,8   2,6   00:30   1,0   05:53  16,5   0,0   0,6  10,6  29,5   02:11    SW
30  -0,6   1,3   00:00  -2,4   08:03  19,1   0,0   0,0   9,7  33,1   22:42     S
31   2,9   8,0   23:45  -0,2   00:00  15,4   0,0   1,8  11,6  61,2   05:49   WSW
----------------------------------------------------------------------------------
     2,0   8,2    24    -5,5    20   505,6   0,0  97,8  12,1  92,9    24     WSW

Max >=  20,0:  0
Max <=   0,0:  3
Min <=   0,0: 16
Min <= -10,0:  0
Max Rain: 20,4 on day 24
Days of Rain: 19 (>= 0,2 mm)  10 (>= 2,0 mm)  1 (>= 20,0 mm)
Heat Base: 18,3  Cool Base: 18,3  Method: Integration