Raporty klimatyczne NOAA

Wybierz Rok lub Miesiąc raportu
V/Λ2018 > Jan Feb Mar Apr May Jun Jul Aug Sep Oct Nov Dec
V/Λ2017 > Jan Feb Mar Apr May Jun Jul Aug Sep Oct Nov Dec
V/Λ2016 > Jan Feb Mar Apr May Jun Jul Aug Sep Oct Nov Dec
V/Λ2015 > Jan Feb Mar Apr May Jun Jul Aug Sep Oct Nov Dec
V/Λ2014 > Jan Feb Mar Apr May Jun Jul Aug Sep Oct Nov Dec
V/Λ2013 > Jan Feb Mar Apr May Jun Jul Aug Sep Oct Nov Dec
V/Λ2012 > Jan Feb Mar Apr May Jun Jul Aug Sep Oct Nov Dec

Report for 2017 May
                   Monthly Climatological Summary for maj 2017

Name: NIESIOŁOWICE-na Kaszubach   City: NIESIOŁOWICE   State: Pomorskie (PL)
Elevation: 186 m  Lat: N 54° 12' 24"   Lon: E 017° 51' 01"

                  Temperature (°C), Rain (mm), Wind Speed (km/h)

                                      Heat  Cool        Avg
    Mean                              Deg   Deg         Wind                 Dom
Day Temp  High   Time   Low    Time   Days  Days  Rain  Speed High   Time    Dir
----------------------------------------------------------------------------------
 1   7,8  13,5   14:09   2,0   04:34  10,5   0,0   0,0  14,6  37,8   14:38   ESE
 2   8,9  13,3   16:39   3,5   05:08   9,4   0,0   0,0  16,6  52,6   12:09   ESE
 3   9,8  14,1   17:05   7,1   00:56   8,5   0,0   0,0  12,3  36,7   15:47     E
 4   9,5  11,4   10:58   7,9   00:11   8,8   0,0   2,7  19,3  47,9   19:38     E
 5  11,4  14,6   14:52   8,3   05:36   6,8   0,0   5,7  10,3  45,4   00:55   ESE
 6  13,3  18,0   15:03   9,5   23:53   5,0   0,0   0,0   5,5  22,0   17:33     N
 7   8,4  11,4   15:29   5,2   23:58   9,9   0,0   8,4   9,5  30,6   19:21     N
 8   5,2   7,3   13:56   2,3   23:53  13,1   0,0   1,5  14,5  45,4   17:45   NNE
 9   3,4   7,4   18:42   0,5   09:32  14,9   0,0   2,1   9,2  40,3   15:01     N
10   3,7   6,8   15:28   1,2   05:57  14,6   0,0   6,6   7,3  29,5   12:17     S
11   7,0  14,2   19:06   2,4   03:10  11,2   0,0   0,0   8,0  23,4   08:29    SE
12  10,8  19,6   17:16   3,1   02:17   7,5   0,0   0,0  10,9  33,1   12:39   ESE
13  14,5  22,8   17:33   6,3   05:27   4,6   0,8   0,0   8,2  25,6   13:48   ESE
14  16,3  24,2   16:13   7,6   04:49   3,6   1,5   0,9   6,1  30,6   19:45    SW
15  15,8  19,8   18:47  11,4   23:58   2,7   0,2   0,3   7,9  33,1   11:33    NW
16  14,6  21,0   17:16  10,2   03:12   4,0   0,3   1,2   4,6  18,4   12:16   NNE
17  16,6  23,7   15:59   8,0   04:25   3,2   1,5   0,0   5,6  28,1   10:57   SSW
18  19,6  27,5   18:48  11,2   05:08   1,9   3,3   0,0   7,0  33,1   14:24     S
19  21,3  29,3   18:50  13,4   04:53   1,1   4,1   0,0   8,9  34,2   14:17   SSE
20  16,9  25,5   11:41  13,1   23:53   2,3   0,9   0,0  10,3  46,4   18:17    NW
21  13,5  16,9   20:25  11,2   23:58   4,8   0,0   0,0  13,8  35,6   00:49    NW
22  14,7  21,5   18:26   8,7   04:33   4,0   0,4   0,0   8,1  30,6   14:46    NW
23  14,7  22,2   20:03   6,1   04:47   4,3   0,6   0,0   5,9  33,1   11:44   WNW
24  15,8  19,3   18:19  11,0   23:51   2,5   0,0   0,0   7,4  33,1   15:04    NW
25  13,7  17,8   17:00   9,0   03:03   4,6   0,0   0,0   9,3  33,1   18:05     W
26  15,6  20,7   14:10  10,2   02:25   3,4   0,6   0,0  11,1  41,8   13:31     N
27  17,4  29,0   19:02   8,1   04:47   3,3   2,4   0,0   3,0  18,4   14:25   NNE
28  20,6  28,6   17:16  10,9   05:00   1,8   4,1   0,0   9,5  41,8   17:24   SSW
29  16,6  21,3   00:00  14,1   23:33   1,8   0,1   0,0  10,3  35,6   09:56   WNW
30  18,5  25,0   15:19  13,9   00:42   1,6   1,8   0,0   6,1  29,5   18:05    SW
31  15,8  18,2   00:33  12,9   23:52   2,5   0,0   0,3  23,0  68,4   17:56     W
----------------------------------------------------------------------------------
    13,3  29,3    19     0,5     9   178,2  22,6  29,7   9,8  68,4    31       N

Max >=  20,0: 14
Max <=   0,0:  0
Min <=   0,0:  0
Min <= -10,0:  0
Max Rain: 8,4 on day 7
Days of Rain: 10 (>= 0,2 mm)  5 (>= 2,0 mm)  0 (>= 20,0 mm)
Heat Base: 18,3  Cool Base: 18,3  Method: Integration