Raporty klimatyczne NOAA

Wybierz Rok lub Miesiąc raportu
V/Λ2018 > Jan Feb Mar Apr May Jun Jul Aug Sep Oct Nov Dec
V/Λ2017 > Jan Feb Mar Apr May Jun Jul Aug Sep Oct Nov Dec
V/Λ2016 > Jan Feb Mar Apr May Jun Jul Aug Sep Oct Nov Dec
V/Λ2015 > Jan Feb Mar Apr May Jun Jul Aug Sep Oct Nov Dec
V/Λ2014 > Jan Feb Mar Apr May Jun Jul Aug Sep Oct Nov Dec
V/Λ2013 > Jan Feb Mar Apr May Jun Jul Aug Sep Oct Nov Dec
V/Λ2012 > Jan Feb Mar Apr May Jun Jul Aug Sep Oct Nov Dec

Report for 2017 Mar
                   Monthly Climatological Summary for mar 2017

Name: NIESIOŁOWICE-na Kaszubach   City: NIESIOŁOWICE   State: Pomorskie (PL)
Elevation: 186 m  Lat: N 54° 12' 24"   Lon: E 017° 51' 01"

                  Temperature (°C), Rain (mm), Wind Speed (km/h)

                                      Heat  Cool        Avg
    Mean                              Deg   Deg         Wind                 Dom
Day Temp  High   Time   Low    Time   Days  Days  Rain  Speed High   Time    Dir
----------------------------------------------------------------------------------
 1   3,5   6,0   16:13   1,9   23:18  14,8   0,0   0,6   7,3  36,7   14:41    SW
 2   2,4   3,5   09:36   0,8   02:07  16,1   0,0   5,4  10,5  37,8   15:16   WSW
 3   4,3   8,2   14:39   1,9   22:54  14,0   0,0   0,6  12,7  47,9   14:40   WSW
 4   5,1  10,7   14:30   1,8   06:53  13,2   0,0   0,0   5,1  17,3   16:26   SSE
 5   6,2   9,0   15:10   3,4   06:39  12,1   0,0   0,3   5,2  25,6   13:20   SSW
 6   3,6   7,8   11:02   0,2   23:30  14,6   0,0   0,3   6,3  31,7   18:33   ENE
 7   0,5   2,1   12:05  -0,5   05:33  17,8   0,0   0,0   8,8  28,1   13:04   WNW
 8   2,2   4,8   15:52   0,1   04:49  16,1   0,0   0,0   9,2  25,6   13:43   SSW
 9   3,7   7,0   13:45   1,5   06:05  14,6   0,0   0,0   4,3  24,5   00:33   SSW
10   4,2   7,2   11:03   2,3   01:04  14,1   0,0   0,6   6,8  37,8   14:43     W
11   2,5   5,1   13:29  -1,2   21:55  15,8   0,0   0,6   6,2  27,0   12:56   NNW
12   2,1   5,5   12:56  -0,4   20:52  16,2   0,0   0,0   6,7  20,9   15:53     E
13   2,0   7,5   15:05  -1,7   23:48  16,3   0,0   0,0   4,4  19,4   13:24    SE
14   4,7  11,0   15:11  -2,0   00:36  13,6   0,0   0,0   8,3  30,6   12:19    SW
15   6,7   8,0   12:16   5,7   22:49  11,6   0,0   0,9  23,3  66,2   13:52   WNW
16   5,8   8,2   14:17   4,4   04:59  12,5   0,0   0,0  13,0  51,5   00:28   WNW
17   6,0   9,8   10:04   3,3   23:32  12,3   0,0   0,9  14,6  47,9   17:15   WSW
18   3,2   4,1   15:27   1,6   19:31  15,1   0,0   7,8  14,6  54,0   21:09   WSW
19   3,6   6,9   16:15   1,6   05:31  14,7   0,0   0,3  10,6  39,2   04:12    NW
20   4,7   8,7   23:51   1,3   03:20  13,6   0,0   3,9   7,1  42,8   09:47   WSW
21   8,7  12,0   14:51   4,6   22:55   9,6   0,0   5,4  12,0  37,8   20:51   WSW
22   5,4  10,6   16:16   0,2   23:49  12,9   0,0   0,0   8,0  33,1   10:38     W
23   5,4  11,4   13:07  -0,6   04:35  12,9   0,0   0,0   5,9  28,1   10:51   ESE
24   6,0  10,3   13:48   1,6   05:24  12,3   0,0   0,0   6,8  31,7   16:05   NNW
25   3,8   7,1   17:17   1,1   23:56  14,5   0,0   0,6   9,4  40,3   09:16   WNW
26   5,5  11,6   17:26  -0,9   06:27  12,3   0,0   0,3   5,3  25,6   16:34    NW
27   8,7  15,1   15:51   3,7   06:41   9,6   0,0   0,0  13,4  40,3   16:47   WNW
28   9,7  16,6   17:52   5,4   23:56   8,6   0,0   0,0   8,2  31,7   00:26   WNW
29   5,6  11,7   11:42   1,5   06:40  12,7   0,0   2,4   9,6  49,0   12:17   WNW
30   7,1  10,0   23:59   5,0   06:22  11,2   0,0   2,7   7,4  29,5   22:40   WSW
31  14,3  19,3   15:09  10,0   00:00   4,1   0,1   0,3   8,9  31,7   09:27   WSW
----------------------------------------------------------------------------------
     5,1  19,3    31    -2,0    14   409,8   0,1  33,9   9,0  66,2    15       W

Max >=  20,0:  0
Max <=   0,0:  0
Min <=   0,0:  7
Min <= -10,0:  0
Max Rain: 7,8 on day 18
Days of Rain: 18 (>= 0,2 mm)  6 (>= 2,0 mm)  0 (>= 20,0 mm)
Heat Base: 18,3  Cool Base: 18,3  Method: Integration