Raporty klimatyczne NOAA

Wybierz Rok lub Miesiąc raportu
V/Λ2018 > Jan Feb Mar Apr May Jun Jul Aug Sep Oct Nov Dec
V/Λ2017 > Jan Feb Mar Apr May Jun Jul Aug Sep Oct Nov Dec
V/Λ2016 > Jan Feb Mar Apr May Jun Jul Aug Sep Oct Nov Dec
V/Λ2015 > Jan Feb Mar Apr May Jun Jul Aug Sep Oct Nov Dec
V/Λ2014 > Jan Feb Mar Apr May Jun Jul Aug Sep Oct Nov Dec
V/Λ2013 > Jan Feb Mar Apr May Jun Jul Aug Sep Oct Nov Dec
V/Λ2012 > Jan Feb Mar Apr May Jun Jul Aug Sep Oct Nov Dec

Report for 2017 Jan
                   Monthly Climatological Summary for sty 2017

Name: NIESIOŁOWICE-na Kaszubach   City: NIESIOŁOWICE   State: Pomorskie (PL)
Elevation: 186 m  Lat: N 54° 12' 24"   Lon: E 017° 51' 01"

                  Temperature (°C), Rain (mm), Wind Speed (km/h)

                                      Heat  Cool        Avg
    Mean                              Deg   Deg         Wind                 Dom
Day Temp  High   Time   Low    Time   Days  Days  Rain  Speed High   Time    Dir
----------------------------------------------------------------------------------
 1   2,1   3,4   11:58   0,0   01:55  16,2   0,0   0,6  13,2  37,8   00:14   WSW
 2   1,3   2,8   11:19  -1,0   23:43  16,8   0,0   0,0  11,8  27,0   14:04     W
 3   0,1   3,2   23:22  -1,6   01:48  18,2   0,0   0,3  14,1  46,4   23:34   WSW
 4   0,6   3,2   00:03  -2,1   23:37  17,7   0,0   1,8  20,5  67,3   18:15    NW
 5  -5,1  -2,1   00:00  -6,7   22:21  23,4   0,0   0,0  17,0  57,6   02:05   NNE
 6  -9,0  -6,0   00:36 -11,9   17:53  27,3   0,0   0,0   3,4  25,6   01:15   NNE
 7  -7,5  -5,5   12:31 -10,7   00:05  25,8   0,0   0,0   8,1  31,7   13:15   SSW
 8  -6,5  -5,9   12:29  -7,2   18:09  24,8   0,0   0,0   4,8  17,3   14:29    SW
 9  -3,2  -0,4   13:27  -6,4   00:00  21,5   0,0   0,0   4,8  18,4   23:53   SSW
10  -5,0  -3,2   12:24  -9,0   23:00  23,3   0,0   0,0   9,2  33,1   03:56     S
11  -7,5  -3,6   23:44 -11,1   07:08  25,8   0,0   0,0  12,5  46,4   17:25     S
12   0,9   2,2   11:04  -3,6   00:00  17,4   0,0   5,1  17,3  42,8   11:28   WSW
13   0,6   1,3   00:00   0,1   07:20  17,7   0,0   0,0   5,3  20,9   09:41   SSE
14  -0,1   1,2   11:53  -1,7   18:53  18,4   0,0   0,0   5,8  23,4   15:09   WSW
15  -0,4   0,5   12:21  -1,5   00:49  18,7   0,0   0,0   5,5  20,9   11:29   WSW
16  -1,3   0,5   13:46  -3,5   08:13  19,6   0,0   0,0   4,7  13,3   01:15   NNW
17  -3,8   0,5   13:36  -9,7   21:59  22,1   0,0   0,0   0,6   8,6   12:28    NW
18  -3,6  -1,0   13:34  -8,5   00:00  21,9   0,0   0,0   6,4  24,5   22:34    SW
19  -0,8   0,8   22:48  -2,3   07:23  19,1   0,0   0,0   7,6  33,1   23:30    SW
20   2,1   3,2   22:06   0,8   00:00  16,2   0,0   0,9  12,7  34,2   18:57   WNW
21   1,9   3,1   00:02   0,1   23:05  16,4   0,0   0,3   6,8  24,5   00:23   WNW
22   0,1   1,1   12:30  -0,8   23:40  18,2   0,0   0,0   3,8  18,4   10:52    SW
23  -1,6  -0,8   00:00  -2,5   17:19  19,9   0,0   0,0   0,0   0,0   00:00   ---
24   1,1   2,2   11:55  -0,8   00:00  17,2   0,0   0,3   4,1  20,9   13:26   WNW
25   1,7   3,4   12:53   1,0   02:53  16,6   0,0   0,0   2,5  15,8   00:54     W
26   1,1   1,9   12:38  -1,3   23:32  17,2   0,0   0,3   8,1  27,0   21:06   WSW
27  -1,7   2,6   14:22  -4,7   07:42  20,0   0,0   0,0   2,1  11,2   00:29     S
28  -2,3   2,4   14:18  -5,5   07:31  20,6   0,0   0,0   4,6  20,9   20:59   SSE
29  -2,7   1,3   14:46  -5,6   07:22  21,0   0,0   0,0   7,3  23,4   02:29     S
30  -1,3   1,3   13:30  -2,7   00:00  19,6   0,0   0,0   4,3  15,8   14:04   SSE
31  -3,3  -0,7   14:09  -5,8   23:51  21,6   0,0   0,0   7,0  25,6   09:20    SE
----------------------------------------------------------------------------------
    -1,7   3,4     1   -11,9     6   620,2   0,0   9,6   7,6  67,3     4     WSW

Max >=  20,0:  0
Max <=   0,0: 10
Min <=   0,0: 27
Min <= -10,0:  3
Max Rain: 5,1 on day 12
Days of Rain: 8 (>= 0,2 mm)  1 (>= 2,0 mm)  0 (>= 20,0 mm)
Heat Base: 18,3  Cool Base: 18,3  Method: Integration