Raporty klimatyczne NOAA

Wybierz Rok lub Miesiąc raportu
V/Λ2018 > Jan Feb Mar Apr May Jun Jul Aug Sep Oct Nov Dec
V/Λ2017 > Jan Feb Mar Apr May Jun Jul Aug Sep Oct Nov Dec
V/Λ2016 > Jan Feb Mar Apr May Jun Jul Aug Sep Oct Nov Dec
V/Λ2015 > Jan Feb Mar Apr May Jun Jul Aug Sep Oct Nov Dec
V/Λ2014 > Jan Feb Mar Apr May Jun Jul Aug Sep Oct Nov Dec
V/Λ2013 > Jan Feb Mar Apr May Jun Jul Aug Sep Oct Nov Dec
V/Λ2012 > Jan Feb Mar Apr May Jun Jul Aug Sep Oct Nov Dec

Report for 2016 Dec
                   Monthly Climatological Summary for gru 2016

Name: NIESIOŁOWICE-na Kaszubach   City: NIESIOŁOWICE   State: Pomorskie (PL)
Elevation: 186 m  Lat: N 54° 12' 24"   Lon: E 017° 51' 01"

                  Temperature (°C), Rain (mm), Wind Speed (km/h)

                                      Heat  Cool        Avg
    Mean                              Deg   Deg         Wind                 Dom
Day Temp  High   Time   Low    Time   Days  Days  Rain  Speed High   Time    Dir
----------------------------------------------------------------------------------
 1   1,0   2,3   11:13   0,1   22:46  17,3   0,0  10,5   3,5  22,0   00:37   WSW
 2   0,7   2,9   00:58  -0,1   04:22  17,6   0,0   7,5  10,7  41,8   02:44   NNW
 3  -0,3   0,6   13:45  -2,2   08:05  18,6   0,0   0,0   6,7  31,7   00:09    NW
 4  -0,2   1,0   23:49  -1,0   08:14  18,5   0,0   0,9   5,6  22,0   14:22    SW
 5   1,5   2,3   14:44   0,5   07:09  16,8   0,0   0,6  14,5  39,2   10:30     W
 6   1,1   3,4   04:29  -2,5   23:58  17,2   0,0   1,2   4,5  25,6   00:41    NW
 7  -2,2   0,8   23:51  -5,3   07:28  20,8   0,0   0,3   6,0  36,7   21:57     N
 8   6,0   8,0   16:39   0,7   00:04  12,3   0,0   2,1  19,2  68,4   13:55   WNW
 9   6,3   6,9   13:52   5,4   07:46  12,0   0,0   0,3  16,9  54,0   12:27   WNW
10   7,4   8,7   11:07   6,4   02:10  10,9   0,0   9,0  14,3  54,0   11:04   WNW
11   5,0   6,7   00:06   3,4   21:43  13,3   0,0  10,2   7,9  33,1   18:29   WNW
12  -1,6   3,7   00:00  -5,9   22:16  20,0   0,0   0,6   7,3  37,8   04:37    NE
13  -2,8   0,8   23:59  -5,2   00:01  21,1   0,0   0,3   6,6  27,0   11:06    SW
14   1,8   2,6   06:13   0,6   00:02  16,5   0,0   2,1   9,3  31,7   06:49    NW
15   0,4   1,3   12:14  -0,7   23:35  17,9   0,0   0,6   2,7  18,4   23:07   NNW
16  -2,2  -0,7   00:00  -4,9   22:10  20,5   0,0   0,0   4,7  22,0   10:47    SW
17  -2,2  -0,9   17:24  -3,5   00:04  20,5   0,0   0,0   4,4  22,0   18:59   WSW
18   0,2   1,6   14:04  -1,7   00:01  18,1   0,0   0,6   3,1  15,8   00:09    SW
19   1,2   2,2   23:01  -0,6   02:16  17,1   0,0   0,3   8,2  29,5   17:18     W
20   1,3   2,3   00:26  -0,9   21:58  17,0   0,0   0,0   5,7  25,6   00:07    SW
21  -0,7   0,4   11:02  -2,2   21:41  19,0   0,0   0,0   8,7  30,6   09:39   SSW
22  -1,4   0,3   21:43  -3,8   08:23  19,7   0,0   0,0   5,2  23,4   13:03   SSW
23   1,9   3,5   15:19   0,2   00:19  16,4   0,0   0,3  10,6  42,8   10:35   WSW
24   2,0   3,5   23:33   0,7   09:51  16,3   0,0   1,8  14,4  42,8   06:16    SW
25   3,5   8,0   23:43   2,0   06:06  14,8   0,0   7,2  11,8  40,3   00:08     W
26   6,3   8,9   10:17   1,3   19:57  12,0   0,0   9,3  19,0  72,4   19:14     W
27   3,6   5,7   11:45   1,0   01:27  14,6   0,0  14,4  22,8  72,4   13:14    NW
28   0,7   2,3   12:26  -2,5   23:49  17,6   0,0   0,0   9,4  37,8   12:03   NNW
29  -1,0   1,5   13:40  -4,6   08:02  19,3   0,0   0,0   6,5  35,6   20:39     W
30  -0,1   3,7   13:18  -2,5   08:29  18,4   0,0   0,0   9,1  36,7   00:11   WSW
31  -0,1   1,0   22:43  -1,1   02:24  18,4   0,0   0,0  13,5  35,6   00:28     W
----------------------------------------------------------------------------------
     1,2   8,9    26    -5,9    12   530,5   0,0  80,1   9,4  72,4    26       W

Max >=  20,0:  0
Max <=   0,0:  2
Min <=   0,0: 19
Min <= -10,0:  0
Max Rain: 14,4 on day 27
Days of Rain: 21 (>= 0,2 mm)  9 (>= 2,0 mm)  0 (>= 20,0 mm)
Heat Base: 18,3  Cool Base: 18,3  Method: Integration