Raporty klimatyczne NOAA

Wybierz Rok lub Miesiąc raportu
V/Λ2018 > Jan Feb Mar Apr May Jun Jul Aug Sep Oct Nov Dec
V/Λ2017 > Jan Feb Mar Apr May Jun Jul Aug Sep Oct Nov Dec
V/Λ2016 > Jan Feb Mar Apr May Jun Jul Aug Sep Oct Nov Dec
V/Λ2015 > Jan Feb Mar Apr May Jun Jul Aug Sep Oct Nov Dec
V/Λ2014 > Jan Feb Mar Apr May Jun Jul Aug Sep Oct Nov Dec
V/Λ2013 > Jan Feb Mar Apr May Jun Jul Aug Sep Oct Nov Dec
V/Λ2012 > Jan Feb Mar Apr May Jun Jul Aug Sep Oct Nov Dec

Report for 2016 Oct
                   Monthly Climatological Summary for paź 2016

Name: NIESIOŁOWICE-na Kaszubach   City: NIESIOŁOWICE   State: Pomorskie (PL)
Elevation: 186 m  Lat: N 54° 12' 24"   Lon: E 017° 51' 01"

                  Temperature (°C), Rain (mm), Wind Speed (km/h)

                                      Heat  Cool        Avg
    Mean                              Deg   Deg         Wind                 Dom
Day Temp  High   Time   Low    Time   Days  Days  Rain  Speed High   Time    Dir
----------------------------------------------------------------------------------
 1  10,5  15,6   14:41   5,7   06:56   7,8   0,0   4,2   2,7  22,0   21:50   SSE
 2  13,3  16,3   14:28   9,4   22:24   5,0   0,0   1,5   4,9  28,1   12:55   WSW
 3  11,5  13,7   15:21   9,8   02:24   7,0   0,0   3,9   6,9  41,8   23:52   NNE
 4   9,5  12,0   13:26   5,7   22:38   8,8   0,0   1,8  16,8  51,5   12:55   NNE
 5   7,3   8,8   15:51   5,5   03:54  11,0   0,0  10,8  20,0  56,2   07:40   NNE
 6   7,9   8,4   00:11   7,5   04:59  10,4   0,0   3,9  16,2  52,6   01:00   NNE
 7   7,1   8,2   00:00   6,1   19:15  11,2   0,0   3,0   6,9  70,9   21:22   NNE
 8   7,6   9,8   12:58   6,3   01:31  10,7   0,0   2,4   6,0  58,7   23:04   NNE
 9   6,4   9,2   14:39   4,3   08:01  11,9   0,0   1,2   1,7  76,0   09:55     N
10   7,2   9,4   14:07   5,0   01:22  11,1   0,0   4,2   2,3  18,4   19:40     E
11   5,5   6,7   00:00   4,5   06:56  12,9   0,0   0,6  10,1  35,6   10:26   ESE
12   5,6   7,1   16:01   4,1   06:32  12,7   0,0   0,0  10,7  36,7   05:59   ESE
13   5,4   7,6   13:59   3,7   23:44  12,9   0,0   0,0   9,6  27,0   02:10   ESE
14   4,6   9,6   15:42   0,7   06:46  13,7   0,0   0,0   8,5  33,1   22:41    SE
15   3,8   7,0   14:19   1,5   23:47  14,5   0,0   0,0  13,5  41,8   11:09    SE
16   4,0   6,4   16:36   1,6   00:00  14,3   0,0   0,0  10,8  31,7   11:48    SE
17   4,0   7,2   13:15   0,4   07:08  14,3   0,0   0,0   8,6  37,8   12:34   SSE
18   7,2  10,1   13:42   5,5   07:43  11,1   0,0   0,0   5,2  19,4   11:06   SSE
19   7,7   9,2   14:43   6,2   01:58  10,6   0,0   1,8   5,7  24,5   15:15    SE
20   7,2   9,4   12:59   5,5   03:31  11,1   0,0   9,0   5,6  24,5   22:34    SE
21   5,5   7,0   14:22   4,2   21:45  12,8   0,0   3,0   7,4  27,0   01:32    SE
22   5,9   8,1   15:31   4,1   00:25  12,7   0,0   0,3   2,6  12,2   01:02    SE
23   6,1   7,6   15:51   4,9   01:34  12,2   0,0   0,3   4,5  19,4   20:37    SE
24   6,7   7,3   16:43   6,0   03:04  11,6   0,0   0,0   7,6  29,5   08:59    SE
25   6,8   9,4   15:26   3,2   23:59  11,5   0,0   0,3   3,8  20,9   19:25   NNW
26   4,9   7,3   12:56   2,5   01:30  13,4   0,0   0,9   2,8  18,4   13:04    NW
27   5,7   7,9   13:22   3,3   06:31  12,6   0,0   0,3   7,1  28,1   13:42    SW
28   8,7  10,5   15:53   7,2   00:00   9,6   0,0   5,4  15,7  58,7   16:10     W
29   7,2   9,0   13:50   5,1   23:14  11,1   0,0   0,0  14,9  52,6   02:57    NW
30   4,9   7,4   12:56   2,9   23:55  13,9   0,0   0,0   8,6  34,2   10:53    NW
31   4,8   8,1   14:26   1,8   04:58  13,5   0,0   0,0   3,5  20,9   11:51    NW
----------------------------------------------------------------------------------
     6,8  16,3     2     0,4    17   357,9   0,0  58,8   8,1  76,0     9     ENE

Max >=  20,0:  0
Max <=   0,0:  0
Min <=   0,0:  0
Min <= -10,0:  0
Max Rain: 10,8 on day 5
Days of Rain: 20 (>= 0,2 mm)  10 (>= 2,0 mm)  0 (>= 20,0 mm)
Heat Base: 18,3  Cool Base: 18,3  Method: Integration