Raporty klimatyczne NOAA

Wybierz Rok lub Miesiąc raportu
V/Λ2018 > Jan Feb Mar Apr May Jun Jul Aug Sep Oct Nov Dec
V/Λ2017 > Jan Feb Mar Apr May Jun Jul Aug Sep Oct Nov Dec
V/Λ2016 > Jan Feb Mar Apr May Jun Jul Aug Sep Oct Nov Dec
V/Λ2015 > Jan Feb Mar Apr May Jun Jul Aug Sep Oct Nov Dec
V/Λ2014 > Jan Feb Mar Apr May Jun Jul Aug Sep Oct Nov Dec
V/Λ2013 > Jan Feb Mar Apr May Jun Jul Aug Sep Oct Nov Dec
V/Λ2012 > Jan Feb Mar Apr May Jun Jul Aug Sep Oct Nov Dec

Report for 2016 Sep
                   Monthly Climatological Summary for wrz 2016

Name: NIESIOŁOWICE-na Kaszubach   City: NIESIOŁOWICE   State: Pomorskie (PL)
Elevation: 186 m  Lat: N 54° 12' 24"   Lon: E 017° 51' 01"

                  Temperature (°C), Rain (mm), Wind Speed (km/h)

                                      Heat  Cool        Avg
    Mean                              Deg   Deg         Wind                 Dom
Day Temp  High   Time   Low    Time   Days  Days  Rain  Speed High   Time    Dir
----------------------------------------------------------------------------------
 1  16,7  23,7   16:24  10,7   06:09   3,0   1,4   0,0   3,8  29,5   14:05     W
 2  15,7  20,2   17:44  11,9   04:53   2,9   0,3   0,0   5,1  33,1   12:59   WNW
 3  16,7  22,1   12:30  12,6   00:00   2,4   0,8   0,6   4,7  33,1   12:50     W
 4  14,5  16,4   14:21  13,1   03:29   3,8   0,0  13,2   1,5  11,2   08:21   SSE
 5  14,8  17,9   16:43  12,3   22:30   3,5   0,0   2,7   5,6  27,0   11:53   NNE
 6  15,6  20,9   18:16  11,0   23:57   3,0   0,3   0,0   3,2  17,3   09:24   NNW
 7  15,1  23,2   17:58   8,9   06:33   4,0   0,9   0,0   3,1  25,6   12:18   WSW
 8  16,5  25,8   18:08   9,1   06:17   3,4   1,6   0,0   1,0  13,3   12:26   SSE
 9  19,3  26,9   16:37  12,7   06:11   1,7   2,8   0,0   2,9  22,0   15:33    SW
10  17,8  22,6   16:06  15,4   05:50   1,3   0,8   0,0   3,5  15,8   10:45   NNW
11  19,0  26,0   17:46  15,7   23:25   1,0   1,8   0,0   1,7  15,8   12:42   SSW
12  19,4  27,3   17:29  13,3   06:04   1,6   2,7   0,0   1,2  12,2   11:56     E
13  18,6  24,6   14:36  14,7   23:41   1,5   1,8   0,0   5,6  22,0   09:03   NNE
14  16,5  22,3   16:33  11,0   06:29   2,8   1,0   0,0   3,3  19,4   14:43   NNE
15  15,7  23,0   17:50  10,5   06:21   3,5   0,8   0,0   2,0  18,4   13:04   SSE
16  15,1  21,0   14:45   9,3   06:30   3,8   0,5   0,0   5,7  25,6   12:07    NE
17  15,2  19,4   14:03  10,7   23:55   3,3   0,1   0,0   9,0  30,6   14:01   NNE
18  12,0  16,0   13:21   9,1   23:51   6,3   0,0   0,0   9,3  34,2   13:22    NE
19  10,9  16,1   16:28   7,3   06:39   7,4   0,0   0,0   5,6  31,7   11:20   NNE
20  12,0  15,9   15:58   7,9   03:51   6,3   0,0   0,0   2,8  17,3   21:01   NNW
21  11,0  16,1   14:19   6,1   07:03   7,3   0,0   0,0   4,3  27,0   13:01    NE
22  10,3  15,3   16:36   6,2   05:28   8,0   0,0   0,3   3,8  29,5   13:07   NNW
23  12,1  16,7   17:13   8,5   00:09   6,2   0,0   0,0   4,9  24,5   15:05   WNW
24  12,4  16,2   13:40   6,7   23:50   5,9   0,0   3,6   6,4  31,7   13:12    NW
25  10,6  17,5   15:43   5,0   06:50   7,7   0,0   0,0   1,9  17,3   14:31   SSE
26  10,6  16,5   17:04   6,3   06:40   7,7   0,0   0,0   2,4  17,3   12:55    SE
27   8,9  15,8   17:38   3,7   06:35   9,4   0,0   0,0   2,0  17,3   12:08     S
28  10,8  14,6   18:26   5,5   00:59   7,5   0,0   2,1   8,3  40,3   18:09    SW
29  16,2  20,4   17:19  13,2   05:53   2,3   0,3   0,0  12,3  39,2   16:12    SW
30  13,9  16,9   15:55   8,7   23:56   4,3   0,0   1,8  11,5  40,3   10:55   WSW
----------------------------------------------------------------------------------
    14,5  27,3    12     3,7    27   132,8  17,9  24,3   4,6  40,3    28      NW

Max >=  20,0: 15
Max <=   0,0:  0
Min <=   0,0:  0
Min <= -10,0:  0
Max Rain: 13,2 on day 4
Days of Rain: 7 (>= 0,2 mm)  4 (>= 2,0 mm)  0 (>= 20,0 mm)
Heat Base: 18,3  Cool Base: 18,3  Method: Integration