Raporty klimatyczne NOAA

Wybierz Rok lub Miesiąc raportu
V/Λ2018 > Jan Feb Mar Apr May Jun Jul Aug Sep Oct Nov Dec
V/Λ2017 > Jan Feb Mar Apr May Jun Jul Aug Sep Oct Nov Dec
V/Λ2016 > Jan Feb Mar Apr May Jun Jul Aug Sep Oct Nov Dec
V/Λ2015 > Jan Feb Mar Apr May Jun Jul Aug Sep Oct Nov Dec
V/Λ2014 > Jan Feb Mar Apr May Jun Jul Aug Sep Oct Nov Dec
V/Λ2013 > Jan Feb Mar Apr May Jun Jul Aug Sep Oct Nov Dec
V/Λ2012 > Jan Feb Mar Apr May Jun Jul Aug Sep Oct Nov Dec

Report for 2016 Aug
                   Monthly Climatological Summary for sie 2016

Name: NIESIOŁOWICE-na Kaszubach   City: NIESIOŁOWICE   State: Pomorskie (PL)
Elevation: 186 m  Lat: N 54° 12' 24"   Lon: E 017° 51' 01"

                  Temperature (°C), Rain (mm), Wind Speed (km/h)

                                      Heat  Cool        Avg
    Mean                              Deg   Deg         Wind                 Dom
Day Temp  High   Time   Low    Time   Days  Days  Rain  Speed High   Time    Dir
----------------------------------------------------------------------------------
 1  16,3  20,1   15:53  13,0   23:54   2,1   0,1  10,8   6,1  43,9   16:28   WNW
 2  14,4  20,7   13:51  10,5   05:11   4,1   0,2   1,8   4,3  30,6   12:40   WSW
 3  16,0  21,2   15:23  11,1   04:35   2,7   0,5   0,3   5,8  28,1   13:04   SSW
 4  20,3  26,2   17:36  17,2   01:51   0,3   2,3   5,1   8,8  39,2   11:45    SW
 5  16,2  18,1   00:00  14,0   20:44   2,1   0,0  15,6   3,6  23,4   17:45   NNW
 6  15,3  19,5   13:20  10,9   23:20   3,1   0,1   6,0   8,8  40,3   13:28     W
 7  15,1  20,7   18:19  10,6   02:16   3,4   0,2   0,0  10,7  43,9   11:43     W
 8  19,9  25,1   16:09  13,6   01:10   1,2   2,9   0,0   8,5  46,4   15:21   WSW
 9  18,7  25,0   05:05  12,4   22:06   1,4   1,9   0,0   8,5  34,2   05:05     W
10  12,8  16,8   18:26   8,7   05:55   5,5   0,0   0,0   5,9  33,1   10:52   WSW
11  10,9  15,5   18:47   7,1   04:16   7,4   0,0   2,1   8,4  37,8   09:26     W
12  13,0  17,6   12:56   6,8   05:44   5,3   0,0   0,3   4,7  28,1   12:54    SW
13  17,3  22,3   17:37  13,6   02:50   1,8   0,8   1,8  11,1  40,3   11:50   WSW
14  15,9  18,6   18:28  12,6   23:33   2,4   0,0   0,0  12,3  43,9   09:10   WNW
15  14,8  18,6   18:07  11,8   02:51   3,5   0,0   0,9   8,8  35,6   16:32    NW
16  14,5  18,0   13:24  10,7   23:59   3,8   0,0   0,0   6,0  30,6   15:46    NW
17  13,2  17,0   13:58   9,9   02:15   5,1   0,0   3,9   5,3  25,6   10:34   WNW
18  13,5  17,1   14:32  11,7   04:56   4,8   0,0  10,2   6,6  24,5   19:58    SW
19  16,7  22,8   17:58  12,6   05:23   2,5   0,9   0,6   5,7  31,7   12:28    SW
20  19,2  26,8   17:10  11,5   05:26   1,9   2,8   0,0   3,7  29,5   12:21     S
21  17,2  19,5   13:16  15,1   23:22   1,2   0,1   8,1   2,4  18,4   14:58   WNW
22  16,3  21,7   16:41  12,3   06:26   2,5   0,5   0,3   2,7  20,9   13:50     W
23  15,3  19,2   13:56  11,5   02:10   3,0   0,0   3,3   4,7  28,1   14:36     W
24  17,9  25,4   18:23  13,9   23:51   1,7   1,3   0,0   3,2  15,8   00:22   NNW
25  18,4  26,4   18:40  11,7   05:44   2,2   2,3   0,0   3,0  23,4   13:45     S
26  20,7  28,3   18:43  14,1   06:03   1,0   3,4   0,0   6,4  37,8   10:43   SSW
27  19,2  24,6   15:47  14,0   06:22   1,2   2,2   0,0   2,9  23,4   12:51     N
28  20,6  29,1   17:49  13,8   05:18   1,2   3,6   0,0   3,3  23,4   15:35     S
29  18,0  21,5   14:36  14,4   23:57   0,9   0,5   2,7  11,6  43,9   03:23     W
30  14,9  17,6   14:50  12,1   23:21   3,4   0,0   0,0  10,0  39,2   14:18     W
31  16,3  24,9   18:30  10,0   05:40   3,0   1,1   0,0   3,6  25,6   11:09     W
----------------------------------------------------------------------------------
    16,4  29,1    28     6,8    12    85,7  27,7  73,8   6,4  46,4     8       W

Max >=  20,0: 18
Max <=   0,0:  0
Min <=   0,0:  0
Min <= -10,0:  0
Max Rain: 15,6 on day 5
Days of Rain: 17 (>= 0,2 mm)  10 (>= 2,0 mm)  0 (>= 20,0 mm)
Heat Base: 18,3  Cool Base: 18,3  Method: Integration