Raporty klimatyczne NOAA

Wybierz Rok lub Miesiąc raportu
V/Λ2018 > Jan Feb Mar Apr May Jun Jul Aug Sep Oct Nov Dec
V/Λ2017 > Jan Feb Mar Apr May Jun Jul Aug Sep Oct Nov Dec
V/Λ2016 > Jan Feb Mar Apr May Jun Jul Aug Sep Oct Nov Dec
V/Λ2015 > Jan Feb Mar Apr May Jun Jul Aug Sep Oct Nov Dec
V/Λ2014 > Jan Feb Mar Apr May Jun Jul Aug Sep Oct Nov Dec
V/Λ2013 > Jan Feb Mar Apr May Jun Jul Aug Sep Oct Nov Dec
V/Λ2012 > Jan Feb Mar Apr May Jun Jul Aug Sep Oct Nov Dec

Report for 2016 Jul
                   Monthly Climatological Summary for lip 2016

Name: NIESIOŁOWICE-na Kaszubach   City: NIESIOŁOWICE   State: Pomorskie (PL)
Elevation: 186 m  Lat: N 54° 12' 24"   Lon: E 017° 51' 01"

                  Temperature (°C), Rain (mm), Wind Speed (km/h)

                                      Heat  Cool        Avg
    Mean                              Deg   Deg         Wind                 Dom
Day Temp  High   Time   Low    Time   Days  Days  Rain  Speed High   Time    Dir
----------------------------------------------------------------------------------
 1  21,3  28,1   16:50  14,9   02:26   0,7   3,7   0,0   3,9  25,6   14:48    SW
 2  21,2  30,1   16:07  15,9   23:55   0,7   3,6   0,0   6,9  62,3   16:55    SW
 3  16,5  22,7   20:02   7,8   16:49   2,3   0,5   0,0   7,8  29,5   01:25   WNW
 4  14,1  20,0   20:28   9,3   02:56   4,2   0,0   0,3   9,3  69,8   11:55   WNW
 5  17,4  26,1   19:06   9,0   04:06   2,7   1,8   0,0   5,9  33,1   20:53    SW
 6  13,2  15,5   12:48  11,7   14:40   5,1   0,0  16,2  16,1  61,2   18:30     W
 7  14,0  17,5   18:56  11,6   00:06   4,3   0,0   5,7  13,6  49,0   18:35   WNW
 8  16,6  22,9   18:23  11,3   04:34   2,8   1,0   0,3   7,9  36,7   20:27    SW
 9  15,0  18,8   18:10  13,4   07:36   3,3   0,0   5,7  10,3  39,2   10:14     W
10  17,3  26,5   19:10  11,5   04:10   2,3   1,2   8,4   6,0  29,5   16:46    SW
11  20,8  27,2   14:48  16,1   04:38   0,6   3,1   3,9   3,7  54,0   15:33     W
12  19,4  25,1   18:22  14,9   04:34   0,9   2,1   0,3   5,7  41,8   13:36   WSW
13  17,6  23,1   16:23  14,6   23:58   1,7   1,0   6,9   3,3  24,5   18:36     N
14  14,1  15,4   15:03  11,8   23:09   4,2   0,0  56,7  12,1  58,7   22:01   NNE
15  14,8  18,6   15:21  12,0   00:00   3,5   0,0   6,3  15,1  56,2   01:37    NW
16  16,6  25,4   19:13  12,4   02:40   2,7   1,0   0,0   6,5  27,0   01:30     W
17  16,5  20,7   14:42  12,9   23:58   2,3   0,5   0,9   5,4  36,7   15:11   WNW
18  15,3  18,8   20:24  12,5   04:42   3,0   0,0   0,0   7,7  28,1   18:56   WNW
19  16,5  20,5   19:11  12,6   23:57   2,2   0,4   0,0   7,4  28,1   12:47   NNW
20  17,6  24,0   20:28  11,7   01:28   2,2   1,5   0,0   4,1  23,4   14:49     N
21  17,3  23,3   20:25  10,9   05:05   2,4   1,5   0,0   5,7  33,1   15:12     N
22  16,2  19,3   15:15  11,7   01:28   2,2   0,1   0,0   6,5  29,5   10:33     N
23  18,6  22,6   15:52  16,1   23:57   0,7   1,0   0,0   4,3  17,3   12:10   NNE
24  18,8  23,2   15:45  15,4   01:45   0,8   1,3   0,0   2,4  13,3   18:39   NNE
25  20,7  28,7   19:14  14,0   05:23   1,0   3,5   0,0   2,2  34,2   18:50   NNW
26  21,0  27,0   15:21  15,1   05:11   0,7   3,3   0,0   3,4  57,6   16:41   NNW
27  20,9  26,6   15:31  16,1   05:28   0,4   2,9   0,6   5,0  68,4   14:28   NNE
28  19,6  23,5   17:13  17,1   03:06   0,3   1,6   1,2   4,7  28,1   14:32   WNW
29  18,8  24,6   12:01  15,2   23:51   0,9   1,5  11,1   3,1  43,9   12:37    SW
30  18,6  25,1   18:51  14,2   05:35   1,2   1,6   7,2   4,1  39,2   21:27   WSW
31  18,4  23,4   14:10  14,6   04:39   1,2   1,4   1,2   4,0  18,4   17:37    NW
----------------------------------------------------------------------------------
    17,6  30,1     2     7,8     3    63,5  41,1 132,9   6,6  69,8     4     WNW

Max >=  20,0: 24
Max <=   0,0:  0
Min <=   0,0:  0
Min <= -10,0:  0
Max Rain: 56,7 on day 14
Days of Rain: 17 (>= 0,2 mm)  10 (>= 2,0 mm)  1 (>= 20,0 mm)
Heat Base: 18,3  Cool Base: 18,3  Method: Integration