Raporty klimatyczne NOAA

Wybierz Rok lub Miesiąc raportu
V/Λ2018 > Jan Feb Mar Apr May Jun Jul Aug Sep Oct Nov Dec
V/Λ2017 > Jan Feb Mar Apr May Jun Jul Aug Sep Oct Nov Dec
V/Λ2016 > Jan Feb Mar Apr May Jun Jul Aug Sep Oct Nov Dec
V/Λ2015 > Jan Feb Mar Apr May Jun Jul Aug Sep Oct Nov Dec
V/Λ2014 > Jan Feb Mar Apr May Jun Jul Aug Sep Oct Nov Dec
V/Λ2013 > Jan Feb Mar Apr May Jun Jul Aug Sep Oct Nov Dec
V/Λ2012 > Jan Feb Mar Apr May Jun Jul Aug Sep Oct Nov Dec

Report for 2016 May
                   Monthly Climatological Summary for maj 2016

Name: NIESIOŁOWICE-na Kaszubach   City: NIESIOŁOWICE   State: Pomorskie (PL)
Elevation: 186 m  Lat: N 54° 12' 24"   Lon: E 017° 51' 01"

                  Temperature (°C), Rain (mm), Wind Speed (km/h)

                                      Heat  Cool        Avg
    Mean                              Deg   Deg         Wind                 Dom
Day Temp  High   Time   Low    Time   Days  Days  Rain  Speed High   Time    Dir
----------------------------------------------------------------------------------
 1   9,8  15,3   19:23   2,8   05:20   8,5   0,0   0,0   6,7  31,7   10:51   NNE
 2  11,2  19,0   18:55   3,6   03:55   7,1   0,0   0,0   6,6  28,1   13:10   NNE
 3  12,3  18,7   12:48   4,9   05:21   6,0   0,0   0,0   4,6  24,5   12:34    NE
 4  12,2  16,6   14:20   7,0   23:56   6,1   0,0   0,0   8,0  34,2   15:25   NNW
 5  12,6  19,8   16:01   5,0   04:41   5,9   0,2   0,0   7,0  29,5   15:41     N
 6  13,5  20,9   18:49   5,1   04:55   5,2   0,4   0,0   7,5  33,1   14:33    NE
 7  15,9  25,1   17:19   5,4   05:11   4,2   1,8   0,0   4,2  40,3   23:11   ESE
 8  18,0  25,1   17:24  10,0   05:28   2,4   2,2   0,0   7,7  57,6   15:42   ENE
 9  19,0  25,9   16:11  10,7   05:05   2,1   2,8   0,0   6,0  77,0   12:55     E
10  18,6  27,5   18:48   9,7   05:02   2,4   2,7   0,0   4,3  57,6   13:40   SSE
11  17,3  23,9   16:51  10,2   05:05   2,9   1,9   0,0   3,9  77,0   20:18   ENE
12  15,4  22,3   17:13   9,5   03:25   3,7   0,8   0,0   8,9  43,9   16:56   NNE
13  15,3  20,9   12:44  10,6   04:22   3,5   0,4   0,0   6,6  31,7   18:22   NNE
14  12,3  16,9   12:28   8,1   23:53   6,0   0,0   0,0   9,2  37,8   17:54    NW
15   8,0  11,0   16:48   5,7   03:56  10,3   0,0   2,4  13,3  50,0   14:45   WSW
16   6,7   9,5   13:27   4,8   23:39  11,6   0,0  22,8  14,8  57,6   12:55     W
17   7,7  10,7   14:50   5,0   00:08  10,6   0,0  11,4  11,3  49,0   12:13     W
18  10,5  16,8   20:07   5,6   03:37   7,8   0,0   0,0   3,5  25,6   11:51   WSW
19  12,9  19,3   16:50   5,6   05:07   5,5   0,1   0,0   2,4  19,4   10:23     S
20  15,7  22,5   15:46  10,7   04:43   3,3   0,7   0,0   2,8  31,7   18:24     W
21  16,1  21,7   18:49  11,8   05:38   2,7   0,5   0,0   4,7  28,1   11:09    NW
22  18,8  26,6   17:36  10,5   04:35   2,2   2,7   0,0   4,6  29,5   17:14   SSE
23  22,0  29,7   18:41  14,7   05:02   0,7   4,5   0,0   8,6  37,8   14:42   SSE
24  21,5  27,0   14:31  16,0   23:58   0,4   3,6   0,0   7,6  29,5   15:32   ESE
25  18,7  24,5   14:58  11,3   23:48   1,9   2,3   0,0   7,1  29,5   15:51   NNE
26  14,5  23,7   18:37  10,1   06:12   4,4   0,6   0,0   5,9  20,9   01:36    NE
27  17,0  22,4   14:52  11,5   04:32   2,4   1,1   7,2   3,8  23,4   17:01   ESE
28  17,3  22,7   15:25  13,9   04:06   1,6   0,6   4,5   3,1  22,0   17:15    NE
29  21,6  28,2   15:10  15,0   05:06   0,8   4,1   0,0   7,8  31,7   15:15   ESE
30  22,6  28,2   18:34  17,5   04:45   0,1   4,4   0,0  10,7  36,7   16:21    NE
31  21,0  25,9   12:33  17,9   04:42   0,0   2,7   3,6   8,4  37,8   13:14   NNE
----------------------------------------------------------------------------------
    15,4  29,7    23     2,8     1   132,3  41,1  51,9   6,8  77,0     9     NNE

Max >=  20,0: 20
Max <=   0,0:  0
Min <=   0,0:  0
Min <= -10,0:  0
Max Rain: 22,8 on day 16
Days of Rain: 6 (>= 0,2 mm)  6 (>= 2,0 mm)  1 (>= 20,0 mm)
Heat Base: 18,3  Cool Base: 18,3  Method: Integration