Raporty klimatyczne NOAA

Wybierz Rok lub Miesiąc raportu
V/Λ2018 > Jan Feb Mar Apr May Jun Jul Aug Sep Oct Nov Dec
V/Λ2017 > Jan Feb Mar Apr May Jun Jul Aug Sep Oct Nov Dec
V/Λ2016 > Jan Feb Mar Apr May Jun Jul Aug Sep Oct Nov Dec
V/Λ2015 > Jan Feb Mar Apr May Jun Jul Aug Sep Oct Nov Dec
V/Λ2014 > Jan Feb Mar Apr May Jun Jul Aug Sep Oct Nov Dec
V/Λ2013 > Jan Feb Mar Apr May Jun Jul Aug Sep Oct Nov Dec
V/Λ2012 > Jan Feb Mar Apr May Jun Jul Aug Sep Oct Nov Dec

Report for 2016 Mar
                   Monthly Climatological Summary for mar 2016

Name: NIESIOŁOWICE-na Kaszubach   City: NIESIOŁOWICE   State: Pomorskie (PL)
Elevation: 186 m  Lat: N 54° 12' 24"   Lon: E 017° 51' 01"

                  Temperature (°C), Rain (mm), Wind Speed (km/h)

                                      Heat  Cool        Avg
    Mean                              Deg   Deg         Wind                 Dom
Day Temp  High   Time   Low    Time   Days  Days  Rain  Speed High   Time    Dir
----------------------------------------------------------------------------------
 1   0,6   2,1   14:06  -0,7   03:44  17,7   0,0   0,0   8,5  39,2   01:00   NNE
 2   1,4   2,4   22:06   0,0   06:11  16,9   0,0   0,0   6,1  33,1   09:19     S
 3   3,7   5,9   13:15   2,1   05:59  14,6   0,0   0,0   3,5  18,4   14:19    SE
 4   4,0   5,8   13:21   2,7   07:07  14,3   0,0   0,0   2,5  20,9   23:43    SE
 5   2,5   3,4   00:00   0,8   07:27  15,8   0,0   0,0   9,3  31,7   13:56   SSE
 6   4,3   8,3   13:17   2,4   00:00  14,0   0,0   0,9   9,6  41,8   21:47     S
 7   3,9   8,5   16:42   0,7   06:37  14,4   0,0   0,0   5,1  27,0   08:15   SSW
 8   2,8   6,4   14:31  -1,8   23:24  15,5   0,0   0,0   3,8  20,9   13:06     N
 9   2,2   6,1   15:09  -2,1   00:35  16,1   0,0   2,1   2,2  15,8   12:56   ESE
10   2,1   4,0   11:19   0,2   06:20  16,2   0,0   0,0   7,6  27,0   10:18   NNE
11   1,8   2,8   13:24   0,8   23:06  16,5   0,0   0,0   9,8  29,5   12:24   NNE
12   1,1   2,3   13:57   0,2   23:59  17,2   0,0   0,0  11,5  33,1   05:49   NNE
13   1,4   6,3   15:54  -1,6   06:14  16,9   0,0   0,0   5,0  22,0   10:41   NNE
14   0,7   2,8   22:41  -1,4   00:07  17,6   0,0   0,9   7,7  30,6   16:48    NW
15   2,5   4,2   12:57   0,0   23:57  15,8   0,0   0,0  10,1  31,7   06:37    NE
16   1,7   7,5   16:42  -2,7   06:10  16,6   0,0   0,0   2,6  23,4   15:33    NW
17   3,7   8,7   15:25  -0,5   00:00  14,6   0,0   0,0   9,1  33,1   15:33    NW
18   2,8   5,7   13:09  -1,1   23:53  15,5   0,0   0,0   9,2  29,5   10:33   NNW
19   2,1   5,8   14:50  -1,8   04:14  16,2   0,0   0,0   8,3  37,8   12:40   WNW
20   4,4   7,6   13:44   2,2   01:01  13,9   0,0   0,0   8,5  31,7   10:40    NW
21   3,6   5,2   09:49   2,3   00:00  14,7   0,0   1,2   9,5  36,7   11:11     W
22   2,8   6,2   17:11  -2,5   23:48  15,5   0,0   1,5   5,6  24,5   12:03     N
23   1,6   7,0   12:05  -3,9   04:33  16,7   0,0   1,5   3,4  30,6   14:16   SSW
24   3,9   7,6   12:21  -0,1   23:58  14,4   0,0   0,3   2,1  18,4   16:12   WSW
25   3,8   8,1   13:10  -0,3   00:11  14,5   0,0   0,0   5,4  33,1   11:18   SSW
26   5,3   6,8   14:45   1,4   23:55  13,0   0,0   1,8   5,4  42,8   03:22    NW
27   6,4  12,8   17:02   0,2   04:47  11,4   0,0   0,0   7,7  40,3   10:33     S
28   8,4  15,4   16:56   3,2   02:57   9,9   0,0   0,0   4,5  27,0   15:39     S
29   7,8  12,4   12:20   4,7   19:14  10,5   0,0   7,2   6,2  29,5   15:50   WSW
30   5,4   9,2   12:27   2,1   22:31  12,9   0,0   3,9   6,2  34,2   13:47    SW
31   3,9   6,7   16:48   1,4   05:02  14,4   0,0   0,3   7,3  35,6   09:40     W
----------------------------------------------------------------------------------
     3,3  15,4    28    -3,9    23   464,2   0,0  21,6   6,6  42,8    26      NW

Max >=  20,0:  0
Max <=   0,0:  0
Min <=   0,0: 15
Min <= -10,0:  0
Max Rain: 7,2 on day 29
Days of Rain: 11 (>= 0,2 mm)  3 (>= 2,0 mm)  0 (>= 20,0 mm)
Heat Base: 18,3  Cool Base: 18,3  Method: Integration