Raporty klimatyczne NOAA

Wybierz Rok lub Miesiąc raportu
V/Λ2018 > Jan Feb Mar Apr May Jun Jul Aug Sep Oct Nov Dec
V/Λ2017 > Jan Feb Mar Apr May Jun Jul Aug Sep Oct Nov Dec
V/Λ2016 > Jan Feb Mar Apr May Jun Jul Aug Sep Oct Nov Dec
V/Λ2015 > Jan Feb Mar Apr May Jun Jul Aug Sep Oct Nov Dec
V/Λ2014 > Jan Feb Mar Apr May Jun Jul Aug Sep Oct Nov Dec
V/Λ2013 > Jan Feb Mar Apr May Jun Jul Aug Sep Oct Nov Dec
V/Λ2012 > Jan Feb Mar Apr May Jun Jul Aug Sep Oct Nov Dec

Report for 2015 Aug
                   Monthly Climatological Summary for sie 2015

Name: NIESIOŁOWICE-na Kaszubach   City: NIESIOŁOWICE   State: Pomorskie (PL)
Elevation: 186 m  Lat: N 54° 12' 24"   Lon: E 017° 51' 01"

                  Temperature (°C), Rain (mm), Wind Speed (km/h)

                                      Heat  Cool        Avg
    Mean                              Deg   Deg         Wind                 Dom
Day Temp  High   Time   Low    Time   Days  Days  Rain  Speed High   Time    Dir
----------------------------------------------------------------------------------
 1  14,7  25,5   18:55   7,6   03:53   4,4   0,8   0,0   4,9  33,1   13:05   WSW
 2  19,6  30,1   17:54  10,2   04:22   2,4   3,7   0,0   3,7  29,5   13:17     S
 3  20,7  26,9   15:18  13,6   05:29   1,1   3,5   0,0   4,6  27,0   16:59   ENE
 4  23,5  31,9   16:42  15,4   04:53   0,7   5,9   0,0   6,6  31,7   13:06    SE
 5  21,8  24,8   10:34  17,2   23:47   0,0   3,5   0,0   6,4  30,6   10:04    NW
 6  21,3  30,1   17:33  14,4   05:55   0,8   3,8   0,0   3,1  28,1   18:26     N
 7  24,1  33,0   14:43  17,4   03:23   0,2   5,9   0,6   3,2  36,7   17:39     S
 8  25,4  31,9   13:08  19,3   04:52   0,0   7,1   0,0   5,5  34,2   13:23   NNE
 9  20,3  24,0   13:31  15,2   23:33   0,2   2,3   0,0   6,7  25,6   00:05     N
10  19,9  29,6   17:48  12,9   05:44   1,6   3,2   0,0   4,6  27,0   18:32   ENE
11  23,5  32,4   17:51  16,1   05:42   0,5   5,8   0,0   4,9  22,0   18:13    SE
12  24,7  33,2   08:53  19,2   23:58   0,0   6,5   0,0   6,3  35,6   18:13     N
13  20,4  25,4   15:31  15,8   23:53   0,4   2,5   0,0   8,1  33,1   15:57   NNE
14  20,4  26,8   14:45  14,5   05:33   1,1   3,3   0,0   9,7  33,1   16:08   ESE
15  23,6  30,3   17:01  18,0   05:11   0,0   5,4   0,0   9,4  34,2   12:37    SE
16  21,9  25,6   15:13  18,9   04:23   0,0   3,7   0,0   7,1  28,1   18:41   ESE
17  21,0  24,9   17:36  17,1   06:04   0,2   2,9   0,0  13,7  46,4   18:44     E
18  19,1  24,6   14:06  13,7   05:43   1,3   2,2   0,0  12,8  43,9   15:28   ESE
19  18,7  24,9   14:50  12,7   05:16   1,7   2,2   0,0   9,2  36,7   15:49     E
20  18,0  24,8   16:44  10,2   06:01   2,3   1,9   0,0   5,9  36,7   17:17   ESE
21  18,2  25,0   16:40  10,9   05:52   2,1   2,1   0,0   5,0  31,7   17:40   ESE
22  18,9  25,8   17:27  11,7   06:06   1,8   2,4   0,0   6,4  33,1   12:27   ENE
23  19,8  26,3   14:40  13,6   06:13   1,2   2,7   3,0   6,0  34,2   16:16    SE
24  21,4  26,1   14:36  16,0   05:36   0,3   3,4   0,0   6,5  35,6   11:53   SSE
25  18,9  22,8   10:58  15,4   23:56   0,4   0,9   0,9   7,5  36,7   12:16   SSW
26  19,1  26,8   18:31  12,7   06:03   1,6   2,4   0,0   5,6  36,7   12:43    SW
27  21,0  28,8   14:21  14,1   06:11   1,1   3,8   0,0   6,3  41,8   11:22     S
28  17,7  20,9   18:30  13,0   23:56   1,1   0,6   6,0   6,6  37,8   16:35     W
29  16,3  21,6   15:55  11,7   06:38   2,9   0,8   0,0   5,4  31,7   14:49   WNW
30  18,9  27,1   17:46  11,4   00:57   2,0   2,6   0,0   4,0  25,6   14:38   WNW
31  22,6  31,5   17:36  16,5   05:57   0,4   4,8   0,0   6,6  23,4   17:06    SE
----------------------------------------------------------------------------------
    20,5  33,2    12     7,6     1    33,8 102,6  10,5   6,5  46,4    17     ESE

Max >=  20,0: 31
Max <=   0,0:  0
Min <=   0,0:  0
Min <= -10,0:  0
Max Rain: 6,0 on day 28
Days of Rain: 4 (>= 0,2 mm)  2 (>= 2,0 mm)  0 (>= 20,0 mm)
Heat Base: 18,3  Cool Base: 18,3  Method: Integration