Raporty klimatyczne NOAA

Wybierz Rok lub Miesiąc raportu
V/Λ2018 > Jan Feb Mar Apr May Jun Jul Aug Sep Oct Nov Dec
V/Λ2017 > Jan Feb Mar Apr May Jun Jul Aug Sep Oct Nov Dec
V/Λ2016 > Jan Feb Mar Apr May Jun Jul Aug Sep Oct Nov Dec
V/Λ2015 > Jan Feb Mar Apr May Jun Jul Aug Sep Oct Nov Dec
V/Λ2014 > Jan Feb Mar Apr May Jun Jul Aug Sep Oct Nov Dec
V/Λ2013 > Jan Feb Mar Apr May Jun Jul Aug Sep Oct Nov Dec
V/Λ2012 > Jan Feb Mar Apr May Jun Jul Aug Sep Oct Nov Dec

Report for 2015 May
                   Monthly Climatological Summary for maj 2015

Name: NIESIOŁOWICE-na Kaszubach   City: NIESIOŁOWICE   State: Pomorskie (PL)
Elevation: 186 m  Lat: N 54° 12' 24"   Lon: E 017° 51' 01"

                  Temperature (°C), Rain (mm), Wind Speed (km/h)

                                      Heat  Cool        Avg
    Mean                              Deg   Deg         Wind                 Dom
Day Temp  High   Time   Low    Time   Days  Days  Rain  Speed High   Time    Dir
----------------------------------------------------------------------------------
 1   7,7  11,5   17:13   3,7   23:53  10,6   0,0   3,0   6,9  47,9   18:01   WSW
 2   7,2  13,4   18:37   0,9   04:27  11,0   0,0   0,9  11,4  57,6   12:46     W
 3   9,1  20,2   19:00  -0,5   04:43   9,3   0,1   0,0   3,5  25,6   17:26   SSE
 4  11,1  17,4   18:27   7,5   06:50   7,2   0,0   1,5   6,1  33,1   08:22   SSE
 5  15,7  22,0   15:28   8,2   05:14   3,4   0,8   0,3   7,2  37,8   10:25   SSE
 6  15,7  24,0   18:54  10,7   23:57   3,0   0,4   0,0   7,0  34,2   03:34   WNW
 7  12,6  17,9   14:05   8,3   05:13   5,8   0,0   0,9   9,2  45,4   17:33     W
 8  10,8  15,9   16:04   4,0   04:57   7,5   0,0   0,0   6,4  36,7   11:19     W
 9  13,3  21,1   18:02   6,1   05:06   5,3   0,2   1,8   5,3  25,6   17:53   SSE
10  10,6  12,8   10:20   8,3   23:49   7,7   0,0   2,1   8,7  40,3   18:44     W
11  12,6  23,0   18:57   5,8   05:40   6,1   0,4   0,0   4,2  20,9   17:33     W
12  15,8  24,1   17:41   7,2   04:14   4,1   1,5   5,1   9,9  55,1   22:12   SSW
13  10,3  13,0   18:09   7,2   04:23   8,0   0,0   3,9  14,6  64,8   12:22     W
14   9,7  15,5   19:10   5,8   02:50   8,6   0,0   0,9   8,8  37,8   17:07   WNW
15  10,0  16,4   19:05   4,4   23:52   8,3   0,0   0,0   8,0  43,9   12:33    NW
16  10,0  16,2   15:02   2,8   04:13   8,3   0,0   0,0   7,8  35,6   15:01     W
17   9,1  12,6   18:28   6,2   23:23   9,2   0,0   3,0  16,0  62,3   18:02   WNW
18  10,4  15,8   18:01   5,7   01:22   7,9   0,0   0,0  11,4  52,6   11:53     W
19  14,8  21,8   12:22   8,9   00:00   3,9   0,4   0,0   8,3  40,3   12:32    SW
20  12,2  17,3   12:06   8,7   23:57   6,2   0,0   4,8   5,3  25,6   11:07    NE
21  11,6  17,1   18:52   5,9   05:42   6,7   0,0   0,3   3,0  25,6   16:55   NNW
22  12,5  20,5   18:30   5,4   04:47   5,9   0,1   0,0   4,0  24,5   10:20   WNW
23  12,0  17,6   20:23   6,3   04:15   6,3   0,0   0,3   3,5  25,6   16:40   WNW
24  12,0  22,6   18:14   4,6   03:16   6,5   0,3   0,3   3,9  27,0   18:40   NNW
25  14,7  21,9   13:21   5,9   04:33   4,3   0,7   0,0   4,4  29,5   13:32    SW
26  12,6  16,0   18:12   7,7   23:48   5,7   0,0   0,3   8,7  36,7   18:21    NW
27   9,9  12,8   14:53   6,6   04:16   8,4   0,0   0,0  10,9  42,8   14:05    NW
28  13,1  20,7   17:13   6,7   04:29   5,3   0,2   0,0   8,1  34,2   09:40     W
29  13,1  19,6   17:42   9,3   05:48   5,2   0,1   0,6   6,4  25,6   11:35     W
30  12,4  17,1   09:58   7,8   23:24   5,9   0,0   0,0  10,8  52,6   11:39    SW
31  12,0  18,7   17:33   5,2   04:29   6,3   0,0   0,0  10,2  42,8   10:41    SW
----------------------------------------------------------------------------------
    11,8  24,1    12    -0,5     3   207,9   5,2  30,0   7,7  64,8    13       W

Max >=  20,0: 11
Max <=   0,0:  0
Min <=   0,0:  1
Min <= -10,0:  0
Max Rain: 5,1 on day 12
Days of Rain: 17 (>= 0,2 mm)  6 (>= 2,0 mm)  0 (>= 20,0 mm)
Heat Base: 18,3  Cool Base: 18,3  Method: Integration