Raporty klimatyczne NOAA

Wybierz Rok lub Miesiąc raportu
V/Λ2018 > Jan Feb Mar Apr May Jun Jul Aug Sep Oct Nov Dec
V/Λ2017 > Jan Feb Mar Apr May Jun Jul Aug Sep Oct Nov Dec
V/Λ2016 > Jan Feb Mar Apr May Jun Jul Aug Sep Oct Nov Dec
V/Λ2015 > Jan Feb Mar Apr May Jun Jul Aug Sep Oct Nov Dec
V/Λ2014 > Jan Feb Mar Apr May Jun Jul Aug Sep Oct Nov Dec
V/Λ2013 > Jan Feb Mar Apr May Jun Jul Aug Sep Oct Nov Dec
V/Λ2012 > Jan Feb Mar Apr May Jun Jul Aug Sep Oct Nov Dec

Report for 2015 Feb
                   Monthly Climatological Summary for lut 2015

Name: NIESIOŁOWICE-na Kaszubach   City: NIESIOŁOWICE   State: Pomorskie (PL)
Elevation: 186 m  Lat: N 54° 12' 24"   Lon: E 017° 51' 01"

                  Temperature (°C), Rain (mm), Wind Speed (km/h)

                                      Heat  Cool        Avg
    Mean                              Deg   Deg         Wind                 Dom
Day Temp  High   Time   Low    Time   Days  Days  Rain  Speed High   Time    Dir
----------------------------------------------------------------------------------
 1  -1,2   1,1   13:32  -3,3   07:49  19,5   0,0   0,0  12,8  39,2   00:35    SW
 2   0,2   1,5   13:15  -0,9   07:51  18,1   0,0   0,0  11,7  36,7   10:39    SW
 3  -0,8   1,4   12:09  -3,1   23:21  19,1   0,0   0,3   6,7  25,6   03:26   SSW
 4  -2,5   1,0   13:25  -4,8   07:42  20,8   0,0   0,0   1,1  11,2   00:48   WSW
 5  -3,0   0,5   14:09  -6,9   08:45  21,6   0,0   0,0   1,3  12,2   12:31   ENE
 6  -4,6  -0,5   13:34 -10,5   07:58  22,9   0,0   0,0   4,7  28,1   17:32     W
 7   0,6   3,3   19:10  -1,5   00:00  17,7   0,0   0,9  15,9  55,1   12:39   WNW
 8  -0,9   0,5   02:32  -2,1   08:07  19,2   0,0   0,0  14,8  56,2   12:55   NNW
 9   2,0   5,1   14:02  -2,0   00:00  16,4   0,0   2,1   6,8  29,5   02:21   WNW
10   2,1   3,2   13:19   1,3   05:36  16,2   0,0   0,0   8,8  34,2   18:36   WNW
11   2,2   3,4   11:38   0,4   23:56  16,1   0,0   0,0   6,1  23,4   09:30     W
12   0,8   2,7   14:17  -1,4   23:56  17,5   0,0   0,0   6,7  24,5   10:03    SW
13  -0,2   3,3   14:50  -2,7   23:57  18,5   0,0   0,0   4,4  23,4   15:35     S
14  -0,8   4,4   14:58  -4,9   07:34  19,1   0,0   0,0   2,9  24,5   23:22   ESE
15  -0,2   0,5   04:13  -0,9   19:10  18,5   0,0   0,0  13,5  42,8   19:06   ESE
16  -0,6   1,3   14:44  -3,6   23:35  18,9   0,0   0,0  14,3  46,4   07:30    SE
17  -2,6   1,9   15:04  -5,9   06:56  20,9   0,0   0,0   9,4  36,7   07:56     S
18   1,2   3,4   23:14  -4,1   00:06  17,1   0,0   0,0  11,6  39,2   11:45     W
19   4,1   7,1   14:42   1,3   23:51  14,2   0,0   0,3  13,0  41,8   02:37     W
20   0,5   2,5   23:15  -2,0   05:02  17,8   0,0   0,0   8,3  37,8   14:24   SSW
21   3,5   8,2   14:26  -0,8   07:32  14,8   0,0   0,0   8,6  37,8   15:46   SSW
22   3,3   5,3   12:39   2,1   23:47  15,0   0,0   0,0   8,1  29,5   00:36   WSW
23   2,7   5,8   13:53  -2,0   03:18  15,5   0,0   3,0   6,9  35,6   09:39     S
24   3,4   7,5   14:12  -0,6   23:55  14,9   0,0   0,0   5,8  27,0   11:47    SW
25   1,7   7,6   14:58  -2,4   06:51  16,6   0,0   0,0   1,5  23,4   12:01    SW
26   2,0   8,3   13:08  -2,2   07:29  16,3   0,0   0,0   3,6  20,9   14:01    SE
27   3,2   5,5   12:08   0,1   00:00  15,1   0,0   0,0   3,3  14,8   00:21    SE
28   3,6   7,6   13:15   1,3   23:42  14,7   0,0   0,0   3,5  24,5   16:05   WSW
----------------------------------------------------------------------------------
     0,7   8,3    26   -10,5     6   493,0   0,0   6,6   7,7  56,2     8      SW

Max >=  20,0:  0
Max <=   0,0:  1
Min <=   0,0: 22
Min <= -10,0:  1
Max Rain: 3,0 on day 23
Days of Rain: 5 (>= 0,2 mm)  2 (>= 2,0 mm)  0 (>= 20,0 mm)
Heat Base: 18,3  Cool Base: 18,3  Method: Integration